-- Table structure for table `movcont`
--

CREATE TABLE IF NOT EXISTS `movcont` (
  `mc_pol-num` int(11) NOT NULL COMMENT 'Poliza',
  `mc_cc-num` varchar(10) NOT NULL COMMENT 'Cuenta',
  `mc_cr` varchar(8) NOT NULL COMMENT 'CR',
  `mc_comentarios` varchar(50) NOT NULL COMMENT 'Comentarios',
  `mc_cargo` decimal(10,2) NOT NULL COMMENT 'Cargo',
  `mc_credito` decimal(10,2) NOT NULL COMMENT 'Credito',
  `mc_llave` int(11) NOT NULL AUTO_INCREMENT COMMENT 'Llave',
  PRIMARY KEY (`mc_llave`)
) ENGINE=InnoDB DEFAULT CHARSET=latin1 COMMENT='Movimientos Contables' AUTO_INCREMENT=1 ;

-- --------------------------------------------------------

--
-- Table structure for table `operadores`
--

CREATE TABLE IF NOT EXISTS `operadores` (
  `op_operador_id` varchar(20) NOT NULL DEFAULT '',
  `op_transportista_id` varchar(20) DEFAULT NULL,
  `op_nombre` varchar(20) DEFAULT NULL,
  `op_ap_paterno` varchar(20) DEFAULT NULL,
  `op_ap_materno` varchar(20) DEFAULT NULL,
  `op_fecha_nacimiento` date DEFAULT NULL,
  `op_rfc` varchar(20) DEFAULT NULL,
  `op_curp` varchar(25) DEFAULT NULL,
  `op_num_ife` varchar(20) DEFAULT NULL COMMENT 'Numero ID IFE',
  `op_num_licencia` varchar(20) DEFAULT NULL,
  `op_vencimiento_lic` date DEFAULT NULL,
  `op_tipo_licencia` varchar(20) DEFAULT NULL,
  `op_telefono_casa` varchar(20) DEFAULT NULL,
  `op_telefono_celular` varchar(20) DEFAULT NULL,
  `op_nextel` varchar(20) NOT NULL,
  `op_recados` varchar(20) NOT NULL COMMENT 'Telefono Recados',
  `op_otro` varchar(20) NOT NULL COMMENT 'Otro Telefono',
  `op_imss` varchar(20) NOT NULL COMMENT 'Numero Afiliacion IMSS',
  `op_email` varchar(50) NOT NULL COMMENT 'email',
  `op_banco` varchar(20) NOT NULL,
  `op_cuenta_bancaria` varchar(20) NOT NULL,
  `op_fotografia` varchar(50) DEFAULT NULL,
  `op_ife` varchar(50) NOT NULL COMMENT 'Credencial Elector',
  `op_licencia` varchar(50) NOT NULL COMMENT 'Licencia',
  `op_rcontrol` varchar(50) DEFAULT NULL COMMENT 'ID Recurso Confiable',
  `op_documentos` varchar(60) DEFAULT NULL,
  `op_status` varchar(12) NOT NULL,
  `op_domicilio` varchar(50) NOT NULL,
  `op_domicilio_1` varchar(50) NOT NULL,
  `op_ciudad` varchar(30) NOT NULL,
  `op_cp` int(5) NOT NULL,
  `op_comentarios` varchar(100) NOT NULL COMMENT 'Comentarios',
  PRIMARY KEY (`op_operador_id`),
  KEY `op_transportista_id` (`op_transportista_id`)
) ENGINE=InnoDB DEFAULT CHARSET=latin1;

--
-- Dumping data for table `operadores`
--

INSERT INTO `operadores` (`op_operador_id`, `op_transportista_id`, `op_nombre`, `op_ap_paterno`, `op_ap_materno`, `op_fecha_nacimiento`, `op_rfc`, `op_curp`, `op_num_ife`, `op_num_licencia`, `op_vencimiento_lic`, `op_tipo_licencia`, `op_telefono_casa`, `op_telefono_celular`, `op_nextel`, `op_recados`, `op_otro`, `op_imss`, `op_email`, `op_banco`, `op_cuenta_bancaria`, `op_fotografia`, `op_ife`, `op_licencia`, `op_rcontrol`, `op_documentos`, `op_status`, `op_domicilio`, `op_domicilio_1`, `op_ciudad`, `op_cp`, `op_comentarios`) VALUES
('AMT', 'MOTA', 'Alfonso', 'Montesinos', NULL, NULL, NULL, NULL, NULL, NULL, NULL, NULL, NULL, NULL, '', '', '', '', '', '', '', NULL, '', '', NULL, NULL, 'Si', '', '', '', 0, ''),
('HERGRA', 'MOTA', 'German Ricardo', 'Hernandez', 'Ramirez', '1990-12-17', 'HERG901712', NULL, NULL, 'C4106006', '2014-02-07', 'C', '81 83401909', '81 1035-6869', '81 1812-0818', '', '', '', '', '', '', 'foto_ricardo_hernandez.jpg', 'ife_ricardo_hernandez.jpg', 'licencia_ricardo_hernandez.jpg', NULL, 'papeleria_de_german_ricardo_hernandez-1.pdf', 'Si', 'Violeta 153', 'Villas de San Juan', 'Villa de Juarez', 64000, ''),
('SERVADM', 'MOTA', 'Servicios', 'Administrativos', '.', '2012-05-01', NULL, NULL, NULL, NULL, NULL, NULL, NULL, NULL, '', '', '', '', '', '', '', 'servicios_administrativos.pdf', 'servicios_administrativos.pdf', 'servicios_administrativos.pdf', NULL, NULL, 'Si', '', '', '', 0, '');

-- --------------------------------------------------------

--
-- Table structure for table `optiporeq`
--

CREATE TABLE IF NOT EXISTS `optiporeq` (
  `opr_tipo_req` varchar(20) COLLATE latin1_spanish_ci NOT NULL COMMENT 'Concepto',
  `opr_nombre` varchar(50) COLLATE latin1_spanish_ci NOT NULL COMMENT 'Nombre',
  `opr_orden` int(11) NOT NULL COMMENT 'Orden',
  KEY `opr_tipo_req` (`opr_tipo_req`)
) ENGINE=MyISAM DEFAULT CHARSET=latin1 COLLATE=latin1_spanish_ci COMMENT='Tipos de Requisitos Operadores';

-- --------------------------------------------------------

--
-- Table structure for table `pagos`
--

CREATE TABLE IF NOT EXISTS `pagos` (
  `pag_llave` int(11) NOT NULL AUTO_INCREMENT,
  `pag_folio_yo_id` int(8) NOT NULL,
  `pag_tipo_id` varchar(15) NOT NULL,
  `pag_fecha` date NOT NULL,
  `pag_status` varchar(15) DEFAULT '',
  `pag_importe` decimal(10,2) DEFAULT '0.00',
  `pag_folio bancario` varchar(20) DEFAULT NULL,
  `pag_comentarios` varchar(60) DEFAULT '',
  PRIMARY KEY (`pag_llave`),
  KEY `pag_tipo_id` (`pag_tipo_id`)
) ENGINE=InnoDB DEFAULT CHARSET=latin1 AUTO_INCREMENT=1 ;

-- --------------------------------------------------------

--
-- Table structure for table `polizas`
--

CREATE TABLE IF NOT EXISTS `polizas` (
  `pol_num` int(11) NOT NULL AUTO_INCREMENT COMMENT 'Num Poliza',
  `pol_fecha` date NOT NULL COMMENT 'Fecha Poliza',
  `pol_descripcion` varchar(50) NOT NULL COMMENT 'Descripcion',
  `pol_cargos` decimal(10,2) NOT NULL COMMENT 'Cargos',
  `pol_creditos` decimal(10,2) NOT NULL COMMENT 'Creditos',
  PRIMARY KEY (`pol_num`),
  KEY `pol_num` (`pol_num`)
) ENGINE=InnoDB  DEFAULT CHARSET=latin1 COMMENT='Polizas Contables' AUTO_INCREMENT=2 ;

--
-- Dumping data for table `polizas`
--

INSERT INTO `polizas` (`pol_num`, `pol_fecha`, `pol_descripcion`, `pol_cargos`, `pol_creditos`) VALUES
(1, '2031-05-20', 'AMEX Platino 2012-05', 2877.29, 2877.29);

-- --------------------------------------------------------

--
-- Table structure for table `proveedores`
--

CREATE TABLE IF NOT EXISTS `proveedores` (
  `pr_proveedor_id` varchar(20) NOT NULL DEFAULT '',
  `pr_razon_social` varchar(50) DEFAULT NULL,
  `pr_domicilio` varchar(50) DEFAULT NULL,
  `pr_domicilio_1` varchar(50) DEFAULT NULL,
  `pr_ciudad` varchar(30) DEFAULT NULL,
  `pr_cp` int(5) DEFAULT NULL,
  `pr_telefono` varchar(12) DEFAULT NULL,
  `pr_email` varchar(50) DEFAULT NULL,
  `pr_contacto` varchar(30) DEFAULT NULL,
  `pr_rfc` varchar(20) DEFAULT NULL,
  `pr_scta` varchar(8) NOT NULL COMMENT 'Sub Cuenta Contable',
  `pr_banco` varchar(20) DEFAULT NULL,
  `pr_cuenta_bancaria` varchar(20) DEFAULT NULL,
  `pr_cuenta_clabe` varchar(20) DEFAULT NULL,
  `pr_comentarios` varchar(60) DEFAULT NULL,
  PRIMARY KEY (`pr_proveedor_id`)
) ENGINE=InnoDB DEFAULT CHARSET=latin1;

--
-- Dumping data for table `proveedores`
--

INSERT INTO `proveedores` (`pr_proveedor_id`, `pr_razon_social`, `pr_domicilio`, `pr_domicilio_1`, `pr_ciudad`, `pr_cp`, `pr_telefono`, `pr_email`, `pr_contacto`, `pr_rfc`, `pr_scta`, `pr_banco`, `pr_cuenta_bancaria`, `pr_cuenta_clabe`, `pr_comentarios`) VALUES
('DEGA', 'Llantas y Servicios DEGA, SA de CV', NULL, NULL, NULL, NULL, NULL, NULL, NULL, NULL, '', NULL, NULL, NULL, NULL),
('DEMAK', 'Demak Autoelectrica', NULL, NULL, NULL, NULL, NULL, NULL, NULL, NULL, '', NULL, NULL, NULL, NULL),
('GENESIS', 'Genesis', 'Morelos 230', 'El Mezquitalq', 'Apodaca', NULL, NULL, NULL, 'Javier Ruiz', NULL, '', NULL, NULL, NULL, NULL),
('GML', 'Grupo Mexicano de Logistica, SA de CV', NULL, NULL, NULL, NULL, NULL, NULL, NULL, NULL, '6100-011', NULL, NULL, NULL, NULL),
('GXC', 'Gastos x Comprobar', NULL, NULL, NULL, NULL, NULL, NULL, NULL, NULL, '', NULL, NULL, NULL, NULL),
('INNOVALINKS', 'INNOVALINKS', NULL, NULL, NULL, NULL, NULL, NULL, NULL, NULL, '6100-011', NULL, NULL, NULL, NULL),
('JLOviedo', 'Cristina Walle Rodriguez', 'Ciruelos 301', 'Hacienda las Puentes', 'San Nicolas de los Garza', 66435, '81 8353-6060', NULL, 'Jose Luis Oviedo', 'WARC-660328-RB9', '', 'BANREGIO', NULL, '058580360144000149', NULL),
('MUELLESYMOFLES', 'Muelles y Mofles Escobedo, SA de CV', 'Carr. a Colombia Km 10', 'Ejido San Nicolas', 'Salinas Victoria, NL', 65500, '81 8384-5663', 'muellesymoflesescobedo@hotmail.com', 'Ivonne Gonzalez', 'MME-980416-5C0', '', 'HSBC', NULL, '0215800140122802690', NULL),
('NETO', 'Ernesto Dominguez Lopez', 'Rio Sena 1257', 'Magdalenas', 'Torreon, Coah', 27010, '871 193-7739', 'lindatequila79@hotmail.com', 'Martha Catalina Garcia', NULL, '', 'BBVA', '0174792181', NULL, NULL),
('OXXO Gas', 'OXXO Gas', NULL, NULL, NULL, NULL, NULL, NULL, NULL, NULL, '', NULL, NULL, NULL, NULL),
('PACO', 'Paco Vecino David Mata', NULL, NULL, NULL, NULL, NULL, NULL, NULL, NULL, '', NULL, NULL, NULL, NULL),
('Pepio', 'Taller Pepio', NULL, NULL, NULL, NULL, NULL, NULL, NULL, NULL, '', NULL, NULL, NULL, NULL),
('SCOTIABANK', 'Scotiabank (Prestamo Chevy)', NULL, NULL, NULL, NULL, NULL, NULL, NULL, NULL, '6300-018', NULL, NULL, NULL, NULL),
('Segasa', 'Llantas y Servicios Express Garza SA CV', 'Matamoros 211A', 'Centro', 'Zuazua', 65750, '825 247-0391', 'segasa@prodigy.net.mx', NULL, NULL, '', NULL, NULL, NULL, NULL),
('SERNA', 'LLANTAS Y SERVICIOS SERNA ANAHUAC, SA DE CV', NULL, NULL, NULL, NULL, '81 81581400', 'jesus.montalvo@gruposerna.com', 'Jesus Montalvo / Ruth VidaÃ±a', NULL, '', 'BBVA Bancomer', '13247-4255', '12580001324742500', NULL),
('Supercarb', 'Jose de Jesus Rodriguez Montemayor', 'Pino Suarez 501', 'Ampliacion General', 'Escobedo NL', 66058, '81 8397-6073', 'sysytec_escobedo@hotmail.com', NULL, 'ROMJ7011297U8', '2101-018', 'BANAMEX', NULL, NULL, NULL),
('VARIOS', 'Varios', NULL, NULL, NULL, NULL, NULL, NULL, NULL, NULL, '', NULL, NULL, NULL, NULL);

-- --------------------------------------------------------

--
-- Table structure for table `reqoper`
--

CREATE TABLE IF NOT EXISTS `reqoper` (
  `reqo_operador_id` varchar(20) COLLATE latin1_spanish_ci NOT NULL COMMENT 'Operador',
  `reqo_tipo_req` varchar(20) COLLATE latin1_spanish_ci NOT NULL COMMENT 'Tipo Requisito',
  `reqo_status` varchar(20) COLLATE latin1_spanish_ci NOT NULL COMMENT 'Status',
  `reqo_vencimiento` date NOT NULL COMMENT 'Fecha Vencimiento',
  `reqo_imagen` varchar(50) COLLATE latin1_spanish_ci NOT NULL COMMENT 'Imagen',
  `reqo_documentos` varchar(50) COLLATE latin1_spanish_ci NOT NULL COMMENT 'Documentos',
  `reqo_comentarios` varchar(200) COLLATE latin1_spanish_ci NOT NULL COMMENT 'Comentarios',
  KEY `reqo_operador_id` (`reqo_operador_id`,`reqo_tipo_req`)
) ENGINE=MyISAM DEFAULT CHARSET=latin1 COLLATE=latin1_spanish_ci COMMENT='Requisitos Operadores';

-- --------------------------------------------------------

--
-- Table structure for table `reqtran`
--

CREATE TABLE IF NOT EXISTS `reqtran` (
  `reqt_transportista_id` varchar(20) COLLATE latin1_spanish_ci NOT NULL COMMENT 'Transportista',
  `reqt_tipo_req` varchar(20) COLLATE latin1_spanish_ci NOT NULL COMMENT 'Tipo Requisito',
  `reqt_status` varchar(20) COLLATE latin1_spanish_ci NOT NULL COMMENT 'Status',
  `reqt_vencimiento` date NOT NULL COMMENT 'Fecha Vencimiento',
  `reqt_imagen` varchar(50) COLLATE latin1_spanish_ci NOT NULL COMMENT 'Imagen',
  `reqt_documentos` varchar(50) COLLATE latin1_spanish_ci NOT NULL COMMENT 'Documentos',
  `reqt_comentarios` varchar(200) COLLATE latin1_spanish_ci NOT NULL COMMENT 'Comentarios',
  KEY `reqt_transportista_id` (`reqt_transportista_id`,`reqt_tipo_req`)
) ENGINE=MyISAM DEFAULT CHARSET=latin1 COLLATE=latin1_spanish_ci COMMENT='Requisitos Transportistas';

-- --------------------------------------------------------

--
-- Table structure for table `requnid`
--

CREATE TABLE IF NOT EXISTS `requnid` (
  `requ_placa_id` varchar(20) COLLATE latin1_spanish_ci NOT NULL COMMENT 'Placa',
  `requ_tipo_req` varchar(20) COLLATE latin1_spanish_ci NOT NULL COMMENT 'Tipo Requisito',
  `requ_status` varchar(20) COLLATE latin1_spanish_ci NOT NULL COMMENT 'Status',
  `requ_vencimiento` date NOT NULL COMMENT 'Fecha Vencimiento',
  `requ_imagen` varchar(50) COLLATE latin1_spanish_ci NOT NULL COMMENT 'Imagen',
  `requ_documentos` varchar(50) COLLATE latin1_spanish_ci NOT NULL COMMENT 'Documentos',
  `requ_comentarios` varchar(200) COLLATE latin1_spanish_ci NOT NULL COMMENT 'Comentarios',
  KEY `requ_placa_id` (`requ_placa_id`,`requ_tipo_req`)
) ENGINE=MyISAM DEFAULT CHARSET=latin1 COLLATE=latin1_spanish_ci COMMENT='Requisitos Unidades de Transporte';

-- --------------------------------------------------------

--
-- Table structure for table `sub_cliente`
--

CREATE TABLE IF NOT EXISTS `sub_cliente` (
  `cli_cliente_id` varchar(20) NOT NULL DEFAULT '',
  `cli_empresa_id` varchar(20) DEFAULT NULL,
  `scli_razon_social` varchar(50) DEFAULT NULL,
  `scli_domicilio` varchar(50) DEFAULT NULL,
  `scli_num_exterior` int(10) NOT NULL DEFAULT '0',
  `scli_num_interior` int(10) NOT NULL DEFAULT '0',
  `scli_domicilio_1` varchar(50) DEFAULT NULL,
  `scli_ciudad` varchar(30) DEFAULT NULL,
  `scli_estado` varchar(40) NOT NULL,
  `scli_cp` int(5) DEFAULT NULL,
  `scli_telefono` varchar(12) DEFAULT NULL,
  `scli_email` varchar(100) DEFAULT NULL,
  `scli_rfc` varchar(20) DEFAULT NULL,
  `scli_scta` varchar(10) NOT NULL COMMENT 'Sub Cuenta Contable',
  `scli_cond_pago` varchar(40) NOT NULL,
  `scli_metodo_pago` varchar(40) NOT NULL,
  `scli_cuenta_pago` varchar(40) NOT NULL,
  PRIMARY KEY (`cli_cliente_id`),
  KEY `cli_empresa_id` (`cli_empresa_id`)
) ENGINE=InnoDB DEFAULT CHARSET=latin1;

--
-- Dumping data for table `sub_cliente`
--

INSERT INTO `sub_cliente` (`cli_cliente_id`, `cli_empresa_id`, `scli_razon_social`, `scli_domicilio`, `scli_num_exterior`, `scli_num_interior`, `scli_domicilio_1`, `scli_ciudad`, `scli_estado`, `scli_cp`, `scli_telefono`, `scli_email`, `scli_rfc`, `scli_scta`, `scli_cond_pago`, `scli_metodo_pago`, `scli_cuenta_pago`) VALUES
('AMLD', 'AMLD', 'AM Logistica y Distribucion, SA de CV', 'Carretera Nacional Km 267 # 1100', 0, 0, 'Plaza Com. Sur  Col. El Encino', 'Monterrey, NL', '', 64987, '81 8647-1990', 'tesoreria@galoexpress.com.mx', 'ALD-040920-6R1', '1104-003', '', '', ''),
('GALO-DHL', 'GALO-DHL', 'Galoexpress, SA de CV (DHL)', 'Carretera Nacional Km 267 # 1100', 0, 0, 'Plaza Com. Sur  Col. El Encino', 'Monterrey, NL', '', 64987, '81 8647-1990', 'tesoreria@galoexpress.com.mx', 'GAL-051110-T46', '1104-001', '', '', ''),
('GALO-DHLSL', 'GALO-DHLSL', 'Galoexpress, SA de CV (DHLSL)', 'Carretera Nacional Km 267 # 1100', 0, 0, 'Plaza Com. Sur  Col. El Encino', 'Monterrey, NL', '', 64987, '81 8647-1990', 'tesoreria@galoexpress.com.mx', 'GAL-051110-T46', '1104-001', '', '', ''),
('GALO-DHLUM', 'GALO-DHLUM', 'Galoexpress, SA de CV (DHLUM)', 'Carretera Nacional Km 267 # 1100', 0, 0, 'Plaza Com. Sur  Col. El Encino', 'Monterrey, NL', '', 64987, '81 8647-1990', 'tesoreria@galoexpress.com.mx', 'GAL-051110-T46', '1104-001', '', '', ''),
('GALOEXPRESS', 'GALOEXPRESS', 'Galoexpress, SA de CV (DHL)', 'Carretera Nacional Km 267 # 1100', 0, 0, 'Plaza Com. Sur  Col. El Encino', 'Monterrey, NL', '', 64987, '81 8647-1990', 'tesoreria@galoexpress.com.mx', 'GAL-051110-T46', '1104-001', '', '', ''),
('GML', 'GML', 'Grupo Mexicano de Logistica, SA de CV', 'Carretera Nacional Km 267 # 1100', 0, 0, 'Plaza Com. Sur  Col. El Encino', 'Monterrey, NL', '', 64987, '81 8647-1990', 'tesoreria@galoexpress.com.mx', 'GML-081108-AV7', '1104-002', '', '', ''),
('MANCERA', 'MANCERA', 'Mancera, S.C.', 'Av. Ejercito Nacional Torre Paseo 843B Piso 4', 0, 0, 'Col. Granada', 'Del. Miguel Hidalgo, Mexico DF', '', 11520, NULL, NULL, 'MAN-920914-3V1', '1104-005', '', '', '');

-- --------------------------------------------------------

--
-- Table structure for table `tarifas`
--

CREATE TABLE IF NOT EXISTS `tarifas` (
  `tar_empresa_id` varchar(20) NOT NULL DEFAULT '',
  `tar_cliente_princ` varchar(20) NOT NULL COMMENT 'Cliente Principal',
  `tar_ciudad_id` varchar(50) NOT NULL DEFAULT '',
  `tar_tipo_vehiculo_id` varchar(15) NOT NULL DEFAULT '',
  `tar_estado` varchar(10) DEFAULT NULL,
  `tar_kilometraje` decimal(10,0) DEFAULT NULL,
  `tar_tarifa` decimal(10,2) DEFAULT NULL,
  `tar_tarifa_fria` decimal(10,2) NOT NULL,
  `tar_autopistas` decimal(10,2) NOT NULL,
  `tar_tipo_tarifa` varchar(8) NOT NULL,
  `tar_pago_transp` decimal(10,2) NOT NULL,
  `tar_dias_evidencias` int(2) NOT NULL,
  `tar_comentarios` varchar(50) NOT NULL COMMENT 'Comentarios',
  PRIMARY KEY (`tar_empresa_id`,`tar_ciudad_id`,`tar_tipo_vehiculo_id`,`tar_cliente_princ`),
  KEY `tar_tipo_vehiculo_id` (`tar_tipo_vehiculo_id`)
) ENGINE=InnoDB DEFAULT CHARSET=latin1;

--
-- Dumping data for table `tarifas`
--

INSERT INTO `tarifas` (`tar_empresa_id`, `tar_cliente_princ`, `tar_ciudad_id`, `tar_tipo_vehiculo_id`, `tar_estado`, `tar_kilometraje`, `tar_tarifa`, `tar_tarifa_fria`, `tar_autopistas`, `tar_tipo_tarifa`, `tar_pago_transp`, `tar_dias_evidencias`, `tar_comentarios`) VALUES
('GALO-DHL', 'GALO-DHL', 'Acuna - Coah', '1.5 TON FRIO', 'Coah', 527, 4851.00, 2165.00, 0.00, 'FRIO', 0.00, 3, ''),
('GALO-DHL', 'GALO-DHL', 'Acuna - Coah', '1.5 TON SECO', 'Coah', 527, 2686.00, 0.00, 0.00, 'SECO', 0.00, 3, ''),
('GALO-DHL', 'GALO-DHL', 'Acuna - Coah', '3.5 TON FRIO', 'Coah', 527, 5545.00, 2557.00, 0.00, 'FRIO', 0.00, 3, ''),
('GALO-DHL', 'GALO-DHL', 'Acuna - Coah', '3.5 TON SECO', 'Coah', 527, 2988.00, 0.00, 0.00, 'SECO', 0.00, 3, ''),
('GALO-DHL', 'GALO-DHL', 'Acuna - Coah', 'NISSAN FRIO', 'Coah', 527, 4158.00, 1773.00, 0.00, 'FRIO', 0.00, 3, ''),
('GALO-DHL', 'GALO-DHL', 'Acuna - Coah', 'NISSAN SECO', 'Coah', 527, 2385.00, 0.00, 0.00, 'SECO', 0.00, 3, ''),
('GALO-DHL', 'GALO-DHL', 'Acuna - Coah', 'RABON FRIO', 'Coah', 527, 9335.00, 4079.00, 0.00, 'FRIO', 0.00, 3, ''),
('GALO-DHL', 'GALO-DHL', 'Acuna - Coah', 'RABON SECO', 'Coah', 527, 5256.00, 0.00, 0.00, 'SECO', 0.00, 3, ''),
('GALO-DHL', 'GALO-DHL', 'Acuna - Coah', 'TORTON FRIO', 'Coah', 527, 11200.00, 4908.00, 0.00, 'FRIO', 0.00, 3, ''),
('GALO-DHL', 'GALO-DHL', 'Acuna - Coah', 'TORTON SECO', 'Coah', 527, 6292.00, 0.00, 0.00, 'SECO', 0.00, 3, ''),
('GALO-DHL', 'GALO-DHL', 'Acuna - Coah', 'TORTONETA FRIO', 'Coah', 527, 7180.00, 2959.00, 0.00, 'FRIO', 0.00, 3, ''),
('GALO-DHL', 'GALO-DHL', 'Acuna - Coah', 'TORTONETA SECO', 'Coah', 527, 4221.00, 0.00, 0.00, 'SECO', 0.00, 3, ''),
('GALO-DHL', 'GALO-DHL', 'Acuna - Coah', 'TRAILER FRIO', 'Coah', 527, 14000.00, 6000.00, 0.00, 'FRIO', 0.00, 3, ''),
('GALO-DHL', 'GALO-DHL', 'Acuna - Coah', 'TRAILER SECO', 'Coah', 527, 8000.00, 0.00, 0.00, 'SECO', 0.00, 3, ''),
('GALO-DHL', 'GALO-DHL', 'Agualeguas - NL', '1.5 TON SECO', 'NL', 128, 1076.00, 0.00, 0.00, 'SECO', 0.00, 2, ''),
('GALO-DHL', 'GALO-DHL', 'Agualeguas - NL', '3.5 TON SECO', 'NL', 128, 1230.00, 0.00, 0.00, 'SECO', 0.00, 2, ''),
('GALO-DHL', 'GALO-DHL', 'Agualeguas - NL', 'NISSAN SECO', 'NL', 128, 922.00, 0.00, 0.00, 'SECO', 0.00, 2, ''),
('GALO-DHL', 'GALO-DHL', 'Agualeguas - NL', 'RABON SECO', 'NL', 128, 2944.00, 0.00, 0.00, 'SECO', 0.00, 2, ''),
('GALO-DHL', 'GALO-DHL', 'Agualeguas - NL', 'TORTON SECO', 'NL', 128, 3971.00, 0.00, 0.00, 'SECO', 0.00, 2, ''),
('GALO-DHL', 'GALO-DHL', 'Agualeguas - NL', 'TORTONETA SECO', 'NL', 128, 1847.00, 0.00, 0.00, 'SECO', 0.00, 2, ''),
('GALO-DHL', 'GALO-DHL', 'Agualeguas - NL', 'TRAILER SECO', 'NL', 128, 4723.00, 0.00, 0.00, 'SECO', 0.00, 2, ''),
('GALO-DHL', 'GALO-DHL', 'Aldama - Tamp', '1.5 TON SECO', 'Tamp', 408, 2273.00, 0.00, 0.00, 'SECO', 0.00, 2, ''),
('GALO-DHL', 'GALO-DHL', 'Aldama - Tamp', '3.5 TON SECO', 'Tamp', 408, 2526.00, 0.00, 0.00, 'SECO', 0.00, 2, ''),
('GALO-DHL', 'GALO-DHL', 'Aldama - Tamp', 'NISSAN SECO', 'Tamp', 408, 2020.00, 0.00, 0.00, 'SECO', 0.00, 2, ''),
('GALO-DHL', 'GALO-DHL', 'Aldama - Tamp', 'RABON SECO', 'Tamp', 408, 5708.00, 0.00, 0.00, 'SECO', 0.00, 2, ''),
('GALO-DHL', 'GALO-DHL', 'Aldama - Tamp', 'TORTON SECO', 'Tamp', 408, 5969.00, 0.00, 0.00, 'SECO', 0.00, 2, ''),
('GALO-DHL', 'GALO-DHL', 'Aldama - Tamp', 'TORTONETA SECO', 'Tamp', 408, 4027.00, 0.00, 0.00, 'SECO', 0.00, 2, ''),
('GALO-DHL', 'GALO-DHL', 'Aldama - Tamp', 'TRAILER SECO', 'Tamp', 408, 7099.00, 0.00, 0.00, 'SECO', 0.00, 2, ''),
('GALO-DHL', 'GALO-DHL', 'Allende - Coah', '1.5 TON FRIO', 'Coah', 367, 3679.00, 1658.00, 0.00, 'FRIO', 0.00, 2, ''),
('GALO-DHL', 'GALO-DHL', 'Allende - Coah', '1.5 TON SECO', 'Coah', 367, 2021.00, 0.00, 0.00, 'SECO', 0.00, 2, ''),
('GALO-DHL', 'GALO-DHL', 'Allende - Coah', '3.5 TON FRIO', 'Coah', 367, 4205.00, 2091.00, 0.00, 'FRIO', 0.00, 2, ''),
('GALO-DHL', 'GALO-DHL', 'Allende - Coah', '3.5 TON SECO', 'Coah', 367, 2114.00, 0.00, 0.00, 'SECO', 0.00, 2, ''),
('GALO-DHL', 'GALO-DHL', 'Allende - Coah', 'NISSAN FRIO', 'Coah', 367, 3153.00, 1224.00, 0.00, 'FRIO', 0.00, 2, ''),
('GALO-DHL', 'GALO-DHL', 'Allende - Coah', 'NISSAN SECO', 'Coah', 367, 1929.00, 0.00, 0.00, 'SECO', 0.00, 2, ''),
('GALO-DHL', 'GALO-DHL', 'Allende - Coah', 'RABON FRIO', 'Coah', 367, 7105.00, 2184.00, 0.00, 'FRIO', 0.00, 2, ''),
('GALO-DHL', 'GALO-DHL', 'Allende - Coah', 'RABON SECO', 'Coah', 367, 4921.00, 0.00, 0.00, 'SECO', 0.00, 2, ''),
('GALO-DHL', 'GALO-DHL', 'Allende - Coah', 'TORTON FRIO', 'Coah', 367, 9240.00, 3746.00, 0.00, 'FRIO', 0.00, 2, ''),
('GALO-DHL', 'GALO-DHL', 'Allende - Coah', 'TORTON SECO', 'Coah', 367, 5494.00, 0.00, 0.00, 'SECO', 0.00, 2, ''),
('GALO-DHL', 'GALO-DHL', 'Allende - Coah', 'TORTONETA FRIO', 'Coah', 367, 5465.00, 1689.00, 0.00, 'FRIO', 0.00, 2, ''),
('GALO-DHL', 'GALO-DHL', 'Allende - Coah', 'TORTONETA SECO', 'Coah', 367, 3776.00, 0.00, 0.00, 'SECO', 0.00, 2, ''),
('GALO-DHL', 'GALO-DHL', 'Allende - Coah', 'TRAILER FRIO', 'Coah', 367, 0.00, 0.00, 0.00, '', 0.00, 2, ''),
('GALO-DHL', 'GALO-DHL', 'Allende - Coah', 'TRAILER SECO', 'Coah', 367, 6944.00, 0.00, 0.00, 'SECO', 0.00, 2, ''),
('GALO-DHL', 'GALO-DHL', 'Allende - NL', '1.5 TON SECO', 'NL', 80, 1121.00, 0.00, 0.00, 'SECO', 0.00, 2, ''),
('GALO-DHL', 'GALO-DHL', 'Allende - NL', '3.5 TON SECO', 'NL', 80, 1281.00, 0.00, 0.00, 'SECO', 0.00, 2, ''),
('GALO-DHL', 'GALO-DHL', 'Allende - NL', 'NISSAN SECO', 'NL', 80, 960.00, 0.00, 0.00, 'SECO', 0.00, 2, ''),
('GALO-DHL', 'GALO-DHL', 'Allende - NL', 'RABON SECO', 'NL', 80, 2722.00, 0.00, 0.00, 'SECO', 0.00, 2, ''),
('GALO-DHL', 'GALO-DHL', 'Allende - NL', 'TORTON SECO', 'NL', 80, 3436.00, 0.00, 0.00, 'SECO', 0.00, 2, ''),
('GALO-DHL', 'GALO-DHL', 'Allende - NL', 'TORTONETA SECO', 'NL', 80, 1786.00, 0.00, 0.00, 'SECO', 0.00, 2, ''),
('GALO-DHL', 'GALO-DHL', 'Allende - NL', 'TRAILER SECO', 'NL', 80, 4128.00, 0.00, 0.00, 'SECO', 0.00, 2, ''),
('GALO-DHL', 'GALO-DHL', 'Altamira - Tamp', '1.5 TON FRIO', 'Tamp', 510, 5140.00, 2094.00, 0.00, 'FRIO', 0.00, 3, ''),
('GALO-DHL', 'GALO-DHL', 'Altamira - Tamp', '1.5 TON SECO', 'Tamp', 510, 3046.00, 0.00, 0.00, 'SECO', 0.00, 3, ''),
('GALO-DHL', 'GALO-DHL', 'Altamira - Tamp', '3.5 TON FRIO', 'Tamp', 510, 5875.00, 2126.00, 0.00, 'FRIO', 0.00, 3, ''),
('GALO-DHL', 'GALO-DHL', 'Altamira - Tamp', '3.5 TON SECO', 'Tamp', 510, 3749.00, 0.00, 0.00, 'SECO', 0.00, 3, ''),
('GALO-DHL', 'GALO-DHL', 'Altamira - Tamp', 'NISSAN FRIO', 'Tamp', 510, 4406.00, 2063.00, 0.00, 'FRIO', 0.00, 3, ''),
('GALO-DHL', 'GALO-DHL', 'Altamira - Tamp', 'NISSAN SECO', 'Tamp', 510, 2343.00, 0.00, 0.00, 'SECO', 0.00, 3, ''),
('GALO-DHL', 'GALO-DHL', 'Altamira - Tamp', 'RABON FRIO', 'Tamp', 510, 9930.00, 3132.00, 0.00, 'FRIO', 0.00, 3, ''),
('GALO-DHL', 'GALO-DHL', 'Altamira - Tamp', 'RABON SECO', 'Tamp', 510, 6798.00, 0.00, 0.00, 'SECO', 0.00, 3, ''),
('GALO-DHL', 'GALO-DHL', 'Altamira - Tamp', 'TORTON FRIO', 'Tamp', 510, 12910.00, 5331.00, 0.00, 'FRIO', 0.00, 3, ''),
('GALO-DHL', 'GALO-DHL', 'Altamira - Tamp', 'TORTON SECO', 'Tamp', 510, 7579.00, 0.00, 0.00, 'SECO', 0.00, 3, ''),
('GALO-DHL', 'GALO-DHL', 'Altamira - Tamp', 'TORTONETA FRIO', 'Tamp', 510, 7640.00, 1846.00, 0.00, 'FRIO', 0.00, 3, ''),
('GALO-DHL', 'GALO-DHL', 'Altamira - Tamp', 'TORTONETA SECO', 'Tamp', 510, 5794.00, 0.00, 0.00, 'SECO', 0.00, 3, ''),
('GALO-DHL', 'GALO-DHL', 'Altamira - Tamp', 'TRAILER FRIO', 'Tamp', 510, 15490.00, 6508.00, 0.00, 'FRIO', 0.00, 3, ''),
('GALO-DHL', 'GALO-DHL', 'Altamira - Tamp', 'TRAILER SECO', 'Tamp', 510, 8982.00, 0.00, 0.00, 'SECO', 0.00, 3, ''),
('GALO-DHL', 'GALO-DHL', 'Anahuac - Chih', '1.5 TON SECO', 'Chih', 0, 1364.00, 0.00, 0.00, 'SECO', 0.00, 4, ''),
('GALO-DHL', 'GALO-DHL', 'Anahuac - Chih', '3.5 TON SECO', 'Chih', 0, 1559.00, 0.00, 0.00, 'SECO', 0.00, 4, ''),
('GALO-DHL', 'GALO-DHL', 'Anahuac - Chih', 'NISSAN SECO', 'Chih', 0, 1169.00, 0.00, 0.00, 'SECO', 0.00, 4, ''),
('GALO-DHL', 'GALO-DHL', 'Anahuac - Chih', 'RABON SECO', 'Chih', 0, 3391.00, 0.00, 0.00, 'SECO', 0.00, 4, ''),
('GALO-DHL', 'GALO-DHL', 'Anahuac - Chih', 'TORTON SECO', 'Chih', 0, 4617.00, 0.00, 0.00, 'SECO', 0.00, 4, ''),
('GALO-DHL', 'GALO-DHL', 'Anahuac - Chih', 'TORTONETA SECO', 'Chih', 0, 2493.00, 0.00, 0.00, 'SECO', 0.00, 4, ''),
('GALO-DHL', 'GALO-DHL', 'Anahuac - Chih', 'TRAILER SECO', 'Chih', 0, 5492.00, 0.00, 0.00, 'SECO', 0.00, 4, ''),
('GALO-DHL', 'GALO-DHL', 'Arteaga - Coah', '1.5 TON SECO', 'Coah', 90, 970.00, 0.00, 0.00, 'SECO', 0.00, 2, ''),
('GALO-DHL', 'GALO-DHL', 'Arteaga - Coah', '3.5 TON SECO', 'Coah', 90, 1235.00, 0.00, 0.00, 'SECO', 0.00, 2, ''),
('GALO-DHL', 'GALO-DHL', 'Arteaga - Coah', 'NISSAN SECO', 'Coah', 90, 705.00, 0.00, 0.00, 'SECO', 0.00, 2, ''),
('GALO-DHL', 'GALO-DHL', 'Arteaga - Coah', 'RABON SECO', 'Coah', 90, 2948.00, 0.00, 0.00, 'SECO', 0.00, 2, ''),
('GALO-DHL', 'GALO-DHL', 'Arteaga - Coah', 'TORTON SECO', 'Coah', 90, 3436.00, 0.00, 0.00, 'SECO', 0.00, 2, ''),
('GALO-DHL', 'GALO-DHL', 'Arteaga - Coah', 'TORTONETA SECO', 'Coah', 90, 1892.00, 0.00, 0.00, 'SECO', 0.00, 2, ''),
('GALO-DHL', 'GALO-DHL', 'Arteaga - Coah', 'TRAILER SECO', 'Coah', 90, 4128.00, 0.00, 0.00, 'SECO', 0.00, 2, ''),
('GALO-DHL', 'GALO-DHL', 'Bermejillo - Dgo', '1.5 TON SECO', 'Dgo', 420, 2257.00, 0.00, 0.00, 'SECO', 0.00, 2, ''),
('GALO-DHL', 'GALO-DHL', 'Bermejillo - Dgo', '3.5 TON SECO', 'Dgo', 420, 2692.00, 0.00, 0.00, 'SECO', 0.00, 2, ''),
('GALO-DHL', 'GALO-DHL', 'Bermejillo - Dgo', 'NISSAN SECO', 'Dgo', 420, 1823.00, 0.00, 0.00, 'SECO', 0.00, 2, ''),
('GALO-DHL', 'GALO-DHL', 'Bermejillo - Dgo', 'RABON SECO', 'Dgo', 420, 5876.00, 0.00, 0.00, 'SECO', 0.00, 2, ''),
('GALO-DHL', 'GALO-DHL', 'Bermejillo - Dgo', 'TORTON SECO', 'Dgo', 420, 6145.00, 0.00, 0.00, 'SECO', 0.00, 2, ''),
('GALO-DHL', 'GALO-DHL', 'Bermejillo - Dgo', 'TORTONETA SECO', 'Dgo', 420, 3969.00, 0.00, 0.00, 'SECO', 0.00, 2, ''),
('GALO-DHL', 'GALO-DHL', 'Bermejillo - Dgo', 'TRAILER SECO', 'Dgo', 420, 7308.00, 0.00, 0.00, 'SECO', 0.00, 2, ''),
('GALO-DHL', 'GALO-DHL', 'Bustamante - NL', '1.5 TON SECO', 'NL', 109, 901.00, 0.00, 0.00, 'SECO', 0.00, 2, ''),
('GALO-DHL', 'GALO-DHL', 'Bustamante - NL', '3.5 TON SECO', 'NL', 109, 990.00, 0.00, 0.00, 'SECO', 0.00, 2, ''),
('GALO-DHL', 'GALO-DHL', 'Bustamante - NL', 'NISSAN SECO', 'NL', 109, 812.00, 0.00, 0.00, 'SECO', 0.00, 2, ''),
('GALO-DHL', 'GALO-DHL', 'Bustamante - NL', 'RABON SECO', 'NL', 109, 2850.00, 0.00, 0.00, 'SECO', 0.00, 2, ''),
('GALO-DHL', 'GALO-DHL', 'Bustamante - NL', 'TORTON SECO', 'NL', 109, 3381.00, 0.00, 0.00, 'SECO', 0.00, 2, ''),
('GALO-DHL', 'GALO-DHL', 'Bustamante - NL', 'TORTONETA SECO', 'NL', 109, 990.00, 0.00, 0.00, 'SECO', 0.00, 2, ''),
('GALO-DHL', 'GALO-DHL', 'Bustamante - NL', 'TRAILER SECO', 'NL', 109, 4022.00, 0.00, 0.00, 'SECO', 0.00, 2, ''),
('GALO-DHL', 'GALO-DHL', 'Cadereyta - NL', '1.5 TON FRIO', 'NL', 60, 1693.00, 993.00, 0.00, 'FRIO', 0.00, 2, ''),
('GALO-DHL', 'GALO-DHL', 'Cadereyta - NL', '1.5 TON SECO', 'NL', 60, 700.00, 0.00, 0.00, 'SECO', 0.00, 2, ''),
('GALO-DHL', 'GALO-DHL', 'Cadereyta - NL', '3.5 TON FRIO', 'NL', 60, 1935.00, 1125.00, 0.00, 'FRIO', 0.00, 2, ''),
('GALO-DHL', 'GALO-DHL', 'Cadereyta - NL', '3.5 TON SECO', 'NL', 60, 810.00, 0.00, 0.00, 'SECO', 0.00, 2, ''),
('GALO-DHL', 'GALO-DHL', 'Cadereyta - NL', 'NISSAN FRIO', 'NL', 60, 1451.00, 871.00, 0.00, 'FRIO', 0.00, 2, ''),
('GALO-DHL', 'GALO-DHL', 'Cadereyta - NL', 'NISSAN SECO', 'NL', 60, 580.00, 0.00, 0.00, 'SECO', 0.00, 2, ''),
('GALO-DHL', 'GALO-DHL', 'Cadereyta - NL', 'RABON FRIO', 'NL', 60, 3265.00, 1465.00, 0.00, 'FRIO', 0.00, 2, ''),
('GALO-DHL', 'GALO-DHL', 'Cadereyta - NL', 'RABON SECO', 'NL', 60, 1800.00, 0.00, 0.00, 'SECO', 0.00, 2, ''),
('GALO-DHL', 'GALO-DHL', 'Cadereyta - NL', 'TORTON FRIO', 'NL', 60, 4250.00, 2230.00, 0.00, 'FRIO', 0.00, 2, ''),
('GALO-DHL', 'GALO-DHL', 'Cadereyta - NL', 'TORTON SECO', 'NL', 60, 2020.00, 0.00, 0.00, 'SECO', 0.00, 2, ''),
('GALO-DHL', 'GALO-DHL', 'Cadereyta - NL', 'TORTONETA FRIO', 'NL', 60, 2515.00, 1435.00, 0.00, 'FRIO', 0.00, 2, ''),
('GALO-DHL', 'GALO-DHL', 'Cadereyta - NL', 'TORTONETA SECO', 'NL', 60, 1080.00, 0.00, 0.00, 'SECO', 0.00, 2, ''),
('GALO-DHL', 'GALO-DHL', 'Cadereyta - NL', 'TRAILER FRIO', 'NL', 60, 0.00, 0.00, 0.00, '', 0.00, 2, ''),
('GALO-DHL', 'GALO-DHL', 'Cadereyta - NL', 'TRAILER SECO', 'NL', 60, 2250.00, 0.00, 0.00, 'SECO', 0.00, 2, ''),
('GALO-DHL', 'GALO-DHL', 'Camargo - Chih', '1.5 TON SECO', 'Chih', 687, 3548.00, 0.00, 0.00, 'SECO', 0.00, 3, ''),
('GALO-DHL', 'GALO-DHL', 'Camargo - Chih', '3.5 TON SECO', 'Chih', 687, 3943.00, 0.00, 0.00, 'SECO', 0.00, 3, ''),
('GALO-DHL', 'GALO-DHL', 'Camargo - Chih', 'NISSAN SECO', 'Chih', 687, 3154.00, 0.00, 0.00, 'SECO', 0.00, 3, ''),
('GALO-DHL', 'GALO-DHL', 'Camargo - Chih', 'RABON SECO', 'Chih', 687, 7955.00, 0.00, 0.00, 'SECO', 0.00, 3, ''),
('GALO-DHL', 'GALO-DHL', 'Camargo - Chih', 'TORTON SECO', 'Chih', 687, 8155.00, 0.00, 0.00, 'SECO', 0.00, 3, ''),
('GALO-DHL', 'GALO-DHL', 'Camargo - Chih', 'TORTONETA SECO', 'Chih', 687, 5359.00, 0.00, 0.00, 'SECO', 0.00, 3, ''),
('GALO-DHL', 'GALO-DHL', 'Camargo - Chih', 'TRAILER SECO', 'Chih', 687, 9845.00, 0.00, 0.00, 'SECO', 0.00, 3, ''),
('GALO-DHL', 'GALO-DHL', 'Camargo - Tamp', '1.5 TON SECO', 'Tamp', 193, 1426.00, 0.00, 0.00, 'SECO', 0.00, 2, ''),
('GALO-DHL', 'GALO-DHL', 'Camargo - Tamp', '3.5 TON SECO', 'Tamp', 193, 1529.00, 0.00, 0.00, 'SECO', 0.00, 2, ''),
('GALO-DHL', 'GALO-DHL', 'Camargo - Tamp', 'NISSAN SECO', 'Tamp', 193, 1324.00, 0.00, 0.00, 'SECO', 0.00, 2, ''),
('GALO-DHL', 'GALO-DHL', 'Camargo - Tamp', 'RABON SECO', 'Tamp', 193, 3682.00, 0.00, 0.00, 'SECO', 0.00, 2, ''),
('GALO-DHL', 'GALO-DHL', 'Camargo - Tamp', 'TORTON SECO', 'Tamp', 193, 4985.00, 0.00, 0.00, 'SECO', 0.00, 2, ''),
('GALO-DHL', 'GALO-DHL', 'Camargo - Tamp', 'TORTONETA SECO', 'Tamp', 193, 2289.00, 0.00, 0.00, 'SECO', 0.00, 2, ''),
('GALO-DHL', 'GALO-DHL', 'Camargo - Tamp', 'TRAILER SECO', 'Tamp', 193, 4991.00, 0.00, 0.00, 'SECO', 0.00, 2, ''),
('GALO-DHL', 'GALO-DHL', 'Canatlan - Dgo', '1.5 TON SECO', 'Dgo', 670, 3595.00, 0.00, 0.00, 'SECO', 0.00, 3, ''),
('GALO-DHL', 'GALO-DHL', 'Canatlan - Dgo', '3.5 TON SECO', 'Dgo', 670, 3995.00, 0.00, 0.00, 'SECO', 0.00, 3, ''),
('GALO-DHL', 'GALO-DHL', 'Canatlan - Dgo', 'NISSAN SECO', 'Dgo', 670, 3196.00, 0.00, 0.00, 'SECO', 0.00, 3, ''),
('GALO-DHL', 'GALO-DHL', 'Canatlan - Dgo', 'RABON SECO', 'Dgo', 670, 8060.00, 0.00, 0.00, 'SECO', 0.00, 3, ''),
('GALO-DHL', 'GALO-DHL', 'Canatlan - Dgo', 'TORTON SECO', 'Dgo', 670, 8262.00, 0.00, 0.00, 'SECO', 0.00, 3, ''),
('GALO-DHL', 'GALO-DHL', 'Canatlan - Dgo', 'TORTONETA SECO', 'Dgo', 670, 5429.00, 0.00, 0.00, 'SECO', 0.00, 3, ''),
('GALO-DHL', 'GALO-DHL', 'Canatlan - Dgo', 'TRAILER SECO', 'Dgo', 670, 9974.00, 0.00, 0.00, 'SECO', 0.00, 3, ''),
('GALO-DHL', 'GALO-DHL', 'Cancelado', 'TORTONETA SECO', NULL, 0, 0.00, 0.00, 0.00, 'SECO', 0.00, 0, ''),
('GALO-DHL', 'GALO-DHL', 'Casas Grandes - Chih', '1.5 TON FRIO', 'Chih', 1194, 8570.00, 1714.00, 0.00, 'FRIO', 0.00, 4, ''),
('GALO-DHL', 'GALO-DHL', 'Casas Grandes - Chih', '1.5 TON SECO', 'Chih', 1194, 6856.00, 0.00, 0.00, 'SECO', 0.00, 4, ''),
('GALO-DHL', 'GALO-DHL', 'Casas Grandes - Chih', '3.5 TON FRIO', 'Chih', 1194, 9522.00, 1904.00, 0.00, 'FRIO', 0.00, 4, ''),
('GALO-DHL', 'GALO-DHL', 'Casas Grandes - Chih', '3.5 TON SECO', 'Chih', 1194, 7618.00, 0.00, 0.00, 'SECO', 0.00, 4, ''),
('GALO-DHL', 'GALO-DHL', 'Casas Grandes - Chih', 'NISSAN FRIO', 'Chih', 1194, 7617.00, 1523.00, 0.00, 'FRIO', 0.00, 4, ''),
('GALO-DHL', 'GALO-DHL', 'Casas Grandes - Chih', 'NISSAN SECO', 'Chih', 1194, 6094.00, 0.00, 0.00, 'SECO', 0.00, 4, ''),
('GALO-DHL', 'GALO-DHL', 'Casas Grandes - Chih', 'RABON FRIO', 'Chih', 1194, 13283.00, 2656.00, 0.00, 'FRIO', 0.00, 4, ''),
('GALO-DHL', 'GALO-DHL', 'Casas Grandes - Chih', 'RABON SECO', 'Chih', 1194, 10627.00, 0.00, 0.00, 'SECO', 0.00, 4, ''),
('GALO-DHL', 'GALO-DHL', 'Casas Grandes - Chih', 'TORTON FRIO', 'Chih', 1194, 15000.00, 3000.00, 0.00, 'FRIO', 0.00, 4, ''),
('GALO-DHL', 'GALO-DHL', 'Casas Grandes - Chih', 'TORTON SECO', 'Chih', 1194, 12000.00, 0.00, 0.00, 'SECO', 0.00, 4, ''),
('GALO-DHL', 'GALO-DHL', 'Casas Grandes - Chih', 'TORTONETA FRIO', 'Chih', 1194, 11537.00, 2307.00, 0.00, 'FRIO', 0.00, 4, ''),
('GALO-DHL', 'GALO-DHL', 'Casas Grandes - Chih', 'TORTONETA SECO', 'Chih', 1194, 9230.00, 0.00, 0.00, 'SECO', 0.00, 4, ''),
('GALO-DHL', 'GALO-DHL', 'Casas Grandes - Chih', 'TRAILER FRIO', 'Chih', 1194, 17626.00, 3525.00, 0.00, 'FRIO', 0.00, 4, ''),
('GALO-DHL', 'GALO-DHL', 'Casas Grandes - Chih', 'TRAILER SECO', 'Chih', 1194, 14101.00, 0.00, 0.00, 'SECO', 0.00, 4, ''),
('GALO-DHL', 'GALO-DHL', 'Cd. Fernandez - SLP', '1.5 TON SECO', 'SLP', 560, 3979.00, 0.00, 0.00, 'SECO', 0.00, 3, ''),
('GALO-DHL', 'GALO-DHL', 'Cd. Fernandez - SLP', '3.5 TON SECO', 'SLP', 560, 4548.00, 0.00, 0.00, 'SECO', 0.00, 3, ''),
('GALO-DHL', 'GALO-DHL', 'Cd. Fernandez - SLP', 'NISSAN SECO', 'SLP', 560, 3411.00, 0.00, 0.00, 'SECO', 0.00, 3, ''),
('GALO-DHL', 'GALO-DHL', 'Cd. Fernandez - SLP', 'RABON SECO', 'SLP', 560, 6822.00, 0.00, 0.00, 'SECO', 0.00, 3, ''),
('GALO-DHL', 'GALO-DHL', 'Cd. Fernandez - SLP', 'TORTON SECO', 'SLP', 560, 7959.00, 0.00, 0.00, 'SECO', 0.00, 3, ''),
('GALO-DHL', 'GALO-DHL', 'Cd. Fernandez - SLP', 'TORTONETA SECO', 'SLP', 560, 5685.00, 0.00, 0.00, 'SECO', 0.00, 3, ''),
('GALO-DHL', 'GALO-DHL', 'Cd. Fernandez - SLP', 'TRAILER SECO', 'SLP', 560, 9096.00, 0.00, 0.00, 'SECO', 0.00, 3, ''),
('GALO-DHL', 'GALO-DHL', 'Cd. Madero - Tamp', '1.5 TON FRIO', 'Tamp', 550, 5140.00, 2036.00, 0.00, 'FRIO', 0.00, 3, ''),
('GALO-DHL', 'GALO-DHL', 'Cd. Madero - Tamp', '1.5 TON SECO', 'Tamp', 550, 3104.00, 0.00, 0.00, 'SECO', 0.00, 3, ''),
('GALO-DHL', 'GALO-DHL', 'Cd. Madero - Tamp', '3.5 TON FRIO', 'Tamp', 550, 5875.00, 2126.00, 0.00, 'FRIO', 0.00, 3, ''),
('GALO-DHL', 'GALO-DHL', 'Cd. Madero - Tamp', '3.5 TON SECO', 'Tamp', 550, 3749.00, 0.00, 0.00, 'SECO', 0.00, 3, ''),
('GALO-DHL', 'GALO-DHL', 'Cd. Madero - Tamp', 'NISSAN FRIO', 'Tamp', 550, 4406.00, 1947.00, 0.00, 'FRIO', 0.00, 3, ''),
('GALO-DHL', 'GALO-DHL', 'Cd. Madero - Tamp', 'NISSAN SECO', 'Tamp', 550, 2459.00, 0.00, 0.00, 'SECO', 0.00, 3, ''),
('GALO-DHL', 'GALO-DHL', 'Cd. Madero - Tamp', 'RABON FRIO', 'Tamp', 550, 9930.00, 3137.00, 0.00, 'FRIO', 0.00, 3, ''),
('GALO-DHL', 'GALO-DHL', 'Cd. Madero - Tamp', 'RABON SECO', 'Tamp', 550, 6793.00, 0.00, 0.00, 'SECO', 0.00, 3, ''),
('GALO-DHL', 'GALO-DHL', 'Cd. Madero - Tamp', 'TORTON FRIO', 'Tamp', 550, 12910.00, 5331.00, 0.00, 'FRIO', 0.00, 3, ''),
('GALO-DHL', 'GALO-DHL', 'Cd. Madero - Tamp', 'TORTON SECO', 'Tamp', 550, 7579.00, 0.00, 0.00, 'SECO', 0.00, 3, ''),
('GALO-DHL', 'GALO-DHL', 'Cd. Madero - Tamp', 'TORTONETA FRIO', 'Tamp', 550, 7640.00, 1846.00, 0.00, 'FRIO', 0.00, 3, ''),
('GALO-DHL', 'GALO-DHL', 'Cd. Madero - Tamp', 'TORTONETA SECO', 'Tamp', 550, 5794.00, 0.00, 0.00, 'SECO', 0.00, 3, ''),
('GALO-DHL', 'GALO-DHL', 'Cd. Madero - Tamp', 'TRAILER FRIO', 'Tamp', 550, 15490.00, 6508.00, 0.00, 'FRIO', 0.00, 3, ''),
('GALO-DHL', 'GALO-DHL', 'Cd. Madero - Tamp', 'TRAILER SECO', 'Tamp', 550, 8982.00, 0.00, 0.00, 'SECO', 0.00, 3, ''),
('GALO-DHL', 'GALO-DHL', 'Cd. Valles - SLP', '1.5 TON FRIO', 'SLP', 510, 5140.00, 2052.00, 0.00, 'FRIO', 0.00, 3, ''),
('GALO-DHL', 'GALO-DHL', 'Cd. Valles - SLP', '1.5 TON SECO', 'SLP', 510, 3088.00, 0.00, 0.00, 'SECO', 0.00, 3, ''),
('GALO-DHL', 'GALO-DHL', 'Cd. Valles - SLP', '3.5 TON FRIO', 'SLP', 510, 5875.00, 2136.00, 0.00, 'FRIO', 0.00, 3, ''),
('GALO-DHL', 'GALO-DHL', 'Cd. Valles - SLP', '3.5 TON SECO', 'SLP', 510, 3739.00, 0.00, 0.00, 'SECO', 0.00, 3, ''),
('GALO-DHL', 'GALO-DHL', 'Cd. Valles - SLP', 'NISSAN FRIO', 'SLP', 510, 4406.00, 1968.00, 0.00, 'FRIO', 0.00, 3, ''),
('GALO-DHL', 'GALO-DHL', 'Cd. Valles - SLP', 'NISSAN SECO', 'SLP', 510, 2438.00, 0.00, 0.00, 'SECO', 0.00, 3, ''),
('GALO-DHL', 'GALO-DHL', 'Cd. Valles - SLP', 'RABON FRIO', 'SLP', 510, 9930.00, 3134.00, 0.00, 'FRIO', 0.00, 3, ''),
('GALO-DHL', 'GALO-DHL', 'Cd. Valles - SLP', 'RABON SECO', 'SLP', 510, 6796.00, 0.00, 0.00, 'SECO', 0.00, 3, ''),
('GALO-DHL', 'GALO-DHL', 'Cd. Valles - SLP', 'TORTON FRIO', 'SLP', 510, 12910.00, 5329.00, 0.00, 'FRIO', 0.00, 3, ''),
('GALO-DHL', 'GALO-DHL', 'Cd. Valles - SLP', 'TORTON SECO', 'SLP', 510, 7581.00, 0.00, 0.00, 'SECO', 0.00, 3, ''),
('GALO-DHL', 'GALO-DHL', 'Cd. Valles - SLP', 'TORTONETA FRIO', 'SLP', 510, 7640.00, 1847.00, 0.00, 'FRIO', 0.00, 3, ''),
('GALO-DHL', 'GALO-DHL', 'Cd. Valles - SLP', 'TORTONETA SECO', 'SLP', 510, 5793.00, 0.00, 0.00, 'SECO', 0.00, 3, ''),
('GALO-DHL', 'GALO-DHL', 'Cd. Valles - SLP', 'TRAILER FRIO', 'SLP', 510, 15490.00, 6508.00, 0.00, 'FRIO', 0.00, 3, ''),
('GALO-DHL', 'GALO-DHL', 'Cd. Valles - SLP', 'TRAILER SECO', 'SLP', 510, 8982.00, 0.00, 0.00, 'SECO', 0.00, 3, ''),
('GALO-DHL', 'GALO-DHL', 'Cd. Victoria - Tamp', '1.5 TON FRIO', 'Tamp', 300, 3211.00, 1264.00, 0.00, 'FRIO', 0.00, 2, ''),
('GALO-DHL', 'GALO-DHL', 'Cd. Victoria - Tamp', '1.5 TON SECO', 'Tamp', 300, 1947.00, 0.00, 0.00, 'SECO', 0.00, 2, ''),
('GALO-DHL', 'GALO-DHL', 'Cd. Victoria - Tamp', '3.5 TON FRIO', 'Tamp', 300, 3670.00, 1441.00, 0.00, 'FRIO', 0.00, 2, ''),
('GALO-DHL', 'GALO-DHL', 'Cd. Victoria - Tamp', '3.5 TON SECO', 'Tamp', 300, 2229.00, 0.00, 0.00, 'SECO', 0.00, 2, ''),
('GALO-DHL', 'GALO-DHL', 'Cd. Victoria - Tamp', 'NISSAN FRIO', 'Tamp', 300, 2752.00, 1088.00, 0.00, 'FRIO', 0.00, 2, ''),
('GALO-DHL', 'GALO-DHL', 'Cd. Victoria - Tamp', 'NISSAN SECO', 'Tamp', 300, 1664.00, 0.00, 0.00, 'SECO', 0.00, 2, ''),
('GALO-DHL', 'GALO-DHL', 'Cd. Victoria - Tamp', 'RABON FRIO', 'Tamp', 300, 6205.00, 1502.00, 0.00, 'FRIO', 0.00, 2, ''),
('GALO-DHL', 'GALO-DHL', 'Cd. Victoria - Tamp', 'RABON SECO', 'Tamp', 300, 4703.00, 0.00, 0.00, 'SECO', 0.00, 2, ''),
('GALO-DHL', 'GALO-DHL', 'Cd. Victoria - Tamp', 'TORTON FRIO', 'Tamp', 300, 8065.00, 2504.00, 0.00, 'FRIO', 0.00, 2, ''),
('GALO-DHL', 'GALO-DHL', 'Cd. Victoria - Tamp', 'TORTON SECO', 'Tamp', 300, 5561.00, 0.00, 0.00, 'SECO', 0.00, 2, ''),
('GALO-DHL', 'GALO-DHL', 'Cd. Victoria - Tamp', 'TORTONETA FRIO', 'Tamp', 300, 4770.00, 1645.00, 0.00, 'FRIO', 0.00, 2, ''),
('GALO-DHL', 'GALO-DHL', 'Cd. Victoria - Tamp', 'TORTONETA SECO', 'Tamp', 300, 3125.00, 0.00, 0.00, 'SECO', 0.00, 2, ''),
('GALO-DHL', 'GALO-DHL', 'Cd. Victoria - Tamp', 'TRAILER FRIO', 'Tamp', 300, 9680.00, 2547.00, 0.00, 'FRIO', 0.00, 2, ''),
('GALO-DHL', 'GALO-DHL', 'Cd. Victoria - Tamp', 'TRAILER SECO', 'Tamp', 300, 7133.00, 0.00, 0.00, 'SECO', 0.00, 2, ''),
('GALO-DHL', 'GALO-DHL', 'Cedral - Slp', '1.5 TON SECO', 'SLP', 364, 0.00, 0.00, 0.00, '', 0.00, 2, ''),
('GALO-DHL', 'GALO-DHL', 'Cedral - Slp', '3.5 TON SECO', 'SLP', 364, 2097.00, 0.00, 0.00, 'SECO', 0.00, 2, ''),
('GALO-DHL', 'GALO-DHL', 'Cedral - Slp', 'NISSAN SECO', 'SLP', 364, 0.00, 0.00, 0.00, '', 0.00, 2, ''),
('GALO-DHL', 'GALO-DHL', 'Cedral - Slp', 'RABON SECO', 'SLP', 364, 4881.00, 0.00, 0.00, 'SECO', 0.00, 2, ''),
('GALO-DHL', 'GALO-DHL', 'Cedral - Slp', 'TORTON SECO', 'SLP', 364, 5449.00, 0.00, 0.00, 'SECO', 0.00, 2, ''),
('GALO-DHL', 'GALO-DHL', 'Cedral - Slp', 'TORTONETA SECO', 'SLP', 364, 3746.00, 0.00, 0.00, 'SECO', 0.00, 2, ''),
('GALO-DHL', 'GALO-DHL', 'Cedral - Slp', 'TRAILER SECO', 'SLP', 364, 6887.00, 0.00, 0.00, 'SECO', 0.00, 2, ''),
('GALO-DHL', 'GALO-DHL', 'Chihuahua - Chih', '1.5 TON FRIO', 'Chih', 840, 5888.00, 1406.00, 0.00, 'FRIO', 0.00, 4, ''),
('GALO-DHL', 'GALO-DHL', 'Chihuahua - Chih', '1.5 TON SECO', 'Chih', 840, 4482.00, 0.00, 0.00, 'SECO', 0.00, 4, ''),
('GALO-DHL', 'GALO-DHL', 'Chihuahua - Chih', '3.5 TON FRIO', 'Chih', 840, 6730.00, 1749.00, 0.00, 'FRIO', 0.00, 4, ''),
('GALO-DHL', 'GALO-DHL', 'Chihuahua - Chih', '3.5 TON SECO', 'Chih', 840, 4981.00, 0.00, 0.00, 'SECO', 0.00, 4, ''),
('GALO-DHL', 'GALO-DHL', 'Chihuahua - Chih', 'NISSAN FRIO', 'Chih', 840, 5047.00, 1063.00, 0.00, 'FRIO', 0.00, 4, ''),
('GALO-DHL', 'GALO-DHL', 'Chihuahua - Chih', 'NISSAN SECO', 'Chih', 840, 3984.00, 0.00, 0.00, 'SECO', 0.00, 4, ''),
('GALO-DHL', 'GALO-DHL', 'Chihuahua - Chih', 'RABON FRIO', 'Chih', 840, 12264.00, 2520.00, 0.00, 'FRIO', 0.00, 4, ''),
('GALO-DHL', 'GALO-DHL', 'Chihuahua - Chih', 'RABON SECO', 'Chih', 840, 9744.00, 0.00, 0.00, 'SECO', 0.00, 4, ''),
('GALO-DHL', 'GALO-DHL', 'Chihuahua - Chih', 'TORTON FRIO', 'Chih', 840, 14700.00, 4729.00, 0.00, 'FRIO', 0.00, 4, ''),
('GALO-DHL', 'GALO-DHL', 'Chihuahua - Chih', 'TORTON SECO', 'Chih', 840, 9971.00, 0.00, 0.00, 'SECO', 0.00, 4, ''),
('GALO-DHL', 'GALO-DHL', 'Chihuahua - Chih', 'TORTONETA FRIO', 'Chih', 840, 8750.00, 1736.00, 0.00, 'FRIO', 0.00, 4, ''),
('GALO-DHL', 'GALO-DHL', 'Chihuahua - Chih', 'TORTONETA SECO', 'Chih', 840, 7014.00, 0.00, 0.00, 'SECO', 0.00, 4, ''),
('GALO-DHL', 'GALO-DHL', 'Chihuahua - Chih', 'TRAILER FRIO', 'Chih', 840, 16128.00, 4091.00, 0.00, 'FRIO', 0.00, 4, ''),
('GALO-DHL', 'GALO-DHL', 'Chihuahua - Chih', 'TRAILER SECO', 'Chih', 840, 12037.00, 0.00, 0.00, 'SECO', 0.00, 4, ''),
('GALO-DHL', 'GALO-DHL', 'Concepcion del Oro - Zac', '1.5 TON FRIO', 'Zac', 220, 1805.00, 377.00, 0.00, 'FRIO', 0.00, 2, ''),
('GALO-DHL', 'GALO-DHL', 'Concepcion del Oro - Zac', '1.5 TON SECO', 'Zac', 220, 1428.00, 0.00, 0.00, 'SECO', 0.00, 2, ''),
('GALO-DHL', 'GALO-DHL', 'Concepcion del Oro - Zac', '3.5 TON FRIO', 'Zac', 220, 2098.00, 419.00, 0.00, 'FRIO', 0.00, 2, ''),
('GALO-DHL', 'GALO-DHL', 'Concepcion del Oro - Zac', '3.5 TON SECO', 'Zac', 220, 1679.00, 0.00, 0.00, 'SECO', 0.00, 2, ''),
('GALO-DHL', 'GALO-DHL', 'Concepcion del Oro - Zac', 'NISSAN FRIO', 'Zac', 220, 1511.00, 333.00, 0.00, 'FRIO', 0.00, 2, ''),
('GALO-DHL', 'GALO-DHL', 'Concepcion del Oro - Zac', 'NISSAN SECO', 'Zac', 220, 1178.00, 0.00, 0.00, 'SECO', 0.00, 2, ''),
('GALO-DHL', 'GALO-DHL', 'Concepcion del Oro - Zac', 'RABON FRIO', 'Zac', 220, 3765.00, 419.00, 0.00, 'FRIO', 0.00, 2, ''),
('GALO-DHL', 'GALO-DHL', 'Concepcion del Oro - Zac', 'RABON SECO', 'Zac', 220, 3346.00, 0.00, 0.00, 'SECO', 0.00, 2, ''),
('GALO-DHL', 'GALO-DHL', 'Concepcion del Oro - Zac', 'TORTON FRIO', 'Zac', 220, 5726.00, 1337.00, 0.00, 'FRIO', 0.00, 2, ''),
('GALO-DHL', 'GALO-DHL', 'Concepcion del Oro - Zac', 'TORTON SECO', 'Zac', 220, 4389.00, 0.00, 0.00, 'SECO', 0.00, 2, ''),
('GALO-DHL', 'GALO-DHL', 'Concepcion del Oro - Zac', 'TORTONETA FRIO', 'Zac', 220, 3092.00, 640.00, 0.00, 'FRIO', 0.00, 2, ''),
('GALO-DHL', 'GALO-DHL', 'Concepcion del Oro - Zac', 'TORTONETA SECO', 'Zac', 220, 2452.00, 0.00, 0.00, 'SECO', 0.00, 2, ''),
('GALO-DHL', 'GALO-DHL', 'Concepcion del Oro - Zac', 'TRAILER FRIO', 'Zac', 220, 6813.00, 1589.00, 0.00, 'FRIO', 0.00, 2, ''),
('GALO-DHL', 'GALO-DHL', 'Concepcion del Oro - Zac', 'TRAILER SECO', 'Zac', 220, 5224.00, 0.00, 0.00, 'SECO', 0.00, 2, ''),
('GALO-DHL', 'GALO-DHL', 'Cuatrocienegas - Coah', '1.5 TON FRIO', 'Coah', 280, 3049.00, 1071.00, 0.00, 'FRIO', 0.00, 2, ''),
('GALO-DHL', 'GALO-DHL', 'Cuatrocienegas - Coah', '1.5 TON SECO', 'Coah', 280, 1978.00, 0.00, 0.00, 'SECO', 0.00, 2, ''),
('GALO-DHL', 'GALO-DHL', 'Cuatrocienegas - Coah', '3.5 TON FRIO', 'Coah', 280, 3485.00, 1402.00, 0.00, 'FRIO', 0.00, 2, ''),
('GALO-DHL', 'GALO-DHL', 'Cuatrocienegas - Coah', '3.5 TON SECO', 'Coah', 280, 2083.00, 0.00, 0.00, 'SECO', 0.00, 2, ''),
('GALO-DHL', 'GALO-DHL', 'Cuatrocienegas - Coah', 'NISSAN FRIO', 'Coah', 280, 2613.00, 739.00, 0.00, 'FRIO', 0.00, 2, ''),
('GALO-DHL', 'GALO-DHL', 'Cuatrocienegas - Coah', 'NISSAN SECO', 'Coah', 280, 1874.00, 0.00, 0.00, 'SECO', 0.00, 2, ''),
('GALO-DHL', 'GALO-DHL', 'Cuatrocienegas - Coah', 'RABON FRIO', 'Coah', 280, 5890.00, 1749.00, 0.00, 'FRIO', 0.00, 2, ''),
('GALO-DHL', 'GALO-DHL', 'Cuatrocienegas - Coah', 'RABON SECO', 'Coah', 280, 4141.00, 0.00, 0.00, 'SECO', 0.00, 2, ''),
('GALO-DHL', 'GALO-DHL', 'Cuatrocienegas - Coah', 'TORTON FRIO', 'Coah', 280, 0.00, 0.00, 0.00, '', 0.00, 2, ''),
('GALO-DHL', 'GALO-DHL', 'Cuatrocienegas - Coah', 'TORTON SECO', 'Coah', 280, 4898.00, 0.00, 0.00, 'SECO', 0.00, 2, ''),
('GALO-DHL', 'GALO-DHL', 'Cuatrocienegas - Coah', 'TORTONETA FRIO', 'Coah', 280, 4530.00, 1778.00, 0.00, 'FRIO', 0.00, 2, ''),
('GALO-DHL', 'GALO-DHL', 'Cuatrocienegas - Coah', 'TORTONETA SECO', 'Coah', 280, 2752.00, 0.00, 0.00, 'SECO', 0.00, 2, ''),
('GALO-DHL', 'GALO-DHL', 'Cuatrocienegas - Coah', 'TRAILER FRIO', 'Coah', 280, 0.00, 0.00, 0.00, '', 0.00, 2, ''),
('GALO-DHL', 'GALO-DHL', 'Cuatrocienegas - Coah', 'TRAILER SECO', 'Coah', 280, 6282.00, 0.00, 0.00, 'SECO', 0.00, 2, ''),
('GALO-DHL', 'GALO-DHL', 'Cuauhtemoc - Chih', '1.5 TON FRIO', 'Chih', 930, 5999.00, 1200.00, 0.00, 'FRIO', 0.00, 4, ''),
('GALO-DHL', 'GALO-DHL', 'Cuauhtemoc - Chih', '1.5 TON SECO', 'Chih', 930, 4799.00, 0.00, 0.00, 'SECO', 0.00, 4, ''),
('GALO-DHL', 'GALO-DHL', 'Cuauhtemoc - Chih', '3.5 TON FRIO', 'Chih', 930, 6666.00, 1333.00, 0.00, 'FRIO', 0.00, 4, ''),
('GALO-DHL', 'GALO-DHL', 'Cuauhtemoc - Chih', '3.5 TON SECO', 'Chih', 930, 5333.00, 0.00, 0.00, 'SECO', 0.00, 4, ''),
('GALO-DHL', 'GALO-DHL', 'Cuauhtemoc - Chih', 'NISSAN FRIO', 'Chih', 930, 5332.00, 1066.00, 0.00, 'FRIO', 0.00, 4, ''),
('GALO-DHL', 'GALO-DHL', 'Cuauhtemoc - Chih', 'NISSAN SECO', 'Chih', 930, 4266.00, 0.00, 0.00, 'SECO', 0.00, 4, ''),
('GALO-DHL', 'GALO-DHL', 'Cuauhtemoc - Chih', 'RABON FRIO', 'Chih', 930, 10557.00, 2111.00, 0.00, 'FRIO', 0.00, 4, ''),
('GALO-DHL', 'GALO-DHL', 'Cuauhtemoc - Chih', 'RABON SECO', 'Chih', 930, 8446.00, 0.00, 0.00, 'SECO', 0.00, 4, ''),
('GALO-DHL', 'GALO-DHL', 'Cuauhtemoc - Chih', 'TORTON FRIO', 'Chih', 930, 11921.00, 2384.00, 0.00, 'FRIO', 0.00, 4, ''),
('GALO-DHL', 'GALO-DHL', 'Cuauhtemoc - Chih', 'TORTON SECO', 'Chih', 930, 9537.00, 0.00, 0.00, 'SECO', 0.00, 4, ''),
('GALO-DHL', 'GALO-DHL', 'Cuauhtemoc - Chih', 'TORTONETA FRIO', 'Chih', 930, 9170.00, 1834.00, 0.00, 'FRIO', 0.00, 4, ''),
('GALO-DHL', 'GALO-DHL', 'Cuauhtemoc - Chih', 'TORTONETA SECO', 'Chih', 930, 7336.00, 0.00, 0.00, 'SECO', 0.00, 4, ''),
('GALO-DHL', 'GALO-DHL', 'Cuauhtemoc - Chih', 'TRAILER FRIO', 'Chih', 930, 0.00, 0.00, 0.00, '', 0.00, 4, ''),
('GALO-DHL', 'GALO-DHL', 'Cuauhtemoc - Chih', 'TRAILER SECO', 'Chih', 930, 13598.00, 0.00, 0.00, 'SECO', 0.00, 4, ''),
('GALO-DHL', 'GALO-DHL', 'Delicias - Chih', '1.5 TON FRIO', 'Chih', 756, 4728.00, 927.00, 0.00, 'FRIO', 0.00, 3, ''),
('GALO-DHL', 'GALO-DHL', 'Delicias - Chih', '1.5 TON SECO', 'Chih', 756, 3801.00, 0.00, 0.00, 'SECO', 0.00, 3, ''),
('GALO-DHL', 'GALO-DHL', 'Delicias - Chih', '3.5 TON FRIO', 'Chih', 756, 5253.00, 1050.00, 0.00, 'FRIO', 0.00, 3, ''),
('GALO-DHL', 'GALO-DHL', 'Delicias - Chih', '3.5 TON SECO', 'Chih', 756, 4203.00, 0.00, 0.00, 'SECO', 0.00, 3, ''),
('GALO-DHL', 'GALO-DHL', 'Delicias - Chih', 'NISSAN FRIO', 'Chih', 756, 4203.00, 803.00, 0.00, 'FRIO', 0.00, 3, ''),
('GALO-DHL', 'GALO-DHL', 'Delicias - Chih', 'NISSAN SECO', 'Chih', 756, 3400.00, 0.00, 0.00, 'SECO', 0.00, 3, ''),
('GALO-DHL', 'GALO-DHL', 'Delicias - Chih', 'RABON FRIO', 'Chih', 756, 11037.00, 2207.00, 0.00, 'FRIO', 0.00, 3, ''),
('GALO-DHL', 'GALO-DHL', 'Delicias - Chih', 'RABON SECO', 'Chih', 756, 8830.00, 0.00, 0.00, 'SECO', 0.00, 3, ''),
('GALO-DHL', 'GALO-DHL', 'Delicias - Chih', 'TORTON FRIO', 'Chih', 756, 0.00, 0.00, 0.00, '', 0.00, 3, ''),
('GALO-DHL', 'GALO-DHL', 'Delicias - Chih', 'TORTON SECO', 'Chih', 756, 8974.00, 0.00, 0.00, 'SECO', 0.00, 3, ''),
('GALO-DHL', 'GALO-DHL', 'Delicias - Chih', 'TORTONETA FRIO', 'Chih', 756, 0.00, 0.00, 0.00, '', 0.00, 3, ''),
('GALO-DHL', 'GALO-DHL', 'Delicias - Chih', 'TORTONETA SECO', 'Chih', 756, 5950.00, 0.00, 0.00, 'SECO', 0.00, 3, ''),
('GALO-DHL', 'GALO-DHL', 'Delicias - Chih', 'TRAILER FRIO', 'Chih', 756, 0.00, 0.00, 0.00, '', 0.00, 3, ''),
('GALO-DHL', 'GALO-DHL', 'Delicias - Chih', 'TRAILER SECO', 'Chih', 756, 10833.00, 0.00, 0.00, 'SECO', 0.00, 3, ''),
('GALO-DHL', 'GALO-DHL', 'Desviacion - Aldama - Chih', '1.5 TON SECO', 'Chih', 0, 560.00, 0.00, 0.00, 'SECO', 0.00, 0, ''),
('GALO-DHL', 'GALO-DHL', 'Desviacion - Aldama - Chih', '3.5 TON SECO', 'Chih', 0, 740.00, 0.00, 0.00, 'SECO', 0.00, 0, ''),
('GALO-DHL', 'GALO-DHL', 'Desviacion - Aldama - Chih', 'NISSAN SECO', 'Chih', 0, 430.00, 0.00, 0.00, 'SECO', 0.00, 0, ''),
('GALO-DHL', 'GALO-DHL', 'Desviacion - Aldama - Chih', 'RABON SECO', 'Chih', 0, 920.00, 0.00, 0.00, 'SECO', 0.00, 0, ''),
('GALO-DHL', 'GALO-DHL', 'Desviacion - Aldama - Chih', 'TORTON SECO', 'Chih', 0, 1110.00, 0.00, 0.00, 'SECO', 0.00, 0, ''),
('GALO-DHL', 'GALO-DHL', 'Desviacion - Aldama - Chih', 'TORTONETA SECO', 'Chih', 0, 740.00, 0.00, 0.00, 'SECO', 0.00, 0, ''),
('GALO-DHL', 'GALO-DHL', 'Desviacion - Aldama - Chih', 'TRAILER SECO', 'Chih', 0, 1350.00, 0.00, 0.00, 'SECO', 0.00, 0, ''),
('GALO-DHL', 'GALO-DHL', 'Desviacion - Casas Grandes - Chih', '1.5 TON SECO', 'Chih', 0, 940.00, 0.00, 0.00, 'SECO', 0.00, 0, ''),
('GALO-DHL', 'GALO-DHL', 'Desviacion - Casas Grandes - Chih', '3.5 TON SECO', 'Chih', 0, 1120.00, 0.00, 0.00, 'SECO', 0.00, 0, ''),
('GALO-DHL', 'GALO-DHL', 'Desviacion - Casas Grandes - Chih', 'NISSAN SECO', 'Chih', 0, 550.00, 0.00, 0.00, 'SECO', 0.00, 0, ''),
('GALO-DHL', 'GALO-DHL', 'Desviacion - Casas Grandes - Chih', 'RABON SECO', 'Chih', 0, 1300.00, 0.00, 0.00, 'SECO', 0.00, 0, ''),
('GALO-DHL', 'GALO-DHL', 'Desviacion - Casas Grandes - Chih', 'TORTON SECO', 'Chih', 220, 1400.00, 0.00, 0.00, 'SECO', 0.00, 0, ''),
('GALO-DHL', 'GALO-DHL', 'Desviacion - Casas Grandes - Chih', 'TORTONETA SECO', 'Chih', 220, 1120.00, 0.00, 0.00, 'SECO', 0.00, 0, ''),
('GALO-DHL', 'GALO-DHL', 'Desviacion - Casas Grandes - Chih', 'TRAILER SECO', 'Chih', 0, 1640.00, 0.00, 0.00, 'SECO', 0.00, 0, ''),
('GALO-DHL', 'GALO-DHL', 'Desviacion - Cuatrocienegas - Coah', '1.5 TON SECO', 'Coah', 0, 770.00, 0.00, 0.00, 'SECO', 0.00, 0, ''),
('GALO-DHL', 'GALO-DHL', 'Desviacion - Cuatrocienegas - Coah', '3.5 TON SECO', 'Coah', 0, 950.00, 0.00, 0.00, 'SECO', 0.00, 0, ''),
('GALO-DHL', 'GALO-DHL', 'Desviacion - Cuatrocienegas - Coah', 'NISSAN SECO', 'Coah', 0, 500.00, 0.00, 0.00, 'SECO', 0.00, 0, ''),
('GALO-DHL', 'GALO-DHL', 'Desviacion - Cuatrocienegas - Coah', 'RABON SECO', 'Coah', 0, 1130.00, 0.00, 0.00, 'SECO', 0.00, 0, ''),
('GALO-DHL', 'GALO-DHL', 'Desviacion - Cuatrocienegas - Coah', 'TORTON SECO', 'Coah', 0, 1280.00, 0.00, 0.00, 'SECO', 0.00, 0, ''),
('GALO-DHL', 'GALO-DHL', 'Desviacion - Cuatrocienegas - Coah', 'TORTONETA SECO', 'Coah', 0, 950.00, 0.00, 0.00, 'SECO', 0.00, 0, ''),
('GALO-DHL', 'GALO-DHL', 'Desviacion - Cuatrocienegas - Coah', 'TRAILER SECO', 'Coah', 0, 1520.00, 0.00, 0.00, 'SECO', 0.00, 0, ''),
('GALO-DHL', 'GALO-DHL', 'Desviacion - Cuauhtemoc - Chih', '1.5 TON SECO', 'Chih', 0, 900.00, 0.00, 0.00, 'SECO', 0.00, 0, ''),
('GALO-DHL', 'GALO-DHL', 'Desviacion - Cuauhtemoc - Chih', '3.5 TON SECO', 'Chih', 0, 1080.00, 0.00, 0.00, 'SECO', 0.00, 0, ''),
('GALO-DHL', 'GALO-DHL', 'Desviacion - Cuauhtemoc - Chih', 'NISSAN SECO', 'Chih', 0, 540.00, 0.00, 0.00, 'SECO', 0.00, 0, ''),
('GALO-DHL', 'GALO-DHL', 'Desviacion - Cuauhtemoc - Chih', 'RABON SECO', 'Chih', 0, 1260.00, 0.00, 0.00, 'SECO', 0.00, 0, ''),
('GALO-DHL', 'GALO-DHL', 'Desviacion - Cuauhtemoc - Chih', 'TORTON SECO', 'Chih', 0, 1380.00, 0.00, 0.00, 'SECO', 0.00, 0, ''),
('GALO-DHL', 'GALO-DHL', 'Desviacion - Cuauhtemoc - Chih', 'TORTONETA SECO', 'Chih', 0, 1080.00, 0.00, 0.00, 'SECO', 0.00, 0, ''),
('GALO-DHL', 'GALO-DHL', 'Desviacion - Cuauhtemoc - Chih', 'TRAILER SECO', 'Chih', 0, 1620.00, 0.00, 0.00, 'SECO', 0.00, 0, ''),
('GALO-DHL', 'GALO-DHL', 'Desviacion - El Mante - Tamp', '1.5 TON SECO', 'Tamp', 0, 500.00, 0.00, 0.00, 'SECO', 0.00, 0, ''),
('GALO-DHL', 'GALO-DHL', 'Desviacion - El Mante - Tamp', '3.5 TON SECO', 'Tamp', 0, 680.00, 0.00, 0.00, 'SECO', 0.00, 0, ''),
('GALO-DHL', 'GALO-DHL', 'Desviacion - El Mante - Tamp', 'NISSAN SECO', 'Tamp', 0, 410.00, 0.00, 0.00, 'SECO', 0.00, 0, ''),
('GALO-DHL', 'GALO-DHL', 'Desviacion - El Mante - Tamp', 'RABON SECO', 'Tamp', 0, 860.00, 0.00, 0.00, 'SECO', 0.00, 0, ''),
('GALO-DHL', 'GALO-DHL', 'Desviacion - El Mante - Tamp', 'TORTON SECO', 'Tamp', 0, 1070.00, 0.00, 0.00, 'SECO', 0.00, 0, ''),
('GALO-DHL', 'GALO-DHL', 'Desviacion - El Mante - Tamp', 'TORTONETA SECO', 'Tamp', 0, 680.00, 0.00, 0.00, 'SECO', 0.00, 0, ''),
('GALO-DHL', 'GALO-DHL', 'Desviacion - El Mante - Tamp', 'TRAILER SECO', 'Tamp', 0, 1310.00, 0.00, 0.00, 'SECO', 0.00, 0, ''),
('GALO-DHL', 'GALO-DHL', 'Desviacion - Francisco I Madero - C', '1.5 TON SECO', 'Coah', 0, 520.00, 0.00, 0.00, 'SECO', 0.00, 0, ''),
('GALO-DHL', 'GALO-DHL', 'Desviacion - Francisco I Madero - C', '3.5 TON SECO', 'Coah', 0, 700.00, 0.00, 0.00, 'SECO', 0.00, 0, ''),
('GALO-DHL', 'GALO-DHL', 'Desviacion - Francisco I Madero - C', 'NISSAN SECO', 'Coah', 0, 410.00, 0.00, 0.00, 'SECO', 0.00, 0, ''),
('GALO-DHL', 'GALO-DHL', 'Desviacion - Francisco I Madero - C', 'RABON SECO', 'Coah', 0, 880.00, 0.00, 0.00, 'SECO', 0.00, 0, ''),
('GALO-DHL', 'GALO-DHL', 'Desviacion - Francisco I Madero - C', 'TORTON SECO', 'Coah', 0, 1080.00, 0.00, 0.00, 'SECO', 0.00, 0, ''),
('GALO-DHL', 'GALO-DHL', 'Desviacion - Francisco I Madero - C', 'TORTONETA SECO', 'Coah', 0, 700.00, 0.00, 0.00, 'SECO', 0.00, 0, ''),
('GALO-DHL', 'GALO-DHL', 'Desviacion - Francisco I Madero - C', 'TRAILER SECO', 'Coah', 0, 1320.00, 0.00, 0.00, 'SECO', 0.00, 0, ''),
('GALO-DHL', 'GALO-DHL', 'Desviacion - Hidalgo del Parral - C', '1.5 TON SECO', 'Chih', 0, 560.00, 0.00, 0.00, 'SECO', 0.00, 0, ''),
('GALO-DHL', 'GALO-DHL', 'Desviacion - Hidalgo del Parral - C', '3.5 TON SECO', 'Chih', 0, 740.00, 0.00, 0.00, 'SECO', 0.00, 0, ''),
('GALO-DHL', 'GALO-DHL', 'Desviacion - Hidalgo del Parral - C', 'NISSAN SECO', 'Chih', 0, 430.00, 0.00, 0.00, 'SECO', 0.00, 0, ''),
('GALO-DHL', 'GALO-DHL', 'Desviacion - Hidalgo del Parral - C', 'RABON SECO', 'Chih', 0, 920.00, 0.00, 0.00, 'SECO', 0.00, 0, ''),
('GALO-DHL', 'GALO-DHL', 'Desviacion - Hidalgo del Parral - C', 'TORTON SECO', 'Chih', 0, 1110.00, 0.00, 0.00, 'SECO', 0.00, 0, ''),
('GALO-DHL', 'GALO-DHL', 'Desviacion - Hidalgo del Parral - C', 'TORTONETA FRIO', 'Chih', 0, 1120.00, 380.00, 0.00, 'FRIO', 0.00, 0, ''),
('GALO-DHL', 'GALO-DHL', 'Desviacion - Hidalgo del Parral - C', 'TORTONETA SECO', 'Chih', 0, 740.00, 0.00, 0.00, 'SECO', 0.00, 0, ''),
('GALO-DHL', 'GALO-DHL', 'Desviacion - Hidalgo del Parral - C', 'TRAILER SECO', 'Chih', 0, 1350.00, 0.00, 0.00, 'SECO', 0.00, 0, ''),
('GALO-DHL', 'GALO-DHL', 'Desviacion - La Ribereña - Tamp', '1.5 TON SECO', 'Tamp', 0, 490.00, 0.00, 0.00, 'SECO', 0.00, 0, ''),
('GALO-DHL', 'GALO-DHL', 'Desviacion - La Ribereña - Tamp', '3.5 TON SECO', 'Tamp', 0, 670.00, 0.00, 0.00, 'SECO', 0.00, 0, ''),
('GALO-DHL', 'GALO-DHL', 'Desviacion - La Ribereña - Tamp', 'NISSAN SECO', 'Tamp', 0, 410.00, 0.00, 0.00, 'SECO', 0.00, 0, ''),
('GALO-DHL', 'GALO-DHL', 'Desviacion - La Ribereña - Tamp', 'RABON SECO', 'Tamp', 0, 850.00, 0.00, 0.00, 'SECO', 0.00, 0, ''),
('GALO-DHL', 'GALO-DHL', 'Desviacion - La Ribereña - Tamp', 'TORTON SECO', 'Tamp', 0, 1060.00, 0.00, 0.00, 'SECO', 0.00, 0, ''),
('GALO-DHL', 'GALO-DHL', 'Desviacion - La Ribereña - Tamp', 'TORTONETA SECO', 'Tamp', 0, 670.00, 0.00, 0.00, 'SECO', 0.00, 0, ''),
('GALO-DHL', 'GALO-DHL', 'Desviacion - La Ribereña - Tamp', 'TRAILER SECO', 'Tamp', 0, 1300.00, 0.00, 0.00, 'SECO', 0.00, 0, ''),
('GALO-DHL', 'GALO-DHL', 'Desviacion - Muzquiz - Coah', '1.5 TON SECO', 'Coah', 0, 560.00, 0.00, 0.00, 'SECO', 0.00, 0, ''),
('GALO-DHL', 'GALO-DHL', 'Desviacion - Muzquiz - Coah', '3.5 TON SECO', 'Coah', 0, 740.00, 0.00, 0.00, 'SECO', 0.00, 0, ''),
('GALO-DHL', 'GALO-DHL', 'Desviacion - Muzquiz - Coah', 'NISSAN SECO', 'Coah', 0, 430.00, 0.00, 0.00, 'SECO', 0.00, 0, ''),
('GALO-DHL', 'GALO-DHL', 'Desviacion - Muzquiz - Coah', 'RABON SECO', 'Coah', 0, 920.00, 0.00, 0.00, 'SECO', 0.00, 0, ''),
('GALO-DHL', 'GALO-DHL', 'Desviacion - Muzquiz - Coah', 'TORTON SECO', 'Coah', 0, 1110.00, 0.00, 0.00, 'SECO', 0.00, 0, ''),
('GALO-DHL', 'GALO-DHL', 'Desviacion - Muzquiz - Coah', 'TORTONETA SECO', 'Coah', 0, 740.00, 0.00, 0.00, 'SECO', 0.00, 0, ''),
('GALO-DHL', 'GALO-DHL', 'Desviacion - Muzquiz - Coah', 'TRAILER SECO', 'Coah', 0, 1350.00, 0.00, 0.00, 'SECO', 0.00, 0, ''),
('GALO-DHL', 'GALO-DHL', 'Desviacion - Ojinaga - Chih', '1.5 TON SECO', 'Chih', 0, 1140.00, 0.00, 0.00, 'SECO', 0.00, 0, ''),
('GALO-DHL', 'GALO-DHL', 'Desviacion - Ojinaga - Chih', '3.5 TON SECO', 'Chih', 0, 1320.00, 0.00, 0.00, 'SECO', 0.00, 0, ''),
('GALO-DHL', 'GALO-DHL', 'Desviacion - Ojinaga - Chih', 'NISSAN SECO', 'Chih', 0, 610.00, 0.00, 0.00, 'SECO', 0.00, 0, ''),
('GALO-DHL', 'GALO-DHL', 'Desviacion - Ojinaga - Chih', 'RABON SECO', 'Chih', 0, 1500.00, 0.00, 0.00, 'SECO', 0.00, 0, ''),
('GALO-DHL', 'GALO-DHL', 'Desviacion - Ojinaga - Chih', 'TORTON SECO', 'Chih', 0, 1560.00, 0.00, 0.00, 'SECO', 0.00, 0, ''),
('GALO-DHL', 'GALO-DHL', 'Desviacion - Ojinaga - Chih', 'TORTONETA SECO', 'Chih', 0, 1320.00, 0.00, 0.00, 'SECO', 0.00, 0, ''),
('GALO-DHL', 'GALO-DHL', 'Desviacion - Ojinaga - Chih', 'TRAILER SECO', 'Chih', 0, 1800.00, 0.00, 0.00, 'SECO', 0.00, 0, ''),
('GALO-DHL', 'GALO-DHL', 'Desviacion - Pueblo Nuevo - Dgo', '1.5 TON SECO', 'Dgo', 0, 810.00, 0.00, 0.00, 'SECO', 0.00, 0, ''),
('GALO-DHL', 'GALO-DHL', 'Desviacion - Pueblo Nuevo - Dgo', '3.5 TON SECO', 'Dgo', 0, 990.00, 0.00, 0.00, 'SECO', 0.00, 0, ''),
('GALO-DHL', 'GALO-DHL', 'Desviacion - Pueblo Nuevo - Dgo', 'NISSAN SECO', 'Dgo', 0, 510.00, 0.00, 0.00, 'SECO', 0.00, 0, ''),
('GALO-DHL', 'GALO-DHL', 'Desviacion - Pueblo Nuevo - Dgo', 'RABON SECO', 'Dgo', 0, 1170.00, 0.00, 0.00, 'SECO', 0.00, 0, ''),
('GALO-DHL', 'GALO-DHL', 'Desviacion - Pueblo Nuevo - Dgo', 'TORTON SECO', 'Dgo', 0, 1300.00, 0.00, 0.00, 'SECO', 0.00, 0, ''),
('GALO-DHL', 'GALO-DHL', 'Desviacion - Pueblo Nuevo - Dgo', 'TORTONETA SECO', 'Dgo', 0, 990.00, 0.00, 0.00, 'SECO', 0.00, 0, ''),
('GALO-DHL', 'GALO-DHL', 'Desviacion - Pueblo Nuevo - Dgo', 'TRAILER SECO', 'Dgo', 0, 1540.00, 0.00, 0.00, 'SECO', 0.00, 0, ''),
('GALO-DHL', 'GALO-DHL', 'Desviacion - Vallehermoso - Tamp', '1.5 TON SECO', 'Tamp', 0, 380.00, 0.00, 0.00, 'SECO', 0.00, 0, ''),
('GALO-DHL', 'GALO-DHL', 'Desviacion - Vallehermoso - Tamp', '3.5 TON SECO', 'Tamp', 0, 570.00, 0.00, 0.00, 'SECO', 0.00, 0, ''),
('GALO-DHL', 'GALO-DHL', 'Desviacion - Vallehermoso - Tamp', 'NISSAN SECO', 'Tamp', 0, 380.00, 0.00, 0.00, 'SECO', 0.00, 0, ''),
('GALO-DHL', 'GALO-DHL', 'Desviacion - Vallehermoso - Tamp', 'RABON SECO', 'Tamp', 0, 750.00, 0.00, 0.00, 'SECO', 0.00, 0, ''),
('GALO-DHL', 'GALO-DHL', 'Desviacion - Vallehermoso - Tamp', 'TORTON SECO', 'Tamp', 0, 1000.00, 0.00, 0.00, 'SECO', 0.00, 0, ''),
('GALO-DHL', 'GALO-DHL', 'Desviacion - Vallehermoso - Tamp', 'TORTONETA SECO', 'Tamp', 0, 570.00, 0.00, 0.00, 'SECO', 0.00, 0, ''),
('GALO-DHL', 'GALO-DHL', 'Desviacion - Vallehermoso - Tamp', 'TRAILER SECO', 'Tamp', 0, 1250.00, 0.00, 0.00, 'SECO', 0.00, 0, ''),
('GALO-DHL', 'GALO-DHL', 'Durango - Dgo', '1.5 TON FRIO', 'Dgo', 627, 4066.00, 814.00, 0.00, 'FRIO', 0.00, 3, ''),
('GALO-DHL', 'GALO-DHL', 'Durango - Dgo', '1.5 TON SECO', 'Dgo', 627, 3252.00, 0.00, 0.00, 'SECO', 0.00, 3, ''),
('GALO-DHL', 'GALO-DHL', 'Durango - Dgo', '3.5 TON FRIO', 'Dgo', 627, 5360.00, 1516.00, 0.00, 'FRIO', 0.00, 3, ''),
('GALO-DHL', 'GALO-DHL', 'Durango - Dgo', '3.5 TON SECO', 'Dgo', 627, 3844.00, 0.00, 0.00, 'SECO', 0.00, 3, ''),
('GALO-DHL', 'GALO-DHL', 'Durango - Dgo', 'NISSAN FRIO', 'Dgo', 627, 3602.00, 941.00, 0.00, 'FRIO', 0.00, 3, ''),
('GALO-DHL', 'GALO-DHL', 'Durango - Dgo', 'NISSAN SECO', 'Dgo', 627, 2661.00, 0.00, 0.00, 'SECO', 0.00, 3, ''),
('GALO-DHL', 'GALO-DHL', 'Durango - Dgo', 'RABON FRIO', 'Dgo', 627, 9711.00, 1952.00, 0.00, 'FRIO', 0.00, 3, ''),
('GALO-DHL', 'GALO-DHL', 'Durango - Dgo', 'RABON SECO', 'Dgo', 627, 7759.00, 0.00, 0.00, 'SECO', 0.00, 3, ''),
('GALO-DHL', 'GALO-DHL', 'Durango - Dgo', 'TORTON FRIO', 'Dgo', 627, 10228.00, 2046.00, 0.00, 'FRIO', 0.00, 3, ''),
('GALO-DHL', 'GALO-DHL', 'Durango - Dgo', 'TORTON SECO', 'Dgo', 627, 8182.00, 0.00, 0.00, 'SECO', 0.00, 3, ''),
('GALO-DHL', 'GALO-DHL', 'Durango - Dgo', 'TORTONETA FRIO', 'Dgo', 627, 6544.00, 1309.00, 0.00, 'FRIO', 0.00, 3, ''),
('GALO-DHL', 'GALO-DHL', 'Durango - Dgo', 'TORTONETA SECO', 'Dgo', 627, 5235.00, 0.00, 0.00, 'SECO', 0.00, 3, ''),
('GALO-DHL', 'GALO-DHL', 'Durango - Dgo', 'TRAILER FRIO', 'Dgo', 627, 12540.00, 2508.00, 0.00, 'FRIO', 0.00, 3, ''),
('GALO-DHL', 'GALO-DHL', 'Durango - Dgo', 'TRAILER SECO', 'Dgo', 627, 10032.00, 0.00, 0.00, 'SECO', 0.00, 3, ''),
('GALO-DHL', 'GALO-DHL', 'El Mante - Tamp', '1.5 TON FRIO', 'Tamp', 420, 5140.00, 2846.00, 0.00, 'FRIO', 0.00, 2, ''),
('GALO-DHL', 'GALO-DHL', 'El Mante - Tamp', '1.5 TON SECO', 'Tamp', 420, 2294.00, 0.00, 0.00, 'SECO', 0.00, 2, ''),
('GALO-DHL', 'GALO-DHL', 'El Mante - Tamp', '3.5 TON FRIO', 'Tamp', 420, 5875.00, 3343.00, 0.00, 'FRIO', 0.00, 2, ''),
('GALO-DHL', 'GALO-DHL', 'El Mante - Tamp', '3.5 TON SECO', 'Tamp', 420, 2532.00, 0.00, 0.00, 'SECO', 0.00, 2, ''),
('GALO-DHL', 'GALO-DHL', 'El Mante - Tamp', 'NISSAN FRIO', 'Tamp', 420, 4406.00, 2350.00, 0.00, 'FRIO', 0.00, 2, ''),
('GALO-DHL', 'GALO-DHL', 'El Mante - Tamp', 'NISSAN SECO', 'Tamp', 420, 2056.00, 0.00, 0.00, 'SECO', 0.00, 2, ''),
('GALO-DHL', 'GALO-DHL', 'El Mante - Tamp', 'RABON FRIO', 'Tamp', 420, 9930.00, 4208.00, 0.00, 'FRIO', 0.00, 2, ''),
('GALO-DHL', 'GALO-DHL', 'El Mante - Tamp', 'RABON SECO', 'Tamp', 420, 5722.00, 0.00, 0.00, 'SECO', 0.00, 2, ''),
('GALO-DHL', 'GALO-DHL', 'El Mante - Tamp', 'TORTON FRIO', 'Tamp', 420, 12910.00, 6926.00, 0.00, 'FRIO', 0.00, 2, ''),
('GALO-DHL', 'GALO-DHL', 'El Mante - Tamp', 'TORTON SECO', 'Tamp', 420, 5984.00, 0.00, 0.00, 'SECO', 0.00, 2, ''),
('GALO-DHL', 'GALO-DHL', 'El Mante - Tamp', 'TORTONETA FRIO', 'Tamp', 420, 7640.00, 3603.00, 0.00, 'FRIO', 0.00, 2, ''),
('GALO-DHL', 'GALO-DHL', 'El Mante - Tamp', 'TORTONETA SECO', 'Tamp', 420, 4037.00, 0.00, 0.00, 'SECO', 0.00, 2, ''),
('GALO-DHL', 'GALO-DHL', 'El Mante - Tamp', 'TRAILER FRIO', 'Tamp', 420, 15490.00, 8373.00, 0.00, 'FRIO', 0.00, 2, ''),
('GALO-DHL', 'GALO-DHL', 'El Mante - Tamp', 'TRAILER SECO', 'Tamp', 420, 7117.00, 0.00, 0.00, 'SECO', 0.00, 2, ''),
('GALO-DHL', 'GALO-DHL', 'El Salto - Dgo', '1.5 TON FRIO', 'Dgo', 727, 5218.00, 1502.00, 0.00, 'FRIO', 0.00, 3, ''),
('GALO-DHL', 'GALO-DHL', 'El Salto - Dgo', '1.5 TON SECO', 'Dgo', 727, 3716.00, 0.00, 0.00, 'SECO', 0.00, 3, ''),
('GALO-DHL', 'GALO-DHL', 'El Salto - Dgo', '3.5 TON FRIO', 'Dgo', 727, 6267.00, 2138.00, 0.00, 'FRIO', 0.00, 3, ''),
('GALO-DHL', 'GALO-DHL', 'El Salto - Dgo', '3.5 TON SECO', 'Dgo', 727, 4129.00, 0.00, 0.00, 'SECO', 0.00, 3, ''),
('GALO-DHL', 'GALO-DHL', 'El Salto - Dgo', 'NISSAN FRIO', 'Dgo', 727, 4169.00, 866.00, 0.00, 'FRIO', 0.00, 3, ''),
('GALO-DHL', 'GALO-DHL', 'El Salto - Dgo', 'NISSAN SECO', 'Dgo', 727, 3303.00, 0.00, 0.00, 'SECO', 0.00, 3, ''),
('GALO-DHL', 'GALO-DHL', 'El Salto - Dgo', 'RABON FRIO', 'Dgo', 727, 10629.00, 4159.00, 0.00, 'FRIO', 0.00, 3, ''),
('GALO-DHL', 'GALO-DHL', 'El Salto - Dgo', 'RABON SECO', 'Dgo', 727, 6470.00, 0.00, 0.00, 'SECO', 0.00, 3, ''),
('GALO-DHL', 'GALO-DHL', 'El Salto - Dgo', 'TORTON FRIO', 'Dgo', 727, 11362.00, 2733.00, 0.00, 'FRIO', 0.00, 3, ''),
('GALO-DHL', 'GALO-DHL', 'El Salto - Dgo', 'TORTON SECO', 'Dgo', 727, 8629.00, 0.00, 0.00, 'SECO', 0.00, 3, ''),
('GALO-DHL', 'GALO-DHL', 'El Salto - Dgo', 'TORTONETA FRIO', 'Dgo', 727, 7257.00, 1536.00, 0.00, 'FRIO', 0.00, 3, ''),
('GALO-DHL', 'GALO-DHL', 'El Salto - Dgo', 'TORTONETA SECO', 'Dgo', 727, 5721.00, 0.00, 0.00, 'SECO', 0.00, 3, ''),
('GALO-DHL', 'GALO-DHL', 'El Salto - Dgo', 'TRAILER FRIO', 'Dgo', 727, 13194.00, 2776.00, 0.00, 'FRIO', 0.00, 3, ''),
('GALO-DHL', 'GALO-DHL', 'El Salto - Dgo', 'TRAILER SECO', 'Dgo', 727, 10418.00, 0.00, 0.00, 'SECO', 0.00, 3, ''),
('GALO-DHL', 'GALO-DHL', 'Estadia Foranea', '1.5 TON FRIO', 'NL', 52, 460.00, 100.00, 0.00, 'FRIO', 0.00, 0, ''),
('GALO-DHL', 'GALO-DHL', 'Estadia Foranea', '1.5 TON SECO', 'NL', 52, 360.00, 0.00, 0.00, 'SECO', 0.00, 0, ''),
('GALO-DHL', 'GALO-DHL', 'Estadia Foranea', '3.5 TON FRIO', 'NL', 52, 690.00, 150.00, 0.00, 'FRIO', 0.00, 0, ''),
('GALO-DHL', 'GALO-DHL', 'Estadia Foranea', '3.5 TON SECO', 'NL', 52, 540.00, 0.00, 0.00, 'SECO', 0.00, 0, ''),
('GALO-DHL', 'GALO-DHL', 'Estadia Foranea', 'NISSAN FRIO', 'NL', 52, 460.00, 100.00, 0.00, 'FRIO', 0.00, 0, ''),
('GALO-DHL', 'GALO-DHL', 'Estadia Foranea', 'NISSAN SECO', 'NL', 52, 360.00, 0.00, 0.00, 'SECO', 0.00, 0, ''),
('GALO-DHL', 'GALO-DHL', 'Estadia Foranea', 'RABON FRIO', 'NL', 52, 900.00, 180.00, 0.00, 'FRIO', 0.00, 0, ''),
('GALO-DHL', 'GALO-DHL', 'Estadia Foranea', 'RABON SECO', 'NL', 52, 720.00, 0.00, 0.00, 'SECO', 0.00, 0, ''),
('GALO-DHL', 'GALO-DHL', 'Estadia Foranea', 'TORTON FRIO', 'NL', 52, 1200.00, 240.00, 0.00, 'FRIO', 0.00, 0, ''),
('GALO-DHL', 'GALO-DHL', 'Estadia Foranea', 'TORTON SECO', 'NL', 52, 960.00, 0.00, 0.00, 'SECO', 0.00, 0, ''),
('GALO-DHL', 'GALO-DHL', 'Estadia Foranea', 'TORTONETA FRIO', 'NL', 52, 690.00, 150.00, 0.00, 'FRIO', 0.00, 0, ''),
('GALO-DHL', 'GALO-DHL', 'Estadia Foranea', 'TORTONETA SECO', 'NL', 52, 540.00, 0.00, 0.00, 'SECO', 0.00, 0, ''),
('GALO-DHL', 'GALO-DHL', 'Estadia Foranea', 'TRAILER FRIO', 'NL', 52, 1500.00, 300.00, 0.00, 'FRIO', 0.00, 0, ''),
('GALO-DHL', 'GALO-DHL', 'Estadia Foranea', 'TRAILER SECO', 'NL', 52, 1200.00, 0.00, 0.00, 'SECO', 0.00, 0, ''),
('GALO-DHL', 'GALO-DHL', 'Estadia Local', '1.5 TON FRIO', 'NL', 52, 380.00, 80.00, 0.00, 'FRIO', 0.00, 0, ''),
('GALO-DHL', 'GALO-DHL', 'Estadia Local', '1.5 TON SECO', 'NL', 52, 300.00, 0.00, 0.00, 'SECO', 0.00, 0, ''),
('GALO-DHL', 'GALO-DHL', 'Estadia Local', '3.5 TON FRIO', 'NL', 52, 570.00, 120.00, 0.00, 'FRIO', 0.00, 0, ''),
('GALO-DHL', 'GALO-DHL', 'Estadia Local', '3.5 TON SECO', 'NL', 52, 450.00, 0.00, 0.00, 'SECO', 0.00, 0, ''),
('GALO-DHL', 'GALO-DHL', 'Estadia Local', 'NISSAN FRIO', 'NL', 52, 380.00, 80.00, 0.00, 'FRIO', 0.00, 0, ''),
('GALO-DHL', 'GALO-DHL', 'Estadia Local', 'NISSAN SECO', 'NL', 52, 300.00, 0.00, 0.00, 'SECO', 0.00, 0, ''),
('GALO-DHL', 'GALO-DHL', 'Estadia Local', 'RABON FRIO', 'NL', 52, 750.00, 150.00, 0.00, 'FRIO', 0.00, 0, ''),
('GALO-DHL', 'GALO-DHL', 'Estadia Local', 'RABON SECO', 'NL', 52, 600.00, 0.00, 0.00, 'SECO', 0.00, 0, ''),
('GALO-DHL', 'GALO-DHL', 'Estadia Local', 'TORTON FRIO', 'NL', 52, 1000.00, 200.00, 0.00, 'FRIO', 0.00, 0, ''),
('GALO-DHL', 'GALO-DHL', 'Estadia Local', 'TORTON SECO', 'NL', 52, 800.00, 0.00, 0.00, 'SECO', 0.00, 0, ''),
('GALO-DHL', 'GALO-DHL', 'Estadia Local', 'TORTONETA FRIO', 'NL', 52, 570.00, 120.00, 0.00, 'FRIO', 0.00, 0, ''),
('GALO-DHL', 'GALO-DHL', 'Estadia Local', 'TORTONETA SECO', 'NL', 52, 450.00, 0.00, 0.00, 'SECO', 0.00, 0, ''),
('GALO-DHL', 'GALO-DHL', 'Estadia Local', 'TRAILER FRIO', 'NL', 52, 1250.00, 250.00, 0.00, 'FRIO', 0.00, 0, ''),
('GALO-DHL', 'GALO-DHL', 'Estadia Local', 'TRAILER SECO', 'NL', 52, 1000.00, 0.00, 0.00, 'SECO', 0.00, 0, ''),
('GALO-DHL', 'GALO-DHL', 'Francisco I Madero - Coah', '1.5 TON SECO', 'Coah', 346, 2117.00, 0.00, 0.00, 'SECO', 0.00, 2, ''),
('GALO-DHL', 'GALO-DHL', 'Francisco I Madero - Coah', '3.5 TON SECO', 'Coah', 346, 2436.00, 0.00, 0.00, 'SECO', 0.00, 2, ''),
('GALO-DHL', 'GALO-DHL', 'Francisco I Madero - Coah', 'NISSAN SECO', 'Coah', 346, 1799.00, 0.00, 0.00, 'SECO', 0.00, 2, '');
INSERT INTO `tarifas` (`tar_empresa_id`, `tar_cliente_princ`, `tar_ciudad_id`, `tar_tipo_vehiculo_id`, `tar_estado`, `tar_kilometraje`, `tar_tarifa`, `tar_tarifa_fria`, `tar_autopistas`, `tar_tipo_tarifa`, `tar_pago_transp`, `tar_dias_evidencias`, `tar_comentarios`) VALUES
('GALO-DHL', 'GALO-DHL', 'Francisco I Madero - Coah', 'RABON SECO', 'Coah', 346, 4799.00, 0.00, 0.00, 'SECO', 0.00, 2, ''),
('GALO-DHL', 'GALO-DHL', 'Francisco I Madero - Coah', 'TORTON SECO', 'Coah', 346, 5505.00, 0.00, 0.00, 'SECO', 0.00, 2, ''),
('GALO-DHL', 'GALO-DHL', 'Francisco I Madero - Coah', 'TORTONETA SECO', 'Coah', 346, 3540.00, 0.00, 0.00, 'SECO', 0.00, 2, ''),
('GALO-DHL', 'GALO-DHL', 'Francisco I Madero - Coah', 'TRAILER SECO', 'Coah', 346, 6297.00, 0.00, 0.00, 'SECO', 0.00, 2, ''),
('GALO-DHL', 'GALO-DHL', 'Frontera - Coah', '1.5 TON FRIO', 'Coah', 190, 2786.00, 1425.00, 0.00, 'FRIO', 0.00, 2, ''),
('GALO-DHL', 'GALO-DHL', 'Frontera - Coah', '1.5 TON SECO', 'Coah', 190, 1361.00, 0.00, 0.00, 'SECO', 0.00, 2, ''),
('GALO-DHL', 'GALO-DHL', 'Frontera - Coah', '3.5 TON FRIO', 'Coah', 190, 3185.00, 1680.00, 0.00, 'FRIO', 0.00, 2, ''),
('GALO-DHL', 'GALO-DHL', 'Frontera - Coah', '3.5 TON SECO', 'Coah', 190, 1505.00, 0.00, 0.00, 'SECO', 0.00, 2, ''),
('GALO-DHL', 'GALO-DHL', 'Frontera - Coah', 'NISSAN FRIO', 'Coah', 190, 2388.00, 1170.00, 0.00, 'FRIO', 0.00, 2, ''),
('GALO-DHL', 'GALO-DHL', 'Frontera - Coah', 'NISSAN SECO', 'Coah', 190, 1218.00, 0.00, 0.00, 'SECO', 0.00, 2, ''),
('GALO-DHL', 'GALO-DHL', 'Frontera - Coah', 'RABON FRIO', 'Coah', 190, 4585.00, 960.00, 0.00, 'FRIO', 0.00, 2, ''),
('GALO-DHL', 'GALO-DHL', 'Frontera - Coah', 'RABON SECO', 'Coah', 190, 3625.00, 0.00, 0.00, 'SECO', 0.00, 2, ''),
('GALO-DHL', 'GALO-DHL', 'Frontera - Coah', 'TORTON FRIO', 'Coah', 190, 5505.00, 597.00, 0.00, 'FRIO', 0.00, 2, ''),
('GALO-DHL', 'GALO-DHL', 'Frontera - Coah', 'TORTON SECO', 'Coah', 190, 4908.00, 0.00, 0.00, 'SECO', 0.00, 2, ''),
('GALO-DHL', 'GALO-DHL', 'Frontera - Coah', 'TORTONETA FRIO', 'Coah', 190, 3820.00, 1567.00, 0.00, 'FRIO', 0.00, 2, ''),
('GALO-DHL', 'GALO-DHL', 'Frontera - Coah', 'TORTONETA SECO', 'Coah', 190, 2253.00, 0.00, 0.00, 'SECO', 0.00, 2, ''),
('GALO-DHL', 'GALO-DHL', 'Frontera - Coah', 'TRAILER FRIO', 'Coah', 190, 0.00, 0.00, 0.00, '', 0.00, 2, ''),
('GALO-DHL', 'GALO-DHL', 'Frontera - Coah', 'TRAILER SECO', 'Coah', 190, 4913.00, 0.00, 0.00, 'SECO', 0.00, 2, ''),
('GALO-DHL', 'GALO-DHL', 'Gomez Palacio - Dgo', '1.5 TON FRIO', 'Dgo', 365, 2847.00, 549.00, 0.00, 'FRIO', 0.00, 2, ''),
('GALO-DHL', 'GALO-DHL', 'Gomez Palacio - Dgo', '1.5 TON SECO', 'Dgo', 365, 2298.00, 0.00, 0.00, 'SECO', 0.00, 2, ''),
('GALO-DHL', 'GALO-DHL', 'Gomez Palacio - Dgo', '3.5 TON FRIO', 'Dgo', 365, 3254.00, 651.00, 0.00, 'FRIO', 0.00, 2, ''),
('GALO-DHL', 'GALO-DHL', 'Gomez Palacio - Dgo', '3.5 TON SECO', 'Dgo', 365, 2603.00, 0.00, 0.00, 'SECO', 0.00, 2, ''),
('GALO-DHL', 'GALO-DHL', 'Gomez Palacio - Dgo', 'NISSAN FRIO', 'Dgo', 365, 2440.00, 447.00, 0.00, 'FRIO', 0.00, 2, ''),
('GALO-DHL', 'GALO-DHL', 'Gomez Palacio - Dgo', 'NISSAN SECO', 'Dgo', 365, 1993.00, 0.00, 0.00, 'SECO', 0.00, 2, ''),
('GALO-DHL', 'GALO-DHL', 'Gomez Palacio - Dgo', 'RABON FRIO', 'Dgo', 365, 6370.00, 1274.00, 0.00, 'FRIO', 0.00, 2, ''),
('GALO-DHL', 'GALO-DHL', 'Gomez Palacio - Dgo', 'RABON SECO', 'Dgo', 365, 5096.00, 0.00, 0.00, 'SECO', 0.00, 2, ''),
('GALO-DHL', 'GALO-DHL', 'Gomez Palacio - Dgo', 'TORTON FRIO', 'Dgo', 365, 7111.00, 1422.00, 0.00, 'FRIO', 0.00, 2, ''),
('GALO-DHL', 'GALO-DHL', 'Gomez Palacio - Dgo', 'TORTON SECO', 'Dgo', 365, 5689.00, 0.00, 0.00, 'SECO', 0.00, 2, ''),
('GALO-DHL', 'GALO-DHL', 'Gomez Palacio - Dgo', 'TORTONETA FRIO', 'Dgo', 365, 4888.00, 978.00, 0.00, 'FRIO', 0.00, 2, ''),
('GALO-DHL', 'GALO-DHL', 'Gomez Palacio - Dgo', 'TORTONETA SECO', 'Dgo', 365, 3910.00, 0.00, 0.00, 'SECO', 0.00, 2, ''),
('GALO-DHL', 'GALO-DHL', 'Gomez Palacio - Dgo', 'TRAILER FRIO', 'Dgo', 365, 8988.00, 1798.00, 0.00, 'FRIO', 0.00, 2, ''),
('GALO-DHL', 'GALO-DHL', 'Gomez Palacio - Dgo', 'TRAILER SECO', 'Dgo', 365, 7190.00, 0.00, 0.00, 'SECO', 0.00, 2, ''),
('GALO-DHL', 'GALO-DHL', 'Guadalupe - Zac', '1.5 TON SECO', 'Zac', 400, 2374.00, 0.00, 0.00, 'SECO', 0.00, 2, ''),
('GALO-DHL', 'GALO-DHL', 'Guadalupe - Zac', '3.5 TON SECO', 'Zac', 400, 2740.00, 0.00, 0.00, 'SECO', 0.00, 2, ''),
('GALO-DHL', 'GALO-DHL', 'Guadalupe - Zac', 'NISSAN FRIO', 'Zac', NULL, 4406.00, 2398.00, 0.00, 'SECO', 0.00, 0, ''),
('GALO-DHL', 'GALO-DHL', 'Guadalupe - Zac', 'NISSAN SECO', 'Zac', 400, 2008.00, 0.00, 0.00, 'SECO', 0.00, 2, ''),
('GALO-DHL', 'GALO-DHL', 'Guadalupe - Zac', 'RABON SECO', 'Zac', 400, 5364.00, 0.00, 0.00, 'SECO', 0.00, 2, ''),
('GALO-DHL', 'GALO-DHL', 'Guadalupe - Zac', 'TORTON SECO', 'Zac', 400, 5988.00, 0.00, 0.00, 'SECO', 0.00, 2, ''),
('GALO-DHL', 'GALO-DHL', 'Guadalupe - Zac', 'TORTONETA SECO', 'Zac', 400, 4116.00, 0.00, 0.00, 'SECO', 0.00, 2, ''),
('GALO-DHL', 'GALO-DHL', 'Guadalupe - Zac', 'TRAILER SECO', 'Zac', 400, 7568.00, 0.00, 0.00, 'SECO', 0.00, 2, ''),
('GALO-DHL', 'GALO-DHL', 'Hidalgo Del Parral - Chih', '1.5 TON FRIO', 'Chih', 685, 4804.00, 961.00, 0.00, 'FRIO', 0.00, 3, ''),
('GALO-DHL', 'GALO-DHL', 'Hidalgo Del Parral - Chih', '1.5 TON SECO', 'Chih', 685, 3843.00, 0.00, 0.00, 'SECO', 0.00, 3, ''),
('GALO-DHL', 'GALO-DHL', 'Hidalgo Del Parral - Chih', '3.5 TON FRIO', 'Chih', 685, 4915.00, 983.00, 0.00, 'FRIO', 0.00, 3, ''),
('GALO-DHL', 'GALO-DHL', 'Hidalgo Del Parral - Chih', '3.5 TON SECO', 'Chih', 685, 3932.00, 0.00, 0.00, 'SECO', 0.00, 3, ''),
('GALO-DHL', 'GALO-DHL', 'Hidalgo Del Parral - Chih', 'NISSAN FRIO', 'Chih', 685, 4693.00, 939.00, 0.00, 'FRIO', 0.00, 3, ''),
('GALO-DHL', 'GALO-DHL', 'Hidalgo Del Parral - Chih', 'NISSAN SECO', 'Chih', 685, 3754.00, 0.00, 0.00, 'SECO', 0.00, 3, ''),
('GALO-DHL', 'GALO-DHL', 'Hidalgo Del Parral - Chih', 'RABON FRIO', 'Chih', 685, 9915.00, 1983.00, 0.00, 'FRIO', 0.00, 3, ''),
('GALO-DHL', 'GALO-DHL', 'Hidalgo Del Parral - Chih', 'RABON SECO', 'Chih', 685, 7932.00, 0.00, 0.00, 'SECO', 0.00, 3, ''),
('GALO-DHL', 'GALO-DHL', 'Hidalgo Del Parral - Chih', 'TORTON FRIO', 'Chih', 685, 10164.00, 2033.00, 0.00, 'FRIO', 0.00, 3, ''),
('GALO-DHL', 'GALO-DHL', 'Hidalgo Del Parral - Chih', 'TORTON SECO', 'Chih', 685, 8131.00, 0.00, 0.00, 'SECO', 0.00, 3, ''),
('GALO-DHL', 'GALO-DHL', 'Hidalgo Del Parral - Chih', 'TORTONETA FRIO', 'Chih', 685, 6679.00, 1336.00, 0.00, 'FRIO', 0.00, 3, ''),
('GALO-DHL', 'GALO-DHL', 'Hidalgo Del Parral - Chih', 'TORTONETA SECO', 'Chih', 685, 5343.00, 0.00, 0.00, 'SECO', 0.00, 3, ''),
('GALO-DHL', 'GALO-DHL', 'Hidalgo Del Parral - Chih', 'TRAILER FRIO', 'Chih', 685, 12270.00, 2454.00, 0.00, 'FRIO', 0.00, 3, ''),
('GALO-DHL', 'GALO-DHL', 'Hidalgo Del Parral - Chih', 'TRAILER SECO', 'Chih', 685, 9816.00, 0.00, 0.00, 'SECO', 0.00, 3, ''),
('GALO-DHL', 'GALO-DHL', 'Jimenez - Chih', '1.5 TON SECO', 'Chih', 761, 3256.00, 0.00, 0.00, 'SECO', 0.00, 3, ''),
('GALO-DHL', 'GALO-DHL', 'Jimenez - Chih', '3.5 TON SECO', 'Chih', 761, 3618.00, 0.00, 0.00, 'SECO', 0.00, 3, ''),
('GALO-DHL', 'GALO-DHL', 'Jimenez - Chih', 'NISSAN SECO', 'Chih', 761, 2894.00, 0.00, 0.00, 'SECO', 0.00, 3, ''),
('GALO-DHL', 'GALO-DHL', 'Jimenez - Chih', 'RABON SECO', 'Chih', 761, 7508.00, 0.00, 0.00, 'SECO', 0.00, 3, ''),
('GALO-DHL', 'GALO-DHL', 'Jimenez - Chih', 'TORTON SECO', 'Chih', 761, 7908.00, 0.00, 0.00, 'SECO', 0.00, 3, ''),
('GALO-DHL', 'GALO-DHL', 'Jimenez - Chih', 'TORTONETA SECO', 'Chih', 761, 5060.00, 0.00, 0.00, 'SECO', 0.00, 3, ''),
('GALO-DHL', 'GALO-DHL', 'Jimenez - Chih', 'TRAILER SECO', 'Chih', 761, 9696.00, 0.00, 0.00, 'SECO', 0.00, 3, ''),
('GALO-DHL', 'GALO-DHL', 'Juan Aldama - Zac', '1.5 TON SECO', 'Zac', 630, 3657.00, 0.00, 0.00, 'SECO', 0.00, 3, ''),
('GALO-DHL', 'GALO-DHL', 'Juan Aldama - Zac', '3.5 TON SECO', 'Zac', 630, 3862.00, 0.00, 0.00, 'SECO', 0.00, 3, ''),
('GALO-DHL', 'GALO-DHL', 'Juan Aldama - Zac', 'NISSAN SECO', 'Zac', 630, 3452.00, 0.00, 0.00, 'SECO', 0.00, 3, ''),
('GALO-DHL', 'GALO-DHL', 'Juan Aldama - Zac', 'RABON SECO', 'Zac', 630, 7806.00, 0.00, 0.00, 'SECO', 0.00, 3, ''),
('GALO-DHL', 'GALO-DHL', 'Juan Aldama - Zac', 'TORTON SECO', 'Zac', 630, 8222.00, 0.00, 0.00, 'SECO', 0.00, 3, ''),
('GALO-DHL', 'GALO-DHL', 'Juan Aldama - Zac', 'TORTONETA SECO', 'Zac', 630, 5261.00, 0.00, 0.00, 'SECO', 0.00, 3, ''),
('GALO-DHL', 'GALO-DHL', 'Juan Aldama - Zac', 'TRAILER SECO', 'Zac', 630, 10080.00, 0.00, 0.00, 'SECO', 0.00, 3, ''),
('GALO-DHL', 'GALO-DHL', 'Juarez - Chih', '1.5 TON FRIO', 'Chih', 1200, 8435.00, 1467.00, 0.00, 'FRIO', 0.00, 4, ''),
('GALO-DHL', 'GALO-DHL', 'Juarez - Chih', '1.5 TON SECO', 'Chih', 1200, 6968.00, 0.00, 0.00, 'SECO', 0.00, 4, ''),
('GALO-DHL', 'GALO-DHL', 'Juarez - Chih', '3.5 TON FRIO', 'Chih', 1200, 9640.00, 1897.00, 0.00, 'FRIO', 0.00, 4, ''),
('GALO-DHL', 'GALO-DHL', 'Juarez - Chih', '3.5 TON SECO', 'Chih', 1200, 7743.00, 0.00, 0.00, 'SECO', 0.00, 4, ''),
('GALO-DHL', 'GALO-DHL', 'Juarez - Chih', 'NISSAN FRIO', 'Chih', 1200, 7230.00, 1036.00, 0.00, 'FRIO', 0.00, 4, ''),
('GALO-DHL', 'GALO-DHL', 'Juarez - Chih', 'NISSAN SECO', 'Chih', 1200, 6194.00, 0.00, 0.00, 'SECO', 0.00, 4, ''),
('GALO-DHL', 'GALO-DHL', 'Juarez - Chih', 'RABON FRIO', 'Chih', 1200, 15665.00, 4914.00, 0.00, 'FRIO', 0.00, 4, ''),
('GALO-DHL', 'GALO-DHL', 'Juarez - Chih', 'RABON SECO', 'Chih', 1200, 10751.00, 0.00, 0.00, 'SECO', 0.00, 4, ''),
('GALO-DHL', 'GALO-DHL', 'Juarez - Chih', 'TORTON FRIO', 'Chih', 1200, 18075.00, 6475.00, 0.00, 'FRIO', 0.00, 4, ''),
('GALO-DHL', 'GALO-DHL', 'Juarez - Chih', 'TORTON SECO', 'Chih', 1200, 11600.00, 0.00, 0.00, 'SECO', 0.00, 4, ''),
('GALO-DHL', 'GALO-DHL', 'Juarez - Chih', 'TORTONETA FRIO', 'Chih', 1200, 12050.00, 2712.00, 0.00, 'FRIO', 0.00, 4, ''),
('GALO-DHL', 'GALO-DHL', 'Juarez - Chih', 'TORTONETA SECO', 'Chih', 1150, 9338.00, 0.00, 0.00, 'SECO', 0.00, 4, ''),
('GALO-DHL', 'GALO-DHL', 'Juarez - Chih', 'TRAILER FRIO', 'Chih', 1200, 20244.00, 4744.00, 0.00, 'FRIO', 0.00, 4, ''),
('GALO-DHL', 'GALO-DHL', 'Juarez - Chih', 'TRAILER SECO', 'Chih', 1200, 15500.00, 0.00, 0.00, 'SECO', 0.00, 4, ''),
('GALO-DHL', 'GALO-DHL', 'Lerdo - Dgo', '1.5 TON FRIO', 'Dgo', 380, 2847.00, 549.00, 0.00, 'FRIO', 0.00, 2, ''),
('GALO-DHL', 'GALO-DHL', 'Lerdo - Dgo', '1.5 TON SECO', 'Dgo', 380, 2298.00, 0.00, 0.00, 'SECO', 0.00, 2, ''),
('GALO-DHL', 'GALO-DHL', 'Lerdo - Dgo', '3.5 TON FRIO', 'Dgo', 380, 3254.00, 651.00, 0.00, 'FRIO', 0.00, 2, ''),
('GALO-DHL', 'GALO-DHL', 'Lerdo - Dgo', '3.5 TON SECO', 'Dgo', 380, 2603.00, 0.00, 0.00, 'SECO', 0.00, 2, ''),
('GALO-DHL', 'GALO-DHL', 'Lerdo - Dgo', 'NISSAN FRIO', 'Dgo', 380, 2440.00, 447.00, 0.00, 'FRIO', 0.00, 2, ''),
('GALO-DHL', 'GALO-DHL', 'Lerdo - Dgo', 'NISSAN SECO', 'Dgo', 380, 1993.00, 0.00, 0.00, 'SECO', 0.00, 2, ''),
('GALO-DHL', 'GALO-DHL', 'Lerdo - Dgo', 'RABON FRIO', 'Dgo', 380, 6370.00, 1274.00, 0.00, 'FRIO', 0.00, 2, ''),
('GALO-DHL', 'GALO-DHL', 'Lerdo - Dgo', 'RABON SECO', 'Dgo', 380, 5096.00, 0.00, 0.00, 'SECO', 0.00, 2, ''),
('GALO-DHL', 'GALO-DHL', 'Lerdo - Dgo', 'TORTON FRIO', 'Dgo', 380, 7111.00, 1422.00, 0.00, 'FRIO', 0.00, 2, ''),
('GALO-DHL', 'GALO-DHL', 'Lerdo - Dgo', 'TORTON SECO', 'Dgo', 380, 5689.00, 0.00, 0.00, 'SECO', 0.00, 2, ''),
('GALO-DHL', 'GALO-DHL', 'Lerdo - Dgo', 'TORTONETA FRIO', 'Dgo', 380, 4888.00, 978.00, 0.00, 'FRIO', 0.00, 2, ''),
('GALO-DHL', 'GALO-DHL', 'Lerdo - Dgo', 'TORTONETA SECO', 'Dgo', 380, 3910.00, 0.00, 0.00, 'SECO', 0.00, 2, ''),
('GALO-DHL', 'GALO-DHL', 'Lerdo - Dgo', 'TRAILER FRIO', 'Dgo', 380, 8988.00, 1798.00, 0.00, 'FRIO', 0.00, 2, ''),
('GALO-DHL', 'GALO-DHL', 'Lerdo - Dgo', 'TRAILER SECO', 'Dgo', 380, 7190.00, 0.00, 0.00, 'SECO', 0.00, 2, ''),
('GALO-DHL', 'GALO-DHL', 'Linares - NL', '1.5 TON FRIO', 'NL', 133, 1680.00, 562.00, 0.00, 'FRIO', 0.00, 2, ''),
('GALO-DHL', 'GALO-DHL', 'Linares - NL', '1.5 TON SECO', 'NL', 133, 1118.00, 0.00, 0.00, 'SECO', 0.00, 2, ''),
('GALO-DHL', 'GALO-DHL', 'Linares - NL', '3.5 TON FRIO', 'NL', 133, 1920.00, 642.00, 0.00, 'FRIO', 0.00, 2, ''),
('GALO-DHL', 'GALO-DHL', 'Linares - NL', '3.5 TON SECO', 'NL', 133, 1278.00, 0.00, 0.00, 'SECO', 0.00, 2, ''),
('GALO-DHL', 'GALO-DHL', 'Linares - NL', 'NISSAN FRIO', 'NL', 133, 1440.00, 482.00, 0.00, 'FRIO', 0.00, 2, ''),
('GALO-DHL', 'GALO-DHL', 'Linares - NL', 'NISSAN SECO', 'NL', 133, 958.00, 0.00, 0.00, 'SECO', 0.00, 2, ''),
('GALO-DHL', 'GALO-DHL', 'Linares - NL', 'RABON FRIO', 'NL', 133, 3245.00, 186.00, 0.00, 'FRIO', 0.00, 2, ''),
('GALO-DHL', 'GALO-DHL', 'Linares - NL', 'RABON SECO', 'NL', 133, 3059.00, 0.00, 0.00, 'SECO', 0.00, 2, ''),
('GALO-DHL', 'GALO-DHL', 'Linares - NL', 'TORTON FRIO', 'NL', 133, 0.00, 0.00, 0.00, '', 0.00, 2, ''),
('GALO-DHL', 'GALO-DHL', 'Linares - NL', 'TORTON SECO', 'NL', 133, 4126.00, 0.00, 0.00, 'SECO', 0.00, 2, ''),
('GALO-DHL', 'GALO-DHL', 'Linares - NL', 'TORTONETA FRIO', 'NL', 133, 2495.00, 576.00, 0.00, 'FRIO', 0.00, 2, ''),
('GALO-DHL', 'GALO-DHL', 'Linares - NL', 'TORTONETA SECO', 'NL', 133, 1919.00, 0.00, 0.00, 'SECO', 0.00, 2, ''),
('GALO-DHL', 'GALO-DHL', 'Linares - NL', 'TRAILER FRIO', 'NL', 133, 0.00, 0.00, 0.00, '', 0.00, 2, ''),
('GALO-DHL', 'GALO-DHL', 'Linares - NL', 'TRAILER SECO', 'NL', 133, 4908.00, 0.00, 0.00, 'SECO', 0.00, 2, ''),
('GALO-DHL', 'GALO-DHL', 'Local - NL', '1.5 TON FRIO', 'NL', 60, 998.00, 425.00, 0.00, 'FRIO', 0.00, 2, ''),
('GALO-DHL', 'GALO-DHL', 'Local - NL', '1.5 TON SECO', 'NL', 60, 573.00, 0.00, 0.00, 'SECO', 0.00, 2, ''),
('GALO-DHL', 'GALO-DHL', 'Local - NL', '3.5 TON FRIO', 'NL', 60, 1140.00, 471.00, 0.00, 'FRIO', 0.00, 2, ''),
('GALO-DHL', 'GALO-DHL', 'Local - NL', '3.5 TON SECO', 'NL', 60, 669.00, 0.00, 0.00, 'SECO', 0.00, 2, ''),
('GALO-DHL', 'GALO-DHL', 'Local - NL', 'NISSAN FRIO', 'NL', 60, 855.00, 378.00, 0.00, 'FRIO', 0.00, 2, ''),
('GALO-DHL', 'GALO-DHL', 'Local - NL', 'NISSAN SECO', 'NL', 60, 477.00, 0.00, 0.00, 'SECO', 0.00, 2, ''),
('GALO-DHL', 'GALO-DHL', 'Local - NL', 'RABON FRIO', 'NL', 60, 1930.00, 445.00, 0.00, 'FRIO', 0.00, 2, ''),
('GALO-DHL', 'GALO-DHL', 'Local - NL', 'RABON SECO', 'NL', 60, 1485.00, 0.00, 0.00, 'SECO', 0.00, 2, ''),
('GALO-DHL', 'GALO-DHL', 'Local - NL', 'TORTON FRIO', 'NL', 60, 2212.00, 539.00, 0.00, 'FRIO', 0.00, 2, ''),
('GALO-DHL', 'GALO-DHL', 'Local - NL', 'TORTON SECO', 'NL', 60, 1673.00, 0.00, 0.00, 'SECO', 0.00, 2, ''),
('GALO-DHL', 'GALO-DHL', 'Local - NL', 'TORTONETA FRIO', 'NL', 60, 1480.00, 591.00, 0.00, 'FRIO', 0.00, 2, ''),
('GALO-DHL', 'GALO-DHL', 'Local - NL', 'TORTONETA SECO', 'NL', 60, 889.00, 0.00, 0.00, 'SECO', 0.00, 2, ''),
('GALO-DHL', 'GALO-DHL', 'Local - NL', 'TRAILER FRIO', 'NL', 60, 3450.00, 1650.00, 0.00, 'FRIO', 0.00, 2, ''),
('GALO-DHL', 'GALO-DHL', 'Local - NL', 'TRAILER SECO', 'NL', 60, 1800.00, 0.00, 0.00, 'SECO', 0.00, 2, ''),
('GALO-DHL', 'GALO-DHL', 'Madera - Chih', '1.5 TON SECO', 'Chih', 1120, 0.00, 0.00, 0.00, '', 0.00, 4, ''),
('GALO-DHL', 'GALO-DHL', 'Madera - Chih', '3.5 TON SECO', 'Chih', 1120, 6227.00, 0.00, 0.00, 'SECO', 0.00, 4, ''),
('GALO-DHL', 'GALO-DHL', 'Madera - Chih', 'NISSAN SECO', 'Chih', 1120, 0.00, 0.00, 0.00, '', 0.00, 4, ''),
('GALO-DHL', 'GALO-DHL', 'Madera - Chih', 'RABON SECO', 'Chih', 1120, 9968.00, 0.00, 0.00, 'SECO', 0.00, 4, ''),
('GALO-DHL', 'GALO-DHL', 'Madera - Chih', 'TORTON SECO', 'Chih', 1120, 11256.00, 0.00, 0.00, 'SECO', 0.00, 4, ''),
('GALO-DHL', 'GALO-DHL', 'Madera - Chih', 'TORTONETA SECO', 'Chih', 1120, 8658.00, 0.00, 0.00, 'SECO', 0.00, 4, ''),
('GALO-DHL', 'GALO-DHL', 'Madera - Chih', 'TRAILER SECO', 'Chih', 1120, 13227.00, 0.00, 0.00, 'SECO', 0.00, 4, ''),
('GALO-DHL', 'GALO-DHL', 'Mapimi - Dgo', '1.5 TON SECO', 'Dgo', 418, 2246.00, 0.00, 0.00, 'SECO', 0.00, 2, ''),
('GALO-DHL', 'GALO-DHL', 'Mapimi - Dgo', '3.5 TON SECO', 'Dgo', 418, 2679.00, 0.00, 0.00, 'SECO', 0.00, 2, ''),
('GALO-DHL', 'GALO-DHL', 'Mapimi - Dgo', 'NISSAN SECO', 'Dgo', 418, 1814.00, 0.00, 0.00, 'SECO', 0.00, 2, ''),
('GALO-DHL', 'GALO-DHL', 'Mapimi - Dgo', 'RABON SECO', 'Dgo', 418, 5848.00, 0.00, 0.00, 'SECO', 0.00, 2, ''),
('GALO-DHL', 'GALO-DHL', 'Mapimi - Dgo', 'TORTON SECO', 'Dgo', 418, 6115.00, 0.00, 0.00, 'SECO', 0.00, 2, ''),
('GALO-DHL', 'GALO-DHL', 'Mapimi - Dgo', 'TORTONETA SECO', 'Dgo', 418, 3950.00, 0.00, 0.00, 'SECO', 0.00, 2, ''),
('GALO-DHL', 'GALO-DHL', 'Mapimi - Dgo', 'TRAILER SECO', 'Dgo', 418, 7273.00, 0.00, 0.00, 'SECO', 0.00, 2, ''),
('GALO-DHL', 'GALO-DHL', 'Matamoros - Tamp', '1.5 TON FRIO', 'Tamp', 343, 3416.00, 1302.00, 0.00, 'FRIO', 0.00, 2, ''),
('GALO-DHL', 'GALO-DHL', 'Matamoros - Tamp', '1.5 TON SECO', 'Tamp', 343, 2114.00, 0.00, 0.00, 'SECO', 0.00, 2, ''),
('GALO-DHL', 'GALO-DHL', 'Matamoros - Tamp', '3.5 TON FRIO', 'Tamp', 343, 3905.00, 1490.00, 0.00, 'FRIO', 0.00, 2, ''),
('GALO-DHL', 'GALO-DHL', 'Matamoros - Tamp', '3.5 TON SECO', 'Tamp', 343, 2415.00, 0.00, 0.00, 'SECO', 0.00, 2, ''),
('GALO-DHL', 'GALO-DHL', 'Matamoros - Tamp', 'NISSAN FRIO', 'Tamp', 343, 2928.00, 1115.00, 0.00, 'FRIO', 0.00, 2, ''),
('GALO-DHL', 'GALO-DHL', 'Matamoros - Tamp', 'NISSAN SECO', 'Tamp', 343, 1813.00, 0.00, 0.00, 'SECO', 0.00, 2, ''),
('GALO-DHL', 'GALO-DHL', 'Matamoros - Tamp', 'RABON FRIO', 'Tamp', 343, 6600.00, 1843.00, 0.00, 'FRIO', 0.00, 2, ''),
('GALO-DHL', 'GALO-DHL', 'Matamoros - Tamp', 'RABON SECO', 'Tamp', 343, 4757.00, 0.00, 0.00, 'SECO', 0.00, 2, ''),
('GALO-DHL', 'GALO-DHL', 'Matamoros - Tamp', 'TORTON FRIO', 'Tamp', 343, 6821.00, 1364.00, 0.00, 'FRIO', 0.00, 2, ''),
('GALO-DHL', 'GALO-DHL', 'Matamoros - Tamp', 'TORTON SECO', 'Tamp', 343, 5457.00, 0.00, 0.00, 'SECO', 0.00, 2, ''),
('GALO-DHL', 'GALO-DHL', 'Matamoros - Tamp', 'TORTONETA FRIO', 'Tamp', 343, 5075.00, 1566.00, 0.00, 'FRIO', 0.00, 2, ''),
('GALO-DHL', 'GALO-DHL', 'Matamoros - Tamp', 'TORTONETA SECO', 'Tamp', 343, 3509.00, 0.00, 0.00, 'SECO', 0.00, 2, ''),
('GALO-DHL', 'GALO-DHL', 'Matamoros - Tamp', 'TRAILER FRIO', 'Tamp', 343, 7803.00, 1560.00, 0.00, 'FRIO', 0.00, 2, ''),
('GALO-DHL', 'GALO-DHL', 'Matamoros - Tamp', 'TRAILER SECO', 'Tamp', 343, 6243.00, 0.00, 0.00, 'SECO', 0.00, 2, ''),
('GALO-DHL', 'GALO-DHL', 'Matehuala - Slp', '1.5 TON SECO', 'SLP', 350, 2173.00, 0.00, 0.00, 'SECO', 0.00, 2, ''),
('GALO-DHL', 'GALO-DHL', 'Matehuala - Slp', '3.5 TON SECO', 'SLP', 350, 2415.00, 0.00, 0.00, 'SECO', 0.00, 2, ''),
('GALO-DHL', 'GALO-DHL', 'Matehuala - Slp', 'NISSAN SECO', 'SLP', 350, 1932.00, 0.00, 0.00, 'SECO', 0.00, 2, ''),
('GALO-DHL', 'GALO-DHL', 'Matehuala - Slp', 'RABON SECO', 'SLP', 350, 4757.00, 0.00, 0.00, 'SECO', 0.00, 2, ''),
('GALO-DHL', 'GALO-DHL', 'Matehuala - Slp', 'TORTON SECO', 'SLP', 350, 2124.00, 0.00, 0.00, 'SECO', 0.00, 2, ''),
('GALO-DHL', 'GALO-DHL', 'Matehuala - Slp', 'TORTONETA SECO', 'SLP', 350, 3509.00, 0.00, 0.00, 'SECO', 0.00, 2, ''),
('GALO-DHL', 'GALO-DHL', 'Matehuala - Slp', 'TRAILER SECO', 'SLP', 350, 6243.00, 0.00, 0.00, 'SECO', 0.00, 2, ''),
('GALO-DHL', 'GALO-DHL', 'Meoqui - Chih', '1.5 TON SECO', 'Chih', 772, 3862.00, 0.00, 0.00, 'SECO', 0.00, 3, ''),
('GALO-DHL', 'GALO-DHL', 'Meoqui - Chih', '3.5 TON SECO', 'Chih', 772, 4292.00, 0.00, 0.00, 'SECO', 0.00, 3, ''),
('GALO-DHL', 'GALO-DHL', 'Meoqui - Chih', 'NISSAN SECO', 'Chih', 772, 3433.00, 0.00, 0.00, 'SECO', 0.00, 3, ''),
('GALO-DHL', 'GALO-DHL', 'Meoqui - Chih', 'RABON SECO', 'Chih', 772, 9017.00, 0.00, 0.00, 'SECO', 0.00, 3, ''),
('GALO-DHL', 'GALO-DHL', 'Meoqui - Chih', 'TORTON SECO', 'Chih', 772, 9164.00, 0.00, 0.00, 'SECO', 0.00, 3, ''),
('GALO-DHL', 'GALO-DHL', 'Meoqui - Chih', 'TORTONETA SECO', 'Chih', 772, 6076.00, 0.00, 0.00, 'SECO', 0.00, 3, ''),
('GALO-DHL', 'GALO-DHL', 'Meoqui - Chih', 'TRAILER SECO', 'Chih', 772, 11063.00, 0.00, 0.00, 'SECO', 0.00, 3, ''),
('GALO-DHL', 'GALO-DHL', 'Miguel Aleman - Tamp', '1.5 TON SECO', 'Tamp', 180, 1301.00, 0.00, 0.00, 'SECO', 0.00, 2, ''),
('GALO-DHL', 'GALO-DHL', 'Miguel Aleman - Tamp', '3.5 TON SECO', 'Tamp', 180, 1325.00, 0.00, 0.00, 'SECO', 0.00, 2, ''),
('GALO-DHL', 'GALO-DHL', 'Miguel Aleman - Tamp', 'NISSAN SECO', 'Tamp', 180, 1278.00, 0.00, 0.00, 'SECO', 0.00, 2, ''),
('GALO-DHL', 'GALO-DHL', 'Miguel Aleman - Tamp', 'RABON SECO', 'Tamp', 180, 3244.00, 0.00, 0.00, 'SECO', 0.00, 2, ''),
('GALO-DHL', 'GALO-DHL', 'Miguel Aleman - Tamp', 'TORTON SECO', 'Tamp', 180, 4391.00, 0.00, 0.00, 'SECO', 0.00, 2, ''),
('GALO-DHL', 'GALO-DHL', 'Miguel Aleman - Tamp', 'TORTONETA SECO', 'Tamp', 180, 2234.00, 0.00, 0.00, 'SECO', 0.00, 2, ''),
('GALO-DHL', 'GALO-DHL', 'Miguel Aleman - Tamp', 'TRAILER SECO', 'Tamp', 180, 4396.00, 0.00, 0.00, 'SECO', 0.00, 2, ''),
('GALO-DHL', 'GALO-DHL', 'Monclova - Coah', '1.5 TON FRIO', 'Coah', 190, 2786.00, 1424.00, 0.00, 'FRIO', 0.00, 2, ''),
('GALO-DHL', 'GALO-DHL', 'Monclova - Coah', '1.5 TON SECO', 'Coah', 190, 1362.00, 0.00, 0.00, 'SECO', 0.00, 2, ''),
('GALO-DHL', 'GALO-DHL', 'Monclova - Coah', '3.5 TON FRIO', 'Coah', 190, 3185.00, 1680.00, 0.00, 'FRIO', 0.00, 2, ''),
('GALO-DHL', 'GALO-DHL', 'Monclova - Coah', '3.5 TON SECO', 'Coah', 190, 1505.00, 0.00, 0.00, 'SECO', 0.00, 2, ''),
('GALO-DHL', 'GALO-DHL', 'Monclova - Coah', 'NISSAN FRIO', 'Coah', 190, 2388.00, 1169.00, 0.00, 'FRIO', 0.00, 2, ''),
('GALO-DHL', 'GALO-DHL', 'Monclova - Coah', 'NISSAN SECO', 'Coah', 190, 1219.00, 0.00, 0.00, 'SECO', 0.00, 2, ''),
('GALO-DHL', 'GALO-DHL', 'Monclova - Coah', 'RABON FRIO', 'Coah', 190, 4585.00, 1960.00, 0.00, 'FRIO', 0.00, 2, ''),
('GALO-DHL', 'GALO-DHL', 'Monclova - Coah', 'RABON SECO', 'Coah', 190, 2625.00, 0.00, 0.00, 'SECO', 0.00, 2, ''),
('GALO-DHL', 'GALO-DHL', 'Monclova - Coah', 'TORTON FRIO', 'Coah', 190, 5505.00, 597.00, 0.00, 'FRIO', 0.00, 2, ''),
('GALO-DHL', 'GALO-DHL', 'Monclova - Coah', 'TORTON SECO', 'Coah', 190, 4908.00, 0.00, 0.00, 'SECO', 0.00, 2, ''),
('GALO-DHL', 'GALO-DHL', 'Monclova - Coah', 'TORTONETA FRIO', 'Coah', 190, 3820.00, 1567.00, 0.00, 'FRIO', 0.00, 2, ''),
('GALO-DHL', 'GALO-DHL', 'Monclova - Coah', 'TORTONETA SECO', 'Coah', 190, 2253.00, 0.00, 0.00, 'SECO', 0.00, 2, ''),
('GALO-DHL', 'GALO-DHL', 'Monclova - Coah', 'TRAILER FRIO', 'Coah', 190, 0.00, 0.00, 0.00, '', 0.00, 2, ''),
('GALO-DHL', 'GALO-DHL', 'Monclova - Coah', 'TRAILER SECO', 'Coah', 190, 4913.00, 0.00, 0.00, 'SECO', 0.00, 2, ''),
('GALO-DHL', 'GALO-DHL', 'Montemorelos - NL', '1.5 TON FRIO', 'NL', 80, 1680.00, 560.00, 0.00, 'FRIO', 0.00, 2, ''),
('GALO-DHL', 'GALO-DHL', 'Montemorelos - NL', '1.5 TON SECO', 'NL', 80, 1120.00, 0.00, 0.00, 'SECO', 0.00, 2, ''),
('GALO-DHL', 'GALO-DHL', 'Montemorelos - NL', '3.5 TON FRIO', 'NL', 80, 1920.00, 639.00, 0.00, 'FRIO', 0.00, 2, ''),
('GALO-DHL', 'GALO-DHL', 'Montemorelos - NL', '3.5 TON SECO', 'NL', 80, 1281.00, 0.00, 0.00, 'SECO', 0.00, 2, ''),
('GALO-DHL', 'GALO-DHL', 'Montemorelos - NL', 'NISSAN FRIO', 'NL', 80, 1440.00, 480.00, 0.00, 'FRIO', 0.00, 2, ''),
('GALO-DHL', 'GALO-DHL', 'Montemorelos - NL', 'NISSAN SECO', 'NL', 80, 960.00, 0.00, 0.00, 'SECO', 0.00, 2, ''),
('GALO-DHL', 'GALO-DHL', 'Montemorelos - NL', 'RABON FRIO', 'NL', 80, 2345.00, 0.00, 0.00, '', 0.00, 2, ''),
('GALO-DHL', 'GALO-DHL', 'Montemorelos - NL', 'RABON SECO', 'NL', 80, 2722.00, 0.00, 0.00, 'SECO', 0.00, 2, ''),
('GALO-DHL', 'GALO-DHL', 'Montemorelos - NL', 'TORTON FRIO', 'NL', 80, 0.00, 0.00, 0.00, '', 0.00, 2, ''),
('GALO-DHL', 'GALO-DHL', 'Montemorelos - NL', 'TORTON SECO', 'NL', 80, 3436.00, 0.00, 0.00, 'SECO', 0.00, 2, ''),
('GALO-DHL', 'GALO-DHL', 'Montemorelos - NL', 'TORTONETA FRIO', 'NL', 80, 2495.00, 0.00, 0.00, '', 0.00, 2, ''),
('GALO-DHL', 'GALO-DHL', 'Montemorelos - NL', 'TORTONETA SECO', 'NL', 80, 1786.00, 0.00, 0.00, 'SECO', 0.00, 2, ''),
('GALO-DHL', 'GALO-DHL', 'Montemorelos - NL', 'TRAILER FRIO', 'NL', 80, 0.00, 0.00, 0.00, '', 0.00, 2, ''),
('GALO-DHL', 'GALO-DHL', 'Montemorelos - NL', 'TRAILER SECO', 'NL', 80, 4128.00, 0.00, 0.00, 'SECO', 0.00, 2, ''),
('GALO-DHL', 'GALO-DHL', 'Montemorelos-Mty', '3.5 TON FRIO', 'NL', 80, 1728.00, 432.00, 0.00, 'FRIO', 0.00, 2, ''),
('GALO-DHL', 'GALO-DHL', 'Montemorelos-Mty', 'TORTONETA SECO', 'NL', 80, 2246.00, 562.00, 0.00, 'FRIO', 0.00, 2, ''),
('GALO-DHL', 'GALO-DHL', 'Muzquiz - Coah', '1.5 TON FRIO', 'Coah', 390, 3679.00, 1724.00, 0.00, 'FRIO', 0.00, 2, ''),
('GALO-DHL', 'GALO-DHL', 'Muzquiz - Coah', '1.5 TON SECO', 'Coah', 390, 1955.00, 0.00, 0.00, 'SECO', 0.00, 2, ''),
('GALO-DHL', 'GALO-DHL', 'Muzquiz - Coah', '3.5 TON FRIO', 'Coah', 390, 4205.00, 2194.00, 0.00, 'FRIO', 0.00, 2, ''),
('GALO-DHL', 'GALO-DHL', 'Muzquiz - Coah', '3.5 TON SECO', 'Coah', 390, 2011.00, 0.00, 0.00, 'SECO', 0.00, 2, ''),
('GALO-DHL', 'GALO-DHL', 'Muzquiz - Coah', 'NISSAN FRIO', 'Coah', 390, 3153.00, 1253.00, 0.00, 'FRIO', 0.00, 2, ''),
('GALO-DHL', 'GALO-DHL', 'Muzquiz - Coah', 'NISSAN SECO', 'Coah', 390, 1900.00, 0.00, 0.00, 'SECO', 0.00, 2, ''),
('GALO-DHL', 'GALO-DHL', 'Muzquiz - Coah', 'RABON FRIO', 'Coah', 390, 7105.00, 2358.00, 0.00, 'FRIO', 0.00, 2, ''),
('GALO-DHL', 'GALO-DHL', 'Muzquiz - Coah', 'RABON SECO', 'Coah', 390, 4747.00, 0.00, 0.00, 'SECO', 0.00, 2, ''),
('GALO-DHL', 'GALO-DHL', 'Muzquiz - Coah', 'TORTON FRIO', 'Coah', 390, 9240.00, 3941.00, 0.00, 'FRIO', 0.00, 2, ''),
('GALO-DHL', 'GALO-DHL', 'Muzquiz - Coah', 'TORTON SECO', 'Coah', 390, 5299.00, 0.00, 0.00, 'SECO', 0.00, 2, ''),
('GALO-DHL', 'GALO-DHL', 'Muzquiz - Coah', 'TORTONETA FRIO', 'Coah', 390, 5465.00, 1822.00, 0.00, 'FRIO', 0.00, 2, ''),
('GALO-DHL', 'GALO-DHL', 'Muzquiz - Coah', 'TORTONETA SECO', 'Coah', 390, 3643.00, 0.00, 0.00, 'SECO', 0.00, 2, ''),
('GALO-DHL', 'GALO-DHL', 'Muzquiz - Coah', 'TRAILER FRIO', 'Coah', 390, 0.00, 0.00, 0.00, '', 0.00, 2, ''),
('GALO-DHL', 'GALO-DHL', 'Muzquiz - Coah', 'TRAILER SECO', 'Coah', 390, 6698.00, 0.00, 0.00, 'SECO', 0.00, 2, ''),
('GALO-DHL', 'GALO-DHL', 'Nueva Rosita - Coah', '1.5 TON FRIO', 'Coah', 344, 3416.00, 1311.00, 0.00, 'FRIO', 0.00, 2, ''),
('GALO-DHL', 'GALO-DHL', 'Nueva Rosita - Coah', '1.5 TON SECO', 'Coah', 344, 2105.00, 0.00, 0.00, 'SECO', 0.00, 2, ''),
('GALO-DHL', 'GALO-DHL', 'Nueva Rosita - Coah', '3.5 TON FRIO', 'Coah', 344, 3905.00, 1483.00, 0.00, 'FRIO', 0.00, 2, ''),
('GALO-DHL', 'GALO-DHL', 'Nueva Rosita - Coah', '3.5 TON SECO', 'Coah', 344, 2422.00, 0.00, 0.00, 'SECO', 0.00, 2, ''),
('GALO-DHL', 'GALO-DHL', 'Nueva Rosita - Coah', 'NISSAN FRIO', 'Coah', 344, 2928.00, 1139.00, 0.00, 'FRIO', 0.00, 2, ''),
('GALO-DHL', 'GALO-DHL', 'Nueva Rosita - Coah', 'NISSAN SECO', 'Coah', 344, 1789.00, 0.00, 0.00, 'SECO', 0.00, 2, ''),
('GALO-DHL', 'GALO-DHL', 'Nueva Rosita - Coah', 'RABON FRIO', 'Coah', 344, 6600.00, 1829.00, 0.00, 'FRIO', 0.00, 2, ''),
('GALO-DHL', 'GALO-DHL', 'Nueva Rosita - Coah', 'RABON SECO', 'Coah', 344, 4771.00, 0.00, 0.00, 'SECO', 0.00, 2, ''),
('GALO-DHL', 'GALO-DHL', 'Nueva Rosita - Coah', 'TORTON FRIO', 'Coah', 344, 8580.00, 3107.00, 0.00, 'FRIO', 0.00, 2, ''),
('GALO-DHL', 'GALO-DHL', 'Nueva Rosita - Coah', 'TORTON SECO', 'Coah', 344, 5473.00, 0.00, 0.00, 'SECO', 0.00, 2, ''),
('GALO-DHL', 'GALO-DHL', 'Nueva Rosita - Coah', 'TORTONETA FRIO', 'Coah', 344, 5075.00, 1556.00, 0.00, 'FRIO', 0.00, 2, ''),
('GALO-DHL', 'GALO-DHL', 'Nueva Rosita - Coah', 'TORTONETA SECO', 'Coah', 344, 3519.00, 0.00, 0.00, 'SECO', 0.00, 2, ''),
('GALO-DHL', 'GALO-DHL', 'Nueva Rosita - Coah', 'TRAILER FRIO', 'Coah', 344, 9680.00, 3419.00, 0.00, 'FRIO', 0.00, 2, ''),
('GALO-DHL', 'GALO-DHL', 'Nueva Rosita - Coah', 'TRAILER SECO', 'Coah', 344, 6261.00, 0.00, 0.00, 'SECO', 0.00, 2, ''),
('GALO-DHL', 'GALO-DHL', 'Nvo. Ideal - Dgo', '1.5 TON FRIO', 'Dgo', 730, 5218.00, 1466.00, 0.00, 'FRIO', 0.00, 3, ''),
('GALO-DHL', 'GALO-DHL', 'Nvo. Ideal - Dgo', '1.5 TON SECO', 'Dgo', 730, 3752.00, 0.00, 0.00, 'SECO', 0.00, 3, ''),
('GALO-DHL', 'GALO-DHL', 'Nvo. Ideal - Dgo', '3.5 TON FRIO', 'Dgo', 730, 6267.00, 2098.00, 0.00, 'FRIO', 0.00, 3, ''),
('GALO-DHL', 'GALO-DHL', 'Nvo. Ideal - Dgo', '3.5 TON SECO', 'Dgo', 730, 4169.00, 0.00, 0.00, 'SECO', 0.00, 3, ''),
('GALO-DHL', 'GALO-DHL', 'Nvo. Ideal - Dgo', 'NISSAN FRIO', 'Dgo', 730, 4169.00, 834.00, 0.00, 'FRIO', 0.00, 3, ''),
('GALO-DHL', 'GALO-DHL', 'Nvo. Ideal - Dgo', 'NISSAN SECO', 'Dgo', 730, 3335.00, 0.00, 0.00, 'SECO', 0.00, 3, ''),
('GALO-DHL', 'GALO-DHL', 'Nvo. Ideal - Dgo', 'RABON FRIO', 'Dgo', 730, 10628.00, 2218.00, 0.00, 'FRIO', 0.00, 3, ''),
('GALO-DHL', 'GALO-DHL', 'Nvo. Ideal - Dgo', 'RABON SECO', 'Dgo', 730, 8410.00, 0.00, 0.00, 'SECO', 0.00, 3, ''),
('GALO-DHL', 'GALO-DHL', 'Nvo. Ideal - Dgo', 'TORTON FRIO', 'Dgo', 730, 11361.00, 2815.00, 0.00, 'FRIO', 0.00, 3, ''),
('GALO-DHL', 'GALO-DHL', 'Nvo. Ideal - Dgo', 'TORTON SECO', 'Dgo', 730, 8546.00, 0.00, 0.00, 'SECO', 0.00, 3, ''),
('GALO-DHL', 'GALO-DHL', 'Nvo. Ideal - Dgo', 'TORTONETA FRIO', 'Dgo', 730, 6963.00, 1297.00, 0.00, 'FRIO', 0.00, 3, ''),
('GALO-DHL', 'GALO-DHL', 'Nvo. Ideal - Dgo', 'TORTONETA SECO', 'Dgo', 730, 5666.00, 0.00, 0.00, 'SECO', 0.00, 3, ''),
('GALO-DHL', 'GALO-DHL', 'Nvo. Ideal - Dgo', 'TRAILER FRIO', 'Dgo', 730, 13194.00, 2876.00, 0.00, 'FRIO', 0.00, 3, ''),
('GALO-DHL', 'GALO-DHL', 'Nvo. Ideal - Dgo', 'TRAILER SECO', 'Dgo', 730, 10318.00, 0.00, 0.00, 'SECO', 0.00, 3, ''),
('GALO-DHL', 'GALO-DHL', 'Nvo. Laredo - Tamp', '1.5 TON FRIO', 'Tamp', 220, 2415.00, 913.00, 0.00, 'FRIO', 0.00, 2, ''),
('GALO-DHL', 'GALO-DHL', 'Nvo. Laredo - Tamp', '1.5 TON SECO', 'Tamp', 220, 1502.00, 0.00, 0.00, 'SECO', 0.00, 2, ''),
('GALO-DHL', 'GALO-DHL', 'Nvo. Laredo - Tamp', '3.5 TON FRIO', 'Tamp', 220, 2760.00, 1080.00, 0.00, 'FRIO', 0.00, 2, ''),
('GALO-DHL', 'GALO-DHL', 'Nvo. Laredo - Tamp', '3.5 TON SECO', 'Tamp', 220, 1680.00, 0.00, 0.00, 'SECO', 0.00, 2, ''),
('GALO-DHL', 'GALO-DHL', 'Nvo. Laredo - Tamp', 'NISSAN FRIO', 'Tamp', 220, 2070.00, 745.00, 0.00, 'FRIO', 0.00, 2, ''),
('GALO-DHL', 'GALO-DHL', 'Nvo. Laredo - Tamp', 'NISSAN SECO', 'Tamp', 220, 1325.00, 0.00, 0.00, 'SECO', 0.00, 2, ''),
('GALO-DHL', 'GALO-DHL', 'Nvo. Laredo - Tamp', 'RABON FRIO', 'Tamp', 220, 4670.00, 1158.00, 0.00, 'FRIO', 0.00, 2, ''),
('GALO-DHL', 'GALO-DHL', 'Nvo. Laredo - Tamp', 'RABON SECO', 'Tamp', 220, 3512.00, 0.00, 0.00, 'SECO', 0.00, 2, ''),
('GALO-DHL', 'GALO-DHL', 'Nvo. Laredo - Tamp', 'TORTON FRIO', 'Tamp', 220, 5977.00, 1195.00, 0.00, 'FRIO', 0.00, 2, ''),
('GALO-DHL', 'GALO-DHL', 'Nvo. Laredo - Tamp', 'TORTON SECO', 'Tamp', 220, 4782.00, 0.00, 0.00, 'SECO', 0.00, 2, ''),
('GALO-DHL', 'GALO-DHL', 'Nvo. Laredo - Tamp', 'TORTONETA FRIO', 'Tamp', 220, 3590.00, 1251.00, 0.00, 'FRIO', 0.00, 2, ''),
('GALO-DHL', 'GALO-DHL', 'Nvo. Laredo - Tamp', 'TORTONETA SECO', 'Tamp', 220, 2339.00, 0.00, 0.00, 'SECO', 0.00, 2, ''),
('GALO-DHL', 'GALO-DHL', 'Nvo. Laredo - Tamp', 'TRAILER FRIO', 'Tamp', 220, 0.00, 0.00, 0.00, '', 0.00, 2, ''),
('GALO-DHL', 'GALO-DHL', 'Nvo. Laredo - Tamp', 'TRAILER SECO', 'Tamp', 220, 5689.00, 0.00, 0.00, 'SECO', 0.00, 2, ''),
('GALO-DHL', 'GALO-DHL', 'Ojinaga - Chih', '1.5 TON FRIO', 'Chih', 1057, 6195.00, 1239.00, 0.00, 'FRIO', 0.00, 4, ''),
('GALO-DHL', 'GALO-DHL', 'Ojinaga - Chih', '1.5 TON SECO', 'Chih', 1057, 4956.00, 0.00, 0.00, 'SECO', 0.00, 4, ''),
('GALO-DHL', 'GALO-DHL', 'Ojinaga - Chih', '3.5 TON FRIO', 'Chih', 1057, 6883.00, 1376.00, 0.00, 'FRIO', 0.00, 4, ''),
('GALO-DHL', 'GALO-DHL', 'Ojinaga - Chih', '3.5 TON SECO', 'Chih', 1057, 5507.00, 0.00, 0.00, 'SECO', 0.00, 4, ''),
('GALO-DHL', 'GALO-DHL', 'Ojinaga - Chih', 'NISSAN FRIO', 'Chih', 1057, 5506.00, 1101.00, 0.00, 'FRIO', 0.00, 4, ''),
('GALO-DHL', 'GALO-DHL', 'Ojinaga - Chih', 'NISSAN SECO', 'Chih', 1057, 4405.00, 0.00, 0.00, 'SECO', 0.00, 4, ''),
('GALO-DHL', 'GALO-DHL', 'Ojinaga - Chih', 'RABON FRIO', 'Chih', 1057, 11758.00, 2351.00, 0.00, 'FRIO', 0.00, 4, ''),
('GALO-DHL', 'GALO-DHL', 'Ojinaga - Chih', 'RABON SECO', 'Chih', 1057, 9407.00, 0.00, 0.00, 'SECO', 0.00, 4, ''),
('GALO-DHL', 'GALO-DHL', 'Ojinaga - Chih', 'TORTON FRIO', 'Chih', 1057, 13278.00, 2655.00, 0.00, 'FRIO', 0.00, 4, ''),
('GALO-DHL', 'GALO-DHL', 'Ojinaga - Chih', 'TORTON SECO', 'Chih', 1057, 10623.00, 0.00, 0.00, 'SECO', 0.00, 4, ''),
('GALO-DHL', 'GALO-DHL', 'Ojinaga - Chih', 'TORTONETA FRIO', 'Chih', 1057, 10214.00, 2043.00, 0.00, 'FRIO', 0.00, 4, ''),
('GALO-DHL', 'GALO-DHL', 'Ojinaga - Chih', 'TORTONETA SECO', 'Chih', 1057, 8171.00, 0.00, 0.00, 'SECO', 0.00, 4, ''),
('GALO-DHL', 'GALO-DHL', 'Ojinaga - Chih', 'TRAILER FRIO', 'Chih', 1057, 15604.00, 3121.00, 0.00, 'FRIO', 0.00, 4, ''),
('GALO-DHL', 'GALO-DHL', 'Ojinaga - Chih', 'TRAILER SECO', 'Chih', 1057, 12483.00, 0.00, 0.00, 'SECO', 0.00, 4, ''),
('GALO-DHL', 'GALO-DHL', 'Panuco - Ver', '1.5 TON FRIO', 'Ver', 580, 5888.00, 2406.00, 0.00, 'FRIO', 0.00, 3, ''),
('GALO-DHL', 'GALO-DHL', 'Panuco - Ver', '1.5 TON SECO', 'Ver', 580, 3482.00, 0.00, 0.00, 'SECO', 0.00, 3, ''),
('GALO-DHL', 'GALO-DHL', 'Panuco - Ver', '3.5 TON FRIO', 'Ver', 580, 6730.00, 2346.00, 0.00, 'FRIO', 0.00, 3, ''),
('GALO-DHL', 'GALO-DHL', 'Panuco - Ver', '3.5 TON SECO', 'Ver', 580, 4384.00, 0.00, 0.00, 'SECO', 0.00, 3, ''),
('GALO-DHL', 'GALO-DHL', 'Panuco - Ver', 'NISSAN FRIO', 'Ver', 580, 5047.00, 2467.00, 0.00, 'FRIO', 0.00, 3, ''),
('GALO-DHL', 'GALO-DHL', 'Panuco - Ver', 'NISSAN SECO', 'Ver', 580, 2580.00, 0.00, 0.00, 'SECO', 0.00, 3, ''),
('GALO-DHL', 'GALO-DHL', 'Panuco - Ver', 'RABON FRIO', 'Ver', 580, 11375.00, 3941.00, 0.00, 'FRIO', 0.00, 3, ''),
('GALO-DHL', 'GALO-DHL', 'Panuco - Ver', 'RABON SECO', 'Ver', 580, 7434.00, 0.00, 0.00, 'SECO', 0.00, 3, ''),
('GALO-DHL', 'GALO-DHL', 'Panuco - Ver', 'TORTON FRIO', 'Ver', 580, 14785.00, 6955.00, 0.00, 'FRIO', 0.00, 3, ''),
('GALO-DHL', 'GALO-DHL', 'Panuco - Ver', 'TORTON SECO', 'Ver', 580, 7830.00, 0.00, 0.00, 'SECO', 0.00, 3, ''),
('GALO-DHL', 'GALO-DHL', 'Panuco - Ver', 'TORTONETA FRIO', 'Ver', 580, 8750.00, 2432.00, 0.00, 'FRIO', 0.00, 3, ''),
('GALO-DHL', 'GALO-DHL', 'Panuco - Ver', 'TORTONETA SECO', 'Ver', 580, 6318.00, 0.00, 0.00, 'SECO', 0.00, 3, ''),
('GALO-DHL', 'GALO-DHL', 'Panuco - Ver', 'TRAILER FRIO', 'Ver', 580, 17745.00, 8145.00, 0.00, 'FRIO', 0.00, 3, ''),
('GALO-DHL', 'GALO-DHL', 'Panuco - Ver', 'TRAILER SECO', 'Ver', 580, 9600.00, 0.00, 0.00, 'SECO', 0.00, 3, ''),
('GALO-DHL', 'GALO-DHL', 'Parras - Coah', '1.5 TON FRIO', 'Coah', 247, 1913.00, 383.00, 0.00, 'FRIO', 0.00, 2, ''),
('GALO-DHL', 'GALO-DHL', 'Parras - Coah', '1.5 TON SECO', 'Coah', 247, 1530.00, 0.00, 0.00, 'SECO', 0.00, 2, ''),
('GALO-DHL', 'GALO-DHL', 'Parras - Coah', '3.5 TON FRIO', 'Coah', 247, 2147.00, 429.00, 0.00, 'FRIO', 0.00, 2, ''),
('GALO-DHL', 'GALO-DHL', 'Parras - Coah', '3.5 TON SECO', 'Coah', 247, 1718.00, 0.00, 0.00, 'SECO', 0.00, 2, ''),
('GALO-DHL', 'GALO-DHL', 'Parras - Coah', 'NISSAN FRIO', 'Coah', 247, 1678.00, 335.00, 0.00, 'FRIO', 0.00, 2, ''),
('GALO-DHL', 'GALO-DHL', 'Parras - Coah', 'NISSAN SECO', 'Coah', 247, 1343.00, 0.00, 0.00, 'SECO', 0.00, 2, ''),
('GALO-DHL', 'GALO-DHL', 'Parras - Coah', 'RABON FRIO', 'Coah', 247, 4182.00, 542.00, 0.00, 'FRIO', 0.00, 2, ''),
('GALO-DHL', 'GALO-DHL', 'Parras - Coah', 'RABON SECO', 'Coah', 247, 3640.00, 0.00, 0.00, 'SECO', 0.00, 2, ''),
('GALO-DHL', 'GALO-DHL', 'Parras - Coah', 'TORTON FRIO', 'Coah', 247, 6362.00, 1272.00, 0.00, 'FRIO', 0.00, 2, ''),
('GALO-DHL', 'GALO-DHL', 'Parras - Coah', 'TORTON SECO', 'Coah', 247, 5090.00, 0.00, 0.00, 'SECO', 0.00, 2, ''),
('GALO-DHL', 'GALO-DHL', 'Parras - Coah', 'TORTONETA FRIO', 'Coah', 247, 3436.00, 687.00, 0.00, 'FRIO', 0.00, 2, ''),
('GALO-DHL', 'GALO-DHL', 'Parras - Coah', 'TORTONETA SECO', 'Coah', 247, 2749.00, 0.00, 0.00, 'SECO', 0.00, 2, ''),
('GALO-DHL', 'GALO-DHL', 'Parras - Coah', 'TRAILER FRIO', 'Coah', 247, 7571.00, 1514.00, 0.00, 'FRIO', 0.00, 2, ''),
('GALO-DHL', 'GALO-DHL', 'Parras - Coah', 'TRAILER SECO', 'Coah', 247, 6057.00, 0.00, 0.00, 'SECO', 0.00, 2, ''),
('GALO-DHL', 'GALO-DHL', 'Piedras Negras - Coah', '1.5 TON FRIO', 'Coah', 413, 3869.00, 1518.00, 0.00, 'FRIO', 0.00, 2, ''),
('GALO-DHL', 'GALO-DHL', 'Piedras Negras - Coah', '1.5 TON SECO', 'Coah', 413, 2351.00, 0.00, 0.00, 'SECO', 0.00, 2, ''),
('GALO-DHL', 'GALO-DHL', 'Piedras Negras - Coah', '3.5 TON FRIO', 'Coah', 413, 4585.00, 1938.00, 0.00, 'FRIO', 0.00, 2, ''),
('GALO-DHL', 'GALO-DHL', 'Piedras Negras - Coah', '3.5 TON SECO', 'Coah', 413, 2647.00, 0.00, 0.00, 'SECO', 0.00, 2, ''),
('GALO-DHL', 'GALO-DHL', 'Piedras Negras - Coah', 'NISSAN FRIO', 'Coah', 413, 3153.00, 1097.00, 0.00, 'FRIO', 0.00, 2, ''),
('GALO-DHL', 'GALO-DHL', 'Piedras Negras - Coah', 'NISSAN SECO', 'Coah', 413, 2056.00, 0.00, 0.00, 'SECO', 0.00, 2, ''),
('GALO-DHL', 'GALO-DHL', 'Piedras Negras - Coah', 'RABON FRIO', 'Coah', 413, 7920.00, 2142.00, 0.00, 'FRIO', 0.00, 2, ''),
('GALO-DHL', 'GALO-DHL', 'Piedras Negras - Coah', 'RABON SECO', 'Coah', 413, 5778.00, 0.00, 0.00, 'SECO', 0.00, 2, ''),
('GALO-DHL', 'GALO-DHL', 'Piedras Negras - Coah', 'TORTON FRIO', 'Coah', 413, 10295.00, 4253.00, 0.00, 'FRIO', 0.00, 2, ''),
('GALO-DHL', 'GALO-DHL', 'Piedras Negras - Coah', 'TORTON SECO', 'Coah', 413, 6042.00, 0.00, 0.00, 'SECO', 0.00, 2, ''),
('GALO-DHL', 'GALO-DHL', 'Piedras Negras - Coah', 'TORTONETA FRIO', 'Coah', 413, 6090.00, 2187.00, 0.00, 'FRIO', 0.00, 2, ''),
('GALO-DHL', 'GALO-DHL', 'Piedras Negras - Coah', 'TORTONETA SECO', 'Coah', 413, 3903.00, 0.00, 0.00, 'SECO', 0.00, 2, ''),
('GALO-DHL', 'GALO-DHL', 'Piedras Negras - Coah', 'TRAILER FRIO', 'Coah', 413, 0.00, 0.00, 0.00, '', 0.00, 2, ''),
('GALO-DHL', 'GALO-DHL', 'Piedras Negras - Coah', 'TRAILER SECO', 'Coah', 413, 7200.00, 0.00, 0.00, 'SECO', 0.00, 2, ''),
('GALO-DHL', 'GALO-DHL', 'Poza Rica - Ver', '1.5 TON SECO', 'Ver', 726, 4582.00, 0.00, 0.00, 'SECO', 0.00, 0, ''),
('GALO-DHL', 'GALO-DHL', 'Poza Rica - Ver', 'NISSAN SECO', 'Ver', 726, 4037.00, 0.00, 0.00, 'SECO', 0.00, 0, ''),
('GALO-DHL', 'GALO-DHL', 'Poza Rica - Ver', 'TORTONETA SECO', 'Ver', 726, 8496.00, 0.00, 0.00, 'SECO', 0.00, 0, ''),
('GALO-DHL', 'GALO-DHL', 'Pueblo Nuevo - Dgo', '1.5 TON FRIO', 'Dgo', 725, 5218.00, 1440.00, 0.00, 'FRIO', 0.00, 3, ''),
('GALO-DHL', 'GALO-DHL', 'Pueblo Nuevo - Dgo', '1.5 TON SECO', 'Dgo', 725, 3778.00, 0.00, 0.00, 'SECO', 0.00, 3, ''),
('GALO-DHL', 'GALO-DHL', 'Pueblo Nuevo - Dgo', '3.5 TON FRIO', 'Dgo', 725, 6267.00, 2069.00, 0.00, 'FRIO', 0.00, 3, ''),
('GALO-DHL', 'GALO-DHL', 'Pueblo Nuevo - Dgo', '3.5 TON SECO', 'Dgo', 725, 4198.00, 0.00, 0.00, 'SECO', 0.00, 3, ''),
('GALO-DHL', 'GALO-DHL', 'Pueblo Nuevo - Dgo', 'NISSAN FRIO', 'Dgo', 725, 4169.00, 811.00, 0.00, 'FRIO', 0.00, 3, ''),
('GALO-DHL', 'GALO-DHL', 'Pueblo Nuevo - Dgo', 'NISSAN SECO', 'Dgo', 725, 3358.00, 0.00, 0.00, 'SECO', 0.00, 3, ''),
('GALO-DHL', 'GALO-DHL', 'Pueblo Nuevo - Dgo', 'RABON FRIO', 'Dgo', 725, 10629.00, 4161.00, 0.00, 'FRIO', 0.00, 3, ''),
('GALO-DHL', 'GALO-DHL', 'Pueblo Nuevo - Dgo', 'RABON SECO', 'Dgo', 725, 6468.00, 0.00, 0.00, 'SECO', 0.00, 3, ''),
('GALO-DHL', 'GALO-DHL', 'Pueblo Nuevo - Dgo', 'TORTON FRIO', 'Dgo', 725, 11362.00, 2756.00, 0.00, 'FRIO', 0.00, 3, ''),
('GALO-DHL', 'GALO-DHL', 'Pueblo Nuevo - Dgo', 'TORTON SECO', 'Dgo', 725, 8606.00, 0.00, 0.00, 'SECO', 0.00, 3, ''),
('GALO-DHL', 'GALO-DHL', 'Pueblo Nuevo - Dgo', 'TORTONETA FRIO', 'Dgo', 725, 7257.00, 1451.00, 0.00, 'FRIO', 0.00, 3, ''),
('GALO-DHL', 'GALO-DHL', 'Pueblo Nuevo - Dgo', 'TORTONETA SECO', 'Dgo', 725, 5806.00, 0.00, 0.00, 'SECO', 0.00, 3, ''),
('GALO-DHL', 'GALO-DHL', 'Pueblo Nuevo - Dgo', 'TRAILER FRIO', 'Dgo', 725, 13194.00, 2805.00, 0.00, 'FRIO', 0.00, 3, ''),
('GALO-DHL', 'GALO-DHL', 'Pueblo Nuevo - Dgo', 'TRAILER SECO', 'Dgo', 725, 10389.00, 0.00, 0.00, 'SECO', 0.00, 3, ''),
('GALO-DHL', 'GALO-DHL', 'Ramos Arizpe - Coah', '1.5 TON FRIO', 'Coah', 88, 1693.00, 745.00, 0.00, 'FRIO', 0.00, 2, ''),
('GALO-DHL', 'GALO-DHL', 'Ramos Arizpe - Coah', '1.5 TON SECO', 'Coah', 88, 948.00, 0.00, 0.00, 'SECO', 0.00, 2, ''),
('GALO-DHL', 'GALO-DHL', 'Ramos Arizpe - Coah', '3.5 TON FRIO', 'Coah', 88, 1935.00, 728.00, 0.00, 'FRIO', 0.00, 2, ''),
('GALO-DHL', 'GALO-DHL', 'Ramos Arizpe - Coah', '3.5 TON SECO', 'Coah', 88, 1207.00, 0.00, 0.00, 'SECO', 0.00, 2, ''),
('GALO-DHL', 'GALO-DHL', 'Ramos Arizpe - Coah', 'NISSAN FRIO', 'Coah', 88, 1451.00, 762.00, 0.00, 'FRIO', 0.00, 2, ''),
('GALO-DHL', 'GALO-DHL', 'Ramos Arizpe - Coah', 'NISSAN SECO', 'Coah', 88, 689.00, 0.00, 0.00, 'SECO', 0.00, 2, ''),
('GALO-DHL', 'GALO-DHL', 'Ramos Arizpe - Coah', 'RABON FRIO', 'Coah', 88, 3265.00, 382.00, 0.00, 'FRIO', 0.00, 2, ''),
('GALO-DHL', 'GALO-DHL', 'Ramos Arizpe - Coah', 'RABON SECO', 'Coah', 88, 2883.00, 0.00, 0.00, 'SECO', 0.00, 2, ''),
('GALO-DHL', 'GALO-DHL', 'Ramos Arizpe - Coah', 'TORTON FRIO', 'Coah', 88, 4250.00, 814.00, 0.00, 'FRIO', 0.00, 2, ''),
('GALO-DHL', 'GALO-DHL', 'Ramos Arizpe - Coah', 'TORTON SECO', 'Coah', 88, 3436.00, 0.00, 0.00, 'SECO', 0.00, 2, ''),
('GALO-DHL', 'GALO-DHL', 'Ramos Arizpe - Coah', 'TORTONETA FRIO', 'Coah', 88, 2515.00, 665.00, 0.00, 'FRIO', 0.00, 2, ''),
('GALO-DHL', 'GALO-DHL', 'Ramos Arizpe - Coah', 'TORTONETA SECO', 'Coah', 88, 1850.00, 0.00, 0.00, 'SECO', 0.00, 2, ''),
('GALO-DHL', 'GALO-DHL', 'Ramos Arizpe - Coah', 'TRAILER FRIO', 'Coah', 88, 5160.00, 1032.00, 0.00, 'FRIO', 0.00, 2, ''),
('GALO-DHL', 'GALO-DHL', 'Ramos Arizpe - Coah', 'TRAILER SECO', 'Coah', 88, 4128.00, 0.00, 0.00, 'SECO', 0.00, 2, ''),
('GALO-DHL', 'GALO-DHL', 'Reynosa - Tamp', '1.5 TON FRIO', 'Tamp', 220, 2415.00, 860.00, 0.00, 'FRIO', 0.00, 2, ''),
('GALO-DHL', 'GALO-DHL', 'Reynosa - Tamp', '1.5 TON SECO', 'Tamp', 220, 1555.00, 0.00, 0.00, 'SECO', 0.00, 2, ''),
('GALO-DHL', 'GALO-DHL', 'Reynosa - Tamp', '3.5 TON FRIO', 'Tamp', 220, 2760.00, 932.00, 0.00, 'FRIO', 0.00, 2, ''),
('GALO-DHL', 'GALO-DHL', 'Reynosa - Tamp', '3.5 TON SECO', 'Tamp', 220, 1828.00, 0.00, 0.00, 'SECO', 0.00, 2, ''),
('GALO-DHL', 'GALO-DHL', 'Reynosa - Tamp', 'NISSAN FRIO', 'Tamp', 220, 2070.00, 787.00, 0.00, 'FRIO', 0.00, 2, ''),
('GALO-DHL', 'GALO-DHL', 'Reynosa - Tamp', 'NISSAN SECO', 'Tamp', 220, 1283.00, 0.00, 0.00, 'SECO', 0.00, 2, ''),
('GALO-DHL', 'GALO-DHL', 'Reynosa - Tamp', 'RABON FRIO', 'Tamp', 220, 4670.00, 706.00, 0.00, 'FRIO', 0.00, 2, ''),
('GALO-DHL', 'GALO-DHL', 'Reynosa - Tamp', 'RABON SECO', 'Tamp', 220, 3964.00, 0.00, 0.00, 'SECO', 0.00, 2, ''),
('GALO-DHL', 'GALO-DHL', 'Reynosa - Tamp', 'TORTON FRIO', 'Tamp', 220, 5976.00, 1195.00, 0.00, 'FRIO', 0.00, 2, ''),
('GALO-DHL', 'GALO-DHL', 'Reynosa - Tamp', 'TORTON SECO', 'Tamp', 220, 4781.00, 0.00, 0.00, 'SECO', 0.00, 2, ''),
('GALO-DHL', 'GALO-DHL', 'Reynosa - Tamp', 'TORTONETA FRIO', 'Tamp', 220, 3590.00, 919.00, 0.00, 'FRIO', 0.00, 2, ''),
('GALO-DHL', 'GALO-DHL', 'Reynosa - Tamp', 'TORTONETA SECO', 'Tamp', 220, 2671.00, 0.00, 0.00, 'SECO', 0.00, 2, ''),
('GALO-DHL', 'GALO-DHL', 'Reynosa - Tamp', 'TRAILER FRIO', 'Tamp', 220, 0.00, 0.00, 0.00, '', 0.00, 2, ''),
('GALO-DHL', 'GALO-DHL', 'Reynosa - Tamp', 'TRAILER SECO', 'Tamp', 220, 5689.00, 0.00, 0.00, 'SECO', 0.00, 2, ''),
('GALO-DHL', 'GALO-DHL', 'Rio Bravo - Tamp', '1.5 TON FRIO', 'Tamp', 245, 2415.00, 787.00, 0.00, 'FRIO', 0.00, 2, ''),
('GALO-DHL', 'GALO-DHL', 'Rio Bravo - Tamp', '1.5 TON SECO', 'Tamp', 245, 1628.00, 0.00, 0.00, 'SECO', 0.00, 2, ''),
('GALO-DHL', 'GALO-DHL', 'Rio Bravo - Tamp', '3.5 TON FRIO', 'Tamp', 245, 2760.00, 893.00, 0.00, 'FRIO', 0.00, 2, ''),
('GALO-DHL', 'GALO-DHL', 'Rio Bravo - Tamp', '3.5 TON SECO', 'Tamp', 245, 1867.00, 0.00, 0.00, 'SECO', 0.00, 2, ''),
('GALO-DHL', 'GALO-DHL', 'Rio Bravo - Tamp', 'NISSAN FRIO', 'Tamp', 245, 2070.00, 681.00, 0.00, 'FRIO', 0.00, 2, ''),
('GALO-DHL', 'GALO-DHL', 'Rio Bravo - Tamp', 'NISSAN SECO', 'Tamp', 245, 1389.00, 0.00, 0.00, 'SECO', 0.00, 2, ''),
('GALO-DHL', 'GALO-DHL', 'Rio Bravo - Tamp', 'RABON FRIO', 'Tamp', 245, 4670.00, 704.00, 0.00, 'FRIO', 0.00, 2, ''),
('GALO-DHL', 'GALO-DHL', 'Rio Bravo - Tamp', 'RABON SECO', 'Tamp', 245, 3966.00, 0.00, 0.00, 'SECO', 0.00, 2, ''),
('GALO-DHL', 'GALO-DHL', 'Rio Bravo - Tamp', 'TORTON FRIO', 'Tamp', 245, 6131.00, 1226.00, 0.00, 'FRIO', 0.00, 2, ''),
('GALO-DHL', 'GALO-DHL', 'Rio Bravo - Tamp', 'TORTON SECO', 'Tamp', 245, 4905.00, 0.00, 0.00, 'SECO', 0.00, 2, ''),
('GALO-DHL', 'GALO-DHL', 'Rio Bravo - Tamp', 'TORTONETA FRIO', 'Tamp', 245, 3590.00, 919.00, 0.00, 'FRIO', 0.00, 2, ''),
('GALO-DHL', 'GALO-DHL', 'Rio Bravo - Tamp', 'TORTONETA SECO', 'Tamp', 245, 2671.00, 0.00, 0.00, 'SECO', 0.00, 2, ''),
('GALO-DHL', 'GALO-DHL', 'Rio Bravo - Tamp', 'TRAILER FRIO', 'Tamp', 245, 0.00, 0.00, 0.00, '', 0.00, 2, ''),
('GALO-DHL', 'GALO-DHL', 'Rio Bravo - Tamp', 'TRAILER SECO', 'Tamp', 245, 5706.00, 0.00, 0.00, 'SECO', 0.00, 2, ''),
('GALO-DHL', 'GALO-DHL', 'Sabinas - Coah', '1.5 TON FRIO', 'Coah', 323, 3416.00, 1803.00, 0.00, 'FRIO', 0.00, 2, ''),
('GALO-DHL', 'GALO-DHL', 'Sabinas - Coah', '1.5 TON SECO', 'Coah', 323, 1613.00, 0.00, 0.00, 'SECO', 0.00, 2, ''),
('GALO-DHL', 'GALO-DHL', 'Sabinas - Coah', '3.5 TON FRIO', 'Coah', 323, 3905.00, 2264.00, 0.00, 'FRIO', 0.00, 2, ''),
('GALO-DHL', 'GALO-DHL', 'Sabinas - Coah', '3.5 TON SECO', 'Coah', 323, 1641.00, 0.00, 0.00, 'SECO', 0.00, 2, ''),
('GALO-DHL', 'GALO-DHL', 'Sabinas - Coah', 'NISSAN FRIO', 'Coah', 323, 2928.00, 1343.00, 0.00, 'FRIO', 0.00, 2, ''),
('GALO-DHL', 'GALO-DHL', 'Sabinas - Coah', 'NISSAN SECO', 'Coah', 323, 1585.00, 0.00, 0.00, 'SECO', 0.00, 2, ''),
('GALO-DHL', 'GALO-DHL', 'Sabinas - Coah', 'RABON FRIO', 'Coah', 323, 6600.00, 2120.00, 0.00, 'FRIO', 0.00, 2, ''),
('GALO-DHL', 'GALO-DHL', 'Sabinas - Coah', 'RABON SECO', 'Coah', 323, 4480.00, 0.00, 0.00, 'SECO', 0.00, 2, ''),
('GALO-DHL', 'GALO-DHL', 'Sabinas - Coah', 'TORTON FRIO', 'Coah', 323, 8580.00, 3341.00, 0.00, 'FRIO', 0.00, 2, ''),
('GALO-DHL', 'GALO-DHL', 'Sabinas - Coah', 'TORTON SECO', 'Coah', 323, 5239.00, 0.00, 0.00, 'SECO', 0.00, 2, ''),
('GALO-DHL', 'GALO-DHL', 'Sabinas - Coah', 'TORTONETA FRIO', 'Coah', 323, 5075.00, 1771.00, 0.00, 'FRIO', 0.00, 2, ''),
('GALO-DHL', 'GALO-DHL', 'Sabinas - Coah', 'TORTONETA SECO', 'Coah', 323, 3304.00, 0.00, 0.00, 'SECO', 0.00, 2, ''),
('GALO-DHL', 'GALO-DHL', 'Sabinas - Coah', 'TRAILER FRIO', 'Coah', 323, 0.00, 0.00, 0.00, '', 0.00, 2, ''),
('GALO-DHL', 'GALO-DHL', 'Sabinas - Coah', 'TRAILER SECO', 'Coah', 323, 5879.00, 0.00, 0.00, 'SECO', 0.00, 2, ''),
('GALO-DHL', 'GALO-DHL', 'Sabinas Hidalgo - NL', '1.5 TON FRIO', 'NL', 104, 1680.00, 808.00, 0.00, 'FRIO', 0.00, 2, ''),
('GALO-DHL', 'GALO-DHL', 'Sabinas Hidalgo - NL', '1.5 TON SECO', 'NL', 104, 872.00, 0.00, 0.00, 'SECO', 0.00, 2, ''),
('GALO-DHL', 'GALO-DHL', 'Sabinas Hidalgo - NL', '3.5 TON FRIO', 'NL', 104, 1920.00, 976.00, 0.00, 'FRIO', 0.00, 2, ''),
('GALO-DHL', 'GALO-DHL', 'Sabinas Hidalgo - NL', '3.5 TON SECO', 'NL', 104, 944.00, 0.00, 0.00, 'SECO', 0.00, 2, ''),
('GALO-DHL', 'GALO-DHL', 'Sabinas Hidalgo - NL', 'NISSAN FRIO', 'NL', 104, 1440.00, 639.00, 0.00, 'FRIO', 0.00, 2, ''),
('GALO-DHL', 'GALO-DHL', 'Sabinas Hidalgo - NL', 'NISSAN SECO', 'NL', 104, 801.00, 0.00, 0.00, 'SECO', 0.00, 2, ''),
('GALO-DHL', 'GALO-DHL', 'Sabinas Hidalgo - NL', 'RABON FRIO', 'NL', 104, 2345.00, 0.00, 0.00, '', 0.00, 2, ''),
('GALO-DHL', 'GALO-DHL', 'Sabinas Hidalgo - NL', 'RABON SECO', 'NL', 104, 2720.00, 0.00, 0.00, 'SECO', 0.00, 2, ''),
('GALO-DHL', 'GALO-DHL', 'Sabinas Hidalgo - NL', 'TORTON FRIO', 'NL', 104, 0.00, 0.00, 0.00, '', 0.00, 2, ''),
('GALO-DHL', 'GALO-DHL', 'Sabinas Hidalgo - NL', 'TORTON SECO', 'NL', 104, 3226.00, 0.00, 0.00, 'SECO', 0.00, 2, ''),
('GALO-DHL', 'GALO-DHL', 'Sabinas Hidalgo - NL', 'TORTONETA FRIO', 'NL', 104, 2495.00, 659.00, 0.00, 'FRIO', 0.00, 2, ''),
('GALO-DHL', 'GALO-DHL', 'Sabinas Hidalgo - NL', 'TORTONETA SECO', 'NL', 104, 1836.00, 0.00, 0.00, 'SECO', 0.00, 2, ''),
('GALO-DHL', 'GALO-DHL', 'Sabinas Hidalgo - NL', 'TRAILER FRIO', 'NL', 104, 0.00, 0.00, 0.00, '', 0.00, 2, ''),
('GALO-DHL', 'GALO-DHL', 'Sabinas Hidalgo - NL', 'TRAILER SECO', 'NL', 104, 3838.00, 0.00, 0.00, 'SECO', 0.00, 2, ''),
('GALO-DHL', 'GALO-DHL', 'Saltillo - Coah', '1.5 TON FRIO', 'Coah', 90, 1693.00, 723.00, 0.00, 'FRIO', 0.00, 2, ''),
('GALO-DHL', 'GALO-DHL', 'Saltillo - Coah', '1.5 TON SECO', 'Coah', 90, 970.00, 0.00, 0.00, 'SECO', 0.00, 2, ''),
('GALO-DHL', 'GALO-DHL', 'Saltillo - Coah', '3.5 TON FRIO', 'Coah', 90, 1935.00, 700.00, 0.00, 'FRIO', 0.00, 2, ''),
('GALO-DHL', 'GALO-DHL', 'Saltillo - Coah', '3.5 TON SECO', 'Coah', 90, 1235.00, 0.00, 0.00, 'SECO', 0.00, 2, ''),
('GALO-DHL', 'GALO-DHL', 'Saltillo - Coah', 'NISSAN FRIO', 'Coah', 90, 1451.00, 746.00, 0.00, 'FRIO', 0.00, 2, ''),
('GALO-DHL', 'GALO-DHL', 'Saltillo - Coah', 'NISSAN SECO', 'Coah', 90, 705.00, 0.00, 0.00, 'SECO', 0.00, 2, ''),
('GALO-DHL', 'GALO-DHL', 'Saltillo - Coah', 'RABON FRIO', 'Coah', 90, 3265.00, 317.00, 0.00, 'FRIO', 0.00, 2, ''),
('GALO-DHL', 'GALO-DHL', 'Saltillo - Coah', 'RABON SECO', 'Coah', 90, 2948.00, 0.00, 0.00, 'SECO', 0.00, 2, ''),
('GALO-DHL', 'GALO-DHL', 'Saltillo - Coah', 'TORTON FRIO', 'Coah', 90, 4250.00, 814.00, 0.00, 'FRIO', 0.00, 2, ''),
('GALO-DHL', 'GALO-DHL', 'Saltillo - Coah', 'TORTON SECO', 'Coah', 90, 3436.00, 0.00, 0.00, 'SECO', 0.00, 2, ''),
('GALO-DHL', 'GALO-DHL', 'Saltillo - Coah', 'TORTONETA FRIO', 'Coah', 90, 2515.00, 623.00, 0.00, 'FRIO', 0.00, 2, ''),
('GALO-DHL', 'GALO-DHL', 'Saltillo - Coah', 'TORTONETA SECO', 'Coah', 90, 1892.00, 0.00, 0.00, 'SECO', 0.00, 2, ''),
('GALO-DHL', 'GALO-DHL', 'Saltillo - Coah', 'TRAILER FRIO', 'Coah', 90, 5160.00, 1032.00, 0.00, 'FRIO', 0.00, 2, ''),
('GALO-DHL', 'GALO-DHL', 'Saltillo - Coah', 'TRAILER SECO', 'Coah', 90, 4128.00, 0.00, 0.00, 'SECO', 0.00, 2, ''),
('GALO-DHL', 'GALO-DHL', 'San Fernando - Tamp', '1.5 TON FRIO', 'Tamp', 453, 0.00, 0.00, 0.00, '', 0.00, 2, ''),
('GALO-DHL', 'GALO-DHL', 'San Fernando - Tamp', '1.5 TON SECO', 'Tamp', 453, 2344.00, 0.00, 0.00, 'SECO', 0.00, 2, ''),
('GALO-DHL', 'GALO-DHL', 'San Fernando - Tamp', '3.5 TON FRIO', 'Tamp', 453, 3403.00, 680.00, 0.00, 'FRIO', 0.00, 2, ''),
('GALO-DHL', 'GALO-DHL', 'San Fernando - Tamp', '3.5 TON SECO', 'Tamp', 453, 2723.00, 0.00, 0.00, 'SECO', 0.00, 2, ''),
('GALO-DHL', 'GALO-DHL', 'San Fernando - Tamp', 'NISSAN FRIO', 'Tamp', 453, 3404.00, 1438.00, 0.00, 'FRIO', 0.00, 2, ''),
('GALO-DHL', 'GALO-DHL', 'San Fernando - Tamp', 'NISSAN SECO', 'Tamp', 453, 1966.00, 0.00, 0.00, 'SECO', 0.00, 2, ''),
('GALO-DHL', 'GALO-DHL', 'San Fernando - Tamp', 'RABON FRIO', 'Tamp', 453, 7547.00, 1509.00, 0.00, 'FRIO', 0.00, 2, ''),
('GALO-DHL', 'GALO-DHL', 'San Fernando - Tamp', 'RABON SECO', 'Tamp', 453, 6038.00, 0.00, 0.00, 'SECO', 0.00, 2, ''),
('GALO-DHL', 'GALO-DHL', 'San Fernando - Tamp', 'TORTON FRIO', 'Tamp', 453, 8415.00, 1982.00, 0.00, 'FRIO', 0.00, 2, ''),
('GALO-DHL', 'GALO-DHL', 'San Fernando - Tamp', 'TORTON SECO', 'Tamp', 453, 6433.00, 0.00, 0.00, 'SECO', 0.00, 2, ''),
('GALO-DHL', 'GALO-DHL', 'San Fernando - Tamp', 'TORTONETA FRIO', 'Tamp', 453, 6404.00, 1258.00, 0.00, 'FRIO', 0.00, 2, ''),
('GALO-DHL', 'GALO-DHL', 'San Fernando - Tamp', 'TORTONETA SECO', 'Tamp', 453, 5146.00, 0.00, 0.00, 'SECO', 0.00, 2, ''),
('GALO-DHL', 'GALO-DHL', 'San Fernando - Tamp', 'TRAILER FRIO', 'Tamp', 453, 0.00, 0.00, 0.00, '', 0.00, 2, ''),
('GALO-DHL', 'GALO-DHL', 'San Fernando - Tamp', 'TRAILER SECO', 'Tamp', 453, 6732.00, 0.00, 0.00, 'SECO', 0.00, 2, ''),
('GALO-DHL', 'GALO-DHL', 'San Juan De Sabinas - Coah', '1.5 TON FRIO', 'Coah', 344, 3416.00, 1311.00, 0.00, 'FRIO', 0.00, 2, ''),
('GALO-DHL', 'GALO-DHL', 'San Juan De Sabinas - Coah', '1.5 TON SECO', 'Coah', 344, 2105.00, 0.00, 0.00, 'SECO', 0.00, 2, '');
INSERT INTO `tarifas` (`tar_empresa_id`, `tar_cliente_princ`, `tar_ciudad_id`, `tar_tipo_vehiculo_id`, `tar_estado`, `tar_kilometraje`, `tar_tarifa`, `tar_tarifa_fria`, `tar_autopistas`, `tar_tipo_tarifa`, `tar_pago_transp`, `tar_dias_evidencias`, `tar_comentarios`) VALUES
('GALO-DHL', 'GALO-DHL', 'San Juan De Sabinas - Coah', '3.5 TON FRIO', 'Coah', 344, 3905.00, 1483.00, 0.00, 'FRIO', 0.00, 2, ''),
('GALO-DHL', 'GALO-DHL', 'San Juan De Sabinas - Coah', '3.5 TON SECO', 'Coah', 344, 2422.00, 0.00, 0.00, 'SECO', 0.00, 2, ''),
('GALO-DHL', 'GALO-DHL', 'San Juan De Sabinas - Coah', 'NISSAN FRIO', 'Coah', 344, 2928.00, 1139.00, 0.00, 'FRIO', 0.00, 2, ''),
('GALO-DHL', 'GALO-DHL', 'San Juan De Sabinas - Coah', 'NISSAN SECO', 'Coah', 344, 1789.00, 0.00, 0.00, 'SECO', 0.00, 2, ''),
('GALO-DHL', 'GALO-DHL', 'San Juan De Sabinas - Coah', 'RABON FRIO', 'Coah', 344, 6600.00, 1829.00, 0.00, 'FRIO', 0.00, 2, ''),
('GALO-DHL', 'GALO-DHL', 'San Juan De Sabinas - Coah', 'RABON SECO', 'Coah', 344, 4771.00, 0.00, 0.00, 'SECO', 0.00, 2, ''),
('GALO-DHL', 'GALO-DHL', 'San Juan De Sabinas - Coah', 'TORTON FRIO', 'Coah', 344, 8580.00, 3107.00, 0.00, 'FRIO', 0.00, 2, ''),
('GALO-DHL', 'GALO-DHL', 'San Juan De Sabinas - Coah', 'TORTON SECO', 'Coah', 344, 5473.00, 0.00, 0.00, 'SECO', 0.00, 2, ''),
('GALO-DHL', 'GALO-DHL', 'San Juan De Sabinas - Coah', 'TORTONETA FRIO', 'Coah', 344, 5075.00, 1556.00, 0.00, 'FRIO', 0.00, 2, ''),
('GALO-DHL', 'GALO-DHL', 'San Juan De Sabinas - Coah', 'TORTONETA SECO', 'Coah', 344, 3519.00, 0.00, 0.00, 'SECO', 0.00, 2, ''),
('GALO-DHL', 'GALO-DHL', 'San Juan De Sabinas - Coah', 'TRAILER FRIO', 'Coah', 344, 0.00, 0.00, 0.00, '', 0.00, 2, ''),
('GALO-DHL', 'GALO-DHL', 'San Juan De Sabinas - Coah', 'TRAILER SECO', 'Coah', 344, 6261.00, 0.00, 0.00, 'SECO', 0.00, 2, ''),
('GALO-DHL', 'GALO-DHL', 'San Luis Potosi - SLP', '1.5 TON FRIO', 'SLP', 525, 5140.00, 1807.00, 0.00, 'FRIO', 0.00, 3, ''),
('GALO-DHL', 'GALO-DHL', 'San Luis Potosi - SLP', '1.5 TON SECO', 'SLP', 525, 3333.00, 0.00, 0.00, 'SECO', 0.00, 3, ''),
('GALO-DHL', 'GALO-DHL', 'San Luis Potosi - SLP', '3.5 TON FRIO', 'SLP', 525, 5875.00, 2171.00, 0.00, 'FRIO', 0.00, 3, ''),
('GALO-DHL', 'GALO-DHL', 'San Luis Potosi - SLP', '3.5 TON SECO', 'SLP', 525, 3704.00, 0.00, 0.00, 'SECO', 0.00, 3, ''),
('GALO-DHL', 'GALO-DHL', 'San Luis Potosi - SLP', 'NISSAN FRIO', 'SLP', 525, 4406.00, 1443.00, 0.00, 'FRIO', 0.00, 3, ''),
('GALO-DHL', 'GALO-DHL', 'San Luis Potosi - SLP', 'NISSAN SECO', 'SLP', 525, 2963.00, 0.00, 0.00, 'SECO', 0.00, 3, ''),
('GALO-DHL', 'GALO-DHL', 'San Luis Potosi - SLP', 'RABON FRIO', 'SLP', 525, 9930.00, 3196.00, 0.00, 'FRIO', 0.00, 3, ''),
('GALO-DHL', 'GALO-DHL', 'San Luis Potosi - SLP', 'RABON SECO', 'SLP', 525, 6734.00, 0.00, 0.00, 'SECO', 0.00, 3, ''),
('GALO-DHL', 'GALO-DHL', 'San Luis Potosi - SLP', 'TORTON FRIO', 'SLP', 525, 12910.00, 5399.00, 0.00, 'FRIO', 0.00, 3, ''),
('GALO-DHL', 'GALO-DHL', 'San Luis Potosi - SLP', 'TORTON SECO', 'SLP', 525, 7511.00, 0.00, 0.00, 'SECO', 0.00, 3, ''),
('GALO-DHL', 'GALO-DHL', 'San Luis Potosi - SLP', 'TORTONETA FRIO', 'SLP', 525, 7640.00, 1900.00, 0.00, 'FRIO', 0.00, 3, ''),
('GALO-DHL', 'GALO-DHL', 'San Luis Potosi - SLP', 'TORTONETA SECO', 'SLP', 525, 5740.00, 0.00, 0.00, 'SECO', 0.00, 3, ''),
('GALO-DHL', 'GALO-DHL', 'San Luis Potosi - SLP', 'TRAILER FRIO', 'SLP', 525, 15490.00, 6591.00, 0.00, 'FRIO', 0.00, 3, ''),
('GALO-DHL', 'GALO-DHL', 'San Luis Potosi - SLP', 'TRAILER SECO', 'SLP', 525, 8899.00, 0.00, 0.00, 'SECO', 0.00, 3, ''),
('GALO-DHL', 'GALO-DHL', 'Santiago Papasquiaro - Dgo', '1.5 TON SECO', 'Dgo', 816, 4553.00, 0.00, 0.00, 'SECO', 0.00, 4, ''),
('GALO-DHL', 'GALO-DHL', 'Santiago Papasquiaro - Dgo', '3.5 TON FRIO', 'Dgo', 816, 6324.00, 1265.00, 0.00, 'FRIO', 0.00, 4, ''),
('GALO-DHL', 'GALO-DHL', 'Santiago Papasquiaro - Dgo', '3.5 TON SECO', 'Dgo', 816, 5059.00, 0.00, 0.00, 'SECO', 0.00, 4, ''),
('GALO-DHL', 'GALO-DHL', 'Santiago Papasquiaro - Dgo', 'NISSAN SECO', 'Dgo', 816, 4047.00, 0.00, 0.00, 'SECO', 0.00, 4, ''),
('GALO-DHL', 'GALO-DHL', 'Santiago Papasquiaro - Dgo', 'RABON SECO', 'Dgo', 816, 9466.00, 0.00, 0.00, 'SECO', 0.00, 4, ''),
('GALO-DHL', 'GALO-DHL', 'Santiago Papasquiaro - Dgo', 'TORTON SECO', 'Dgo', 816, 9686.00, 0.00, 0.00, 'SECO', 0.00, 4, ''),
('GALO-DHL', 'GALO-DHL', 'Santiago Papasquiaro - Dgo', 'TORTONETA FRIO', 'Dgo', 816, 8123.00, 1309.00, 0.00, 'FRIO', 0.00, 4, ''),
('GALO-DHL', 'GALO-DHL', 'Santiago Papasquiaro - Dgo', 'TORTONETA SECO', 'Dgo', 816, 6814.00, 0.00, 0.00, 'SECO', 0.00, 4, ''),
('GALO-DHL', 'GALO-DHL', 'Santiago Papasquiaro - Dgo', 'TRAILER SECO', 'Dgo', 816, 11693.00, 0.00, 0.00, 'SECO', 0.00, 4, ''),
('GALO-DHL', 'GALO-DHL', 'Soledad de Graciano Sanchez - SLP', '1.5 TON SECO', 'SLP', 600, 3129.00, 0.00, 0.00, 'SECO', 0.00, 3, ''),
('GALO-DHL', 'GALO-DHL', 'Soledad de Graciano Sanchez - SLP', '3.5 TON SECO', 'SLP', 600, 3704.00, 0.00, 0.00, 'SECO', 0.00, 3, ''),
('GALO-DHL', 'GALO-DHL', 'Soledad de Graciano Sanchez - SLP', 'NISSAN SECO', 'SLP', 600, 2554.00, 0.00, 0.00, 'SECO', 0.00, 3, ''),
('GALO-DHL', 'GALO-DHL', 'Soledad de Graciano Sanchez - SLP', 'RABON SECO', 'SLP', 600, 6734.00, 0.00, 0.00, 'SECO', 0.00, 3, ''),
('GALO-DHL', 'GALO-DHL', 'Soledad de Graciano Sanchez - SLP', 'TORTON SECO', 'SLP', 600, 7511.00, 0.00, 0.00, 'SECO', 0.00, 3, ''),
('GALO-DHL', 'GALO-DHL', 'Soledad de Graciano Sanchez - SLP', 'TORTONETA SECO', 'SLP', 600, 5740.00, 0.00, 0.00, 'SECO', 0.00, 3, ''),
('GALO-DHL', 'GALO-DHL', 'Soledad de Graciano Sanchez - SLP', 'TRAILER SECO', 'SLP', 600, 8899.00, 0.00, 0.00, 'SECO', 0.00, 3, ''),
('GALO-DHL', 'GALO-DHL', 'Tamazunchale - Slp', '1.5 TON SECO', 'SLP', 652, 3563.00, 0.00, 0.00, 'SECO', 0.00, 3, ''),
('GALO-DHL', 'GALO-DHL', 'Tamazunchale - Slp', '3.5 TON SECO', 'SLP', 652, 4315.00, 0.00, 0.00, 'SECO', 0.00, 3, ''),
('GALO-DHL', 'GALO-DHL', 'Tamazunchale - Slp', 'NISSAN SECO', 'SLP', 652, 2811.00, 0.00, 0.00, 'SECO', 0.00, 3, ''),
('GALO-DHL', 'GALO-DHL', 'Tamazunchale - Slp', 'RABON SECO', 'SLP', 652, 7837.00, 0.00, 0.00, 'SECO', 0.00, 3, ''),
('GALO-DHL', 'GALO-DHL', 'Tamazunchale - Slp', 'TORTON SECO', 'SLP', 652, 8749.00, 0.00, 0.00, 'SECO', 0.00, 3, ''),
('GALO-DHL', 'GALO-DHL', 'Tamazunchale - Slp', 'TORTONETA SECO', 'SLP', 652, 6680.00, 0.00, 0.00, 'SECO', 0.00, 3, ''),
('GALO-DHL', 'GALO-DHL', 'Tamazunchale - Slp', 'TRAILER SECO', 'SLP', 652, 10365.00, 0.00, 0.00, 'SECO', 0.00, 3, ''),
('GALO-DHL', 'GALO-DHL', 'Tampico - Tamp', '1.5 TON FRIO', 'Tamp', 550, 5140.00, 2041.00, 0.00, 'FRIO', 0.00, 3, ''),
('GALO-DHL', 'GALO-DHL', 'Tampico - Tamp', '1.5 TON SECO', 'Tamp', 550, 3099.00, 0.00, 0.00, 'SECO', 0.00, 3, ''),
('GALO-DHL', 'GALO-DHL', 'Tampico - Tamp', '3.5 TON FRIO', 'Tamp', 550, 5875.00, 2135.00, 0.00, 'FRIO', 0.00, 3, ''),
('GALO-DHL', 'GALO-DHL', 'Tampico - Tamp', '3.5 TON SECO', 'Tamp', 550, 3740.00, 0.00, 0.00, 'SECO', 0.00, 3, ''),
('GALO-DHL', 'GALO-DHL', 'Tampico - Tamp', 'NISSAN FRIO', 'Tamp', 550, 4406.00, 1947.00, 0.00, 'FRIO', 0.00, 3, ''),
('GALO-DHL', 'GALO-DHL', 'Tampico - Tamp', 'NISSAN SECO', 'Tamp', 550, 2459.00, 0.00, 0.00, 'SECO', 0.00, 3, ''),
('GALO-DHL', 'GALO-DHL', 'Tampico - Tamp', 'RABON FRIO', 'Tamp', 550, 9930.00, 3137.00, 0.00, 'FRIO', 0.00, 3, ''),
('GALO-DHL', 'GALO-DHL', 'Tampico - Tamp', 'RABON SECO', 'Tamp', 550, 6793.00, 0.00, 0.00, 'SECO', 0.00, 3, ''),
('GALO-DHL', 'GALO-DHL', 'Tampico - Tamp', 'TORTON FRIO', 'Tamp', 550, 12910.00, 5331.00, 0.00, 'FRIO', 0.00, 3, ''),
('GALO-DHL', 'GALO-DHL', 'Tampico - Tamp', 'TORTON SECO', 'Tamp', 550, 7579.00, 0.00, 0.00, 'SECO', 0.00, 3, ''),
('GALO-DHL', 'GALO-DHL', 'Tampico - Tamp', 'TORTONETA FRIO', 'Tamp', 550, 7640.00, 1848.00, 0.00, 'FRIO', 0.00, 3, ''),
('GALO-DHL', 'GALO-DHL', 'Tampico - Tamp', 'TORTONETA SECO', 'Tamp', 550, 5792.00, 0.00, 0.00, 'SECO', 0.00, 3, ''),
('GALO-DHL', 'GALO-DHL', 'Tampico - Tamp', 'TRAILER FRIO', 'Tamp', 550, 15490.00, 6508.00, 0.00, 'FRIO', 0.00, 3, ''),
('GALO-DHL', 'GALO-DHL', 'Tampico - Tamp', 'TRAILER SECO', 'Tamp', 550, 8982.00, 0.00, 0.00, 'SECO', 0.00, 3, ''),
('GALO-DHL', 'GALO-DHL', 'Tantoyuca - Ver', '1.5 TON SECO', 'Ver', 729, 4380.00, 0.00, 0.00, 'SECO', 0.00, 3, ''),
('GALO-DHL', 'GALO-DHL', 'Tantoyuca - Ver', '3.5 TON SECO', 'Ver', 729, 4957.00, 0.00, 0.00, 'SECO', 0.00, 3, ''),
('GALO-DHL', 'GALO-DHL', 'Tantoyuca - Ver', 'NISSAN SECO', 'Ver', 729, 3803.00, 0.00, 0.00, 'SECO', 0.00, 3, ''),
('GALO-DHL', 'GALO-DHL', 'Tantoyuca - Ver', 'RABON SECO', 'Ver', 729, 8515.00, 0.00, 0.00, 'SECO', 0.00, 3, ''),
('GALO-DHL', 'GALO-DHL', 'Tantoyuca - Ver', 'TORTON SECO', 'Ver', 729, 8653.00, 0.00, 0.00, 'SECO', 0.00, 3, ''),
('GALO-DHL', 'GALO-DHL', 'Tantoyuca - Ver', 'TORTONETA SECO', 'Ver', 729, 5737.00, 0.00, 0.00, 'SECO', 0.00, 3, ''),
('GALO-DHL', 'GALO-DHL', 'Tantoyuca - Ver', 'TRAILER SECO', 'Ver', 729, 10447.00, 0.00, 0.00, 'SECO', 0.00, 3, ''),
('GALO-DHL', 'GALO-DHL', 'Tepehuanes - Dgo', '1.5 TON SECO', 'Dgo', 868, 4390.00, 0.00, 0.00, 'SECO', 0.00, 4, ''),
('GALO-DHL', 'GALO-DHL', 'Tepehuanes - Dgo', '3.5 TON SECO', 'Dgo', 868, 4878.00, 0.00, 0.00, 'SECO', 0.00, 4, ''),
('GALO-DHL', 'GALO-DHL', 'Tepehuanes - Dgo', 'NISSAN SECO', 'Dgo', 868, 3902.00, 0.00, 0.00, 'SECO', 0.00, 4, ''),
('GALO-DHL', 'GALO-DHL', 'Tepehuanes - Dgo', 'RABON SECO', 'Dgo', 868, 7725.00, 0.00, 0.00, 'SECO', 0.00, 4, ''),
('GALO-DHL', 'GALO-DHL', 'Tepehuanes - Dgo', 'TORTON SECO', 'Dgo', 868, 8723.00, 0.00, 0.00, 'SECO', 0.00, 4, ''),
('GALO-DHL', 'GALO-DHL', 'Tepehuanes - Dgo', 'TORTONETA SECO', 'Dgo', 868, 6710.00, 0.00, 0.00, 'SECO', 0.00, 4, ''),
('GALO-DHL', 'GALO-DHL', 'Tepehuanes - Dgo', 'TRAILER SECO', 'Dgo', 868, 10251.00, 0.00, 0.00, 'SECO', 0.00, 4, ''),
('GALO-DHL', 'GALO-DHL', 'Tijuana - BC', 'TORTONETA SECO', 'BC', NULL, 25000.00, 0.00, 0.00, 'SECO', 0.00, 0, ''),
('GALO-DHL', 'GALO-DHL', 'Torreon - Coah', '1.5 TON FRIO', 'Coah', 352, 2847.00, 549.00, 0.00, 'FRIO', 0.00, 2, ''),
('GALO-DHL', 'GALO-DHL', 'Torreon - Coah', '1.5 TON SECO', 'Coah', 352, 2298.00, 0.00, 0.00, 'SECO', 0.00, 2, ''),
('GALO-DHL', 'GALO-DHL', 'Torreon - Coah', '3.5 TON FRIO', 'Coah', 352, 3254.00, 651.00, 0.00, 'FRIO', 0.00, 2, ''),
('GALO-DHL', 'GALO-DHL', 'Torreon - Coah', '3.5 TON SECO', 'Coah', 352, 2603.00, 0.00, 0.00, 'SECO', 0.00, 2, ''),
('GALO-DHL', 'GALO-DHL', 'Torreon - Coah', 'NISSAN FRIO', 'Coah', 352, 2440.00, 447.00, 0.00, 'FRIO', 0.00, 2, ''),
('GALO-DHL', 'GALO-DHL', 'Torreon - Coah', 'NISSAN SECO', 'Coah', 352, 1993.00, 0.00, 0.00, 'SECO', 0.00, 2, ''),
('GALO-DHL', 'GALO-DHL', 'Torreon - Coah', 'RABON FRIO', 'Coah', 352, 6370.00, 1274.00, 0.00, 'FRIO', 0.00, 2, ''),
('GALO-DHL', 'GALO-DHL', 'Torreon - Coah', 'RABON SECO', 'Coah', 352, 5096.00, 0.00, 0.00, 'SECO', 0.00, 2, ''),
('GALO-DHL', 'GALO-DHL', 'Torreon - Coah', 'TORTON FRIO', 'Coah', 352, 7111.00, 1422.00, 0.00, 'FRIO', 0.00, 2, ''),
('GALO-DHL', 'GALO-DHL', 'Torreon - Coah', 'TORTON SECO', 'Coah', 352, 5689.00, 0.00, 0.00, 'SECO', 0.00, 2, ''),
('GALO-DHL', 'GALO-DHL', 'Torreon - Coah', 'TORTONETA FRIO', 'Coah', 352, 4888.00, 978.00, 0.00, 'FRIO', 0.00, 2, ''),
('GALO-DHL', 'GALO-DHL', 'Torreon - Coah', 'TORTONETA SECO', 'Coah', 352, 3910.00, 0.00, 0.00, 'SECO', 0.00, 2, ''),
('GALO-DHL', 'GALO-DHL', 'Torreon - Coah', 'TRAILER FRIO', 'Coah', 352, 8988.00, 1798.00, 0.00, 'FRIO', 0.00, 2, ''),
('GALO-DHL', 'GALO-DHL', 'Torreon - Coah', 'TRAILER SECO', 'Coah', 352, 7190.00, 0.00, 0.00, 'SECO', 0.00, 2, ''),
('GALO-DHL', 'GALO-DHL', 'Vallehermoso - Tamp', '1.5 TON FRIO', 'Tamp', 305, 3416.00, 1470.00, 0.00, 'FRIO', 0.00, 2, ''),
('GALO-DHL', 'GALO-DHL', 'Vallehermoso - Tamp', '1.5 TON SECO', 'Tamp', 305, 1946.00, 0.00, 0.00, 'SECO', 0.00, 2, ''),
('GALO-DHL', 'GALO-DHL', 'Vallehermoso - Tamp', '3.5 TON FRIO', 'Tamp', 305, 3905.00, 1676.00, 0.00, 'FRIO', 0.00, 2, ''),
('GALO-DHL', 'GALO-DHL', 'Vallehermoso - Tamp', '3.5 TON SECO', 'Tamp', 305, 2229.00, 0.00, 0.00, 'SECO', 0.00, 2, ''),
('GALO-DHL', 'GALO-DHL', 'Vallehermoso - Tamp', 'NISSAN FRIO', 'Tamp', 305, 2928.00, 1264.00, 0.00, 'FRIO', 0.00, 2, ''),
('GALO-DHL', 'GALO-DHL', 'Vallehermoso - Tamp', 'NISSAN SECO', 'Tamp', 305, 1664.00, 0.00, 0.00, 'SECO', 0.00, 2, ''),
('GALO-DHL', 'GALO-DHL', 'Vallehermoso - Tamp', 'RABON FRIO', 'Tamp', 305, 6600.00, 1897.00, 0.00, 'FRIO', 0.00, 2, ''),
('GALO-DHL', 'GALO-DHL', 'Vallehermoso - Tamp', 'RABON SECO', 'Tamp', 305, 4703.00, 0.00, 0.00, 'SECO', 0.00, 2, ''),
('GALO-DHL', 'GALO-DHL', 'Vallehermoso - Tamp', 'TORTON FRIO', 'Tamp', 305, 0.00, 0.00, 0.00, '', 0.00, 2, ''),
('GALO-DHL', 'GALO-DHL', 'Vallehermoso - Tamp', 'TORTON SECO', 'Tamp', 305, 5561.00, 0.00, 0.00, 'SECO', 0.00, 2, ''),
('GALO-DHL', 'GALO-DHL', 'Vallehermoso - Tamp', 'TORTONETA FRIO', 'Tamp', 305, 5075.00, 1950.00, 0.00, 'FRIO', 0.00, 2, ''),
('GALO-DHL', 'GALO-DHL', 'Vallehermoso - Tamp', 'TORTONETA SECO', 'Tamp', 305, 3125.00, 0.00, 0.00, 'SECO', 0.00, 2, ''),
('GALO-DHL', 'GALO-DHL', 'Vallehermoso - Tamp', 'TRAILER FRIO', 'Tamp', 305, 0.00, 0.00, 0.00, '', 0.00, 2, ''),
('GALO-DHL', 'GALO-DHL', 'Vallehermoso - Tamp', 'TRAILER SECO', 'Tamp', 305, 7133.00, 0.00, 0.00, 'SECO', 0.00, 2, ''),
('GALO-DHL', 'GALO-DHL', 'Villa Aldama - Chih', '1.5 TON SECO', 'Chih', 875, 0.00, 0.00, 0.00, '', 0.00, 4, ''),
('GALO-DHL', 'GALO-DHL', 'Villa Aldama - Chih', '3.5 TON SECO', 'Chih', 875, 4918.00, 0.00, 0.00, 'SECO', 0.00, 4, ''),
('GALO-DHL', 'GALO-DHL', 'Villa Aldama - Chih', 'NISSAN SECO', 'Chih', 875, 3934.00, 0.00, 0.00, 'SECO', 0.00, 4, ''),
('GALO-DHL', 'GALO-DHL', 'Villa Aldama - Chih', 'RABON SECO', 'Chih', 875, 7788.00, 0.00, 0.00, 'SECO', 0.00, 4, ''),
('GALO-DHL', 'GALO-DHL', 'Villa Aldama - Chih', 'TORTON SECO', 'Chih', 875, 8794.00, 0.00, 0.00, 'SECO', 0.00, 4, ''),
('GALO-DHL', 'GALO-DHL', 'Villa Aldama - Chih', 'TORTONETA SECO', 'Chih', 875, 6764.00, 0.00, 0.00, 'SECO', 0.00, 4, ''),
('GALO-DHL', 'GALO-DHL', 'Villa Aldama - Chih', 'TRAILER SECO', 'Chih', 875, 10334.00, 0.00, 0.00, 'SECO', 0.00, 4, ''),
('GALO-DHLSL', 'GALO-DHLSL', 'Cd. Victoria - Tamp', 'NISSAN SECO', 'Tamp', 300, 2062.00, 0.00, 0.00, 'SECO', 0.00, 2, ''),
('GALO-DHLSL', 'GALO-DHLSL', 'Durango - Dgo', 'NISSAN SECO', 'Dgo', 627, 3542.55, 0.00, 0.00, 'SECO', 0.00, 3, ''),
('GALO-DHLSL', 'GALO-DHLSL', 'Local - NL', '3.5 TON SECO', 'NL', 60, 669.00, 0.00, 0.00, 'SECO', 0.00, 2, ''),
('GALO-DHLSL', 'GALO-DHLSL', 'Local - NL', 'RABON SECO', 'NL', 40, 1626.00, 0.00, 0.00, 'SECO', 1064.00, 2, ''),
('GALO-DHLSL', 'GALO-DHLSL', 'Local - NL', 'TORTON SECO', 'NL', 40, 1819.00, 0.00, 0.00, 'SECO', 1064.00, 2, ''),
('GALO-DHLSL', 'GALO-DHLSL', 'Local - NL', 'TORTONETA SECO', 'NL', 60, 889.00, 0.00, 0.00, 'SECO', 0.00, 2, ''),
('GALO-DHLSL', 'GALO-DHLSL', 'Matamoros - Tamp', 'NISSAN SECO', 'Tamp', 343, 1937.95, 0.00, 0.00, 'SECO', 0.00, 2, ''),
('GALO-DHLSL', 'GALO-DHLSL', 'Mexico DF TCT', 'TORTONETA SECO', 'DF', 900, 8478.00, 0.00, 0.00, 'SECO', 0.00, 0, ''),
('GALO-DHLSL', 'GALO-DHLSL', 'Monclova - Coah', 'NISSAN SECO', 'Coah', 190, 1440.50, 0.00, 0.00, 'SECO', 0.00, 2, ''),
('GALO-DHLSL', 'GALO-DHLSL', 'Nvo. Laredo - Tamp', 'NISSAN SECO', 'Tamp', 220, 1203.00, 0.00, 400.00, 'SECO', 0.00, 2, ''),
('GALO-DHLSL', 'GALO-DHLSL', 'Piedras Negras - Coah', '3.5 TON SECO', 'Coah', 413, 2333.45, 0.00, 0.00, 'FRIO', 0.00, 2, ''),
('GALO-DHLSL', 'GALO-DHLSL', 'Queretaro - Qro', 'NISSAN FRIO', 'Qro', 700, 5880.00, 0.00, 0.00, 'SECO', 0.00, 2, ''),
('GALO-DHLSL', 'GALO-DHLSL', 'Queretaro - Qro', 'NISSAN SECO', 'Qro', 700, 3955.00, 0.00, 0.00, 'SECO', 0.00, 2, ''),
('GALO-DHLSL', 'GALO-DHLSL', 'Reynosa - Tamp', '1.5 TON SECO', 'Tamp', 220, 1650.00, 0.00, 0.00, 'SECO', 0.00, 2, ''),
('GALO-DHLSL', 'GALO-DHLSL', 'Reynosa - Tamp', 'NISSAN SECO', 'Tamp', 220, 1243.00, 0.00, 0.00, 'SECO', 0.00, 2, ''),
('GALO-DHLSL', 'GALO-DHLSL', 'Reynosa - Tamp', 'TORTONETA SECO', 'Tamp', 220, 3900.00, 0.00, 0.00, 'SECO', 0.00, 2, ''),
('GALO-DHLSL', 'GALO-DHLSL', 'Tampico - Tamp', 'NISSAN SECO', 'Tamp', 550, 3107.50, 0.00, 0.00, 'SECO', 0.00, 3, ''),
('GALO-DHLSL', 'GALO-DHLSL', 'Toluca - Mex', 'NISSAN SECO', 'Mex', 871, 6672.00, 0.00, 382.00, 'OTRO', 0.00, 0, ''),
('GALO-DHLSL', 'GALO-DHLSL', 'Toluca y Mex - Mex', 'NISSAN SECO', 'Mex', 950, 7100.00, 0.00, 382.00, 'OTRO', 0.00, 0, ''),
('GALO-DHLSL', 'GALO-DHLSL', 'Torreon - Coah', 'NISSAN SECO', 'Coah', 352, 1988.80, 0.00, 0.00, 'SECO', 0.00, 2, ''),
('GALO-DHLSL', 'GALO-DHLSL', 'Torreon - Coah', 'TORTONETA SECO', 'Coah', 352, 5300.00, 0.00, 0.00, 'SECO', 0.00, 2, ''),
('GALO-DHLUM', 'GALO-DHLUM', 'Local - NL', '3.5 TON SECO', 'NL', 60, 669.00, 0.00, 0.00, 'SECO', 0.00, 2, ''),
('GALO-DHLUM', 'GALO-DHLUM', 'Local - NL', 'TORTONETA SECO', 'NL', 60, 889.00, 0.00, 0.00, 'SECO', 0.00, 2, ''),
('GALO-DHLUM', 'GALO-DHLUM', 'Mexico DF', 'NISSAN SECO', 'DF', 900, 6800.00, 0.00, 0.00, 'SECO', 0.00, 0, ''),
('GALO-NISSIN', 'GALO-NISSIN', 'Acuna - Coah', '3.5 TON SECO', 'Coah', 485, 4651.50, 0.00, 0.00, 'SECO', 3869.25, 3, ''),
('GALO-NISSIN', 'GALO-NISSIN', 'Acuna - Coah', 'NISSAN SECO', 'Coah', 485, 2640.75, 0.00, 0.00, 'SECO', 2196.60, 3, ''),
('GALO-NISSIN', 'GALO-NISSIN', 'Acuna - Coah', 'RABON SECO', 'Coah', 485, 6910.05, 0.00, 0.00, 'SECO', 5042.10, 3, ''),
('GALO-NISSIN', 'GALO-NISSIN', 'Acuna - Coah', 'TORTON SECO', 'Coah', 485, 8025.15, 0.00, 0.00, 'SECO', 5775.00, 3, ''),
('GALO-NISSIN', 'GALO-NISSIN', 'Acuna - Coah', 'TORTONETA SECO', 'Coah', 485, 5885.25, 0.00, 0.00, 'SECO', 4895.10, 3, ''),
('GALO-NISSIN', 'GALO-NISSIN', 'Acuna - Coah', 'TRAILER SECO', 'Coah', 485, 8827.35, 0.00, 0.00, 'SECO', 6352.50, 3, ''),
('GALO-NISSIN', 'GALO-NISSIN', 'Cadereyta - NL', '3.5 TON SECO', 'NL', 52, 1011.15, 0.00, 0.00, 'SECO', 841.05, 2, ''),
('GALO-NISSIN', 'GALO-NISSIN', 'Cadereyta - NL', 'NISSAN SECO', 'NL', 52, 640.50, 0.00, 0.00, 'SECO', 532.35, 2, ''),
('GALO-NISSIN', 'GALO-NISSIN', 'Cadereyta - NL', 'RABON SECO', 'NL', 52, 2079.00, 0.00, 0.00, 'SECO', 1398.60, 2, ''),
('GALO-NISSIN', 'GALO-NISSIN', 'Cadereyta - NL', 'TORTON SECO', 'NL', 52, 2629.20, 0.00, 0.00, 'SECO', 1470.00, 2, ''),
('GALO-NISSIN', 'GALO-NISSIN', 'Cadereyta - NL', 'TORTONETA SECO', 'NL', 52, 1348.20, 0.00, 0.00, 'SECO', 1121.40, 2, ''),
('GALO-NISSIN', 'GALO-NISSIN', 'Cadereyta - NL', 'TRAILER SECO', 'NL', 52, 2875.95, 0.00, 0.00, 'SECO', 1837.50, 2, ''),
('GALO-NISSIN', 'GALO-NISSIN', 'Cajas (Tarima/Granel)', '3.5 TON SECO', NULL, NULL, 484.00, 0.00, 0.00, 'SECO', 720.00, 4, ''),
('GALO-NISSIN', 'GALO-NISSIN', 'Cajas (Tarima/Granel)', 'NISSAN SECO', NULL, NULL, 121.00, 0.00, 0.00, 'SECO', 180.00, 1, ''),
('GALO-NISSIN', 'GALO-NISSIN', 'Cajas (Tarima/Granel)', 'RABON SECO', NULL, NULL, 968.00, 0.00, 0.00, 'SECO', 1440.00, 8, ''),
('GALO-NISSIN', 'GALO-NISSIN', 'Cajas (Tarima/Granel)', 'TORTON SECO', NULL, NULL, 1815.00, 0.00, 0.00, 'SECO', 2700.00, 15, ''),
('GALO-NISSIN', 'GALO-NISSIN', 'Cajas (Tarima/Granel)', 'TORTONETA SECO', NULL, NULL, 726.00, 0.00, 0.00, 'SECO', 1080.00, 6, ''),
('GALO-NISSIN', 'GALO-NISSIN', 'Cajas (Tarima/Granel)', 'TRAILER 53 SECO', NULL, NULL, 7260.00, 0.00, 0.00, 'SECO', 10000.00, 50, ''),
('GALO-NISSIN', 'GALO-NISSIN', 'Cajas (Tarima/Granel)', 'TRAILER SECO', NULL, NULL, 6050.00, 0.00, 0.00, 'SECO', 9000.00, 50, ''),
('GALO-NISSIN', 'GALO-NISSIN', 'Camargo - Chih', '3.5 TON SECO', 'Chih', 650, 5527.20, 0.00, 0.00, 'SECO', 4597.95, 4, ''),
('GALO-NISSIN', 'GALO-NISSIN', 'Camargo - Chih', 'NISSAN SECO', 'Chih', 650, 3415.65, 0.00, 0.00, 'SECO', 2841.30, 4, ''),
('GALO-NISSIN', 'GALO-NISSIN', 'Camargo - Chih', 'RABON SECO', 'Chih', 650, 8707.65, 0.00, 0.00, 'SECO', 6279.00, 4, ''),
('GALO-NISSIN', 'GALO-NISSIN', 'Camargo - Chih', 'TORTON SECO', 'Chih', 650, 9597.00, 0.00, 0.00, 'SECO', 6905.85, 4, ''),
('GALO-NISSIN', 'GALO-NISSIN', 'Camargo - Chih', 'TORTONETA SECO', 'Chih', 650, 6741.00, 0.00, 0.00, 'SECO', 5607.00, 4, ''),
('GALO-NISSIN', 'GALO-NISSIN', 'Camargo - Chih', 'TRAILER SECO', 'Chih', 650, 10556.70, 0.00, 0.00, 'SECO', 7596.75, 4, ''),
('GALO-NISSIN', 'GALO-NISSIN', 'Cancelado', 'TORTONETA SECO', NULL, NULL, 0.00, 0.00, 0.00, '', 0.00, 0, ''),
('GALO-NISSIN', 'GALO-NISSIN', 'Cd. Valles - SLP', '3.5 TON SECO', 'SLP', 625, 5572.35, 0.00, 0.00, 'SECO', 4634.70, 4, ''),
('GALO-NISSIN', 'GALO-NISSIN', 'Cd. Valles - SLP', 'NISSAN SECO', 'SLP', 625, 3325.35, 0.00, 0.00, 'SECO', 2765.70, 4, ''),
('GALO-NISSIN', 'GALO-NISSIN', 'Cd. Valles - SLP', 'RABON SECO', 'SLP', 625, 8650.95, 0.00, 0.00, 'SECO', 6103.65, 4, ''),
('GALO-NISSIN', 'GALO-NISSIN', 'Cd. Valles - SLP', 'TORTON SECO', 'SLP', 625, 9703.05, 0.00, 0.00, 'SECO', 6982.50, 4, ''),
('GALO-NISSIN', 'GALO-NISSIN', 'Cd. Valles - SLP', 'TORTONETA SECO', 'SLP', 625, 6797.70, 0.00, 0.00, 'SECO', 5654.25, 4, ''),
('GALO-NISSIN', 'GALO-NISSIN', 'Cd. Valles - SLP', 'TRAILER SECO', 'SLP', 625, 10673.25, 0.00, 0.00, 'SECO', 7680.75, 4, ''),
('GALO-NISSIN', 'GALO-NISSIN', 'Cd. Victoria - Tamp', '3.5 TON SECO', 'Tamp', 375, 3729.60, 0.00, 0.00, 'SECO', 3102.75, 3, ''),
('GALO-NISSIN', 'GALO-NISSIN', 'Cd. Victoria - Tamp', 'NISSAN SECO', 'Tamp', 375, 2337.30, 0.00, 0.00, 'SECO', 1943.55, 3, ''),
('GALO-NISSIN', 'GALO-NISSIN', 'Cd. Victoria - Tamp', 'RABON SECO', 'Tamp', 375, 6179.25, 0.00, 0.00, 'SECO', 4200.00, 3, ''),
('GALO-NISSIN', 'GALO-NISSIN', 'Cd. Victoria - Tamp', 'TORTON SECO', 'Tamp', 375, 7302.75, 0.00, 0.00, 'SECO', 5281.50, 3, ''),
('GALO-NISSIN', 'GALO-NISSIN', 'Cd. Victoria - Tamp', 'TORTONETA SECO', 'Tamp', 375, 4550.70, 0.00, 0.00, 'SECO', 3785.25, 3, ''),
('GALO-NISSIN', 'GALO-NISSIN', 'Cd. Victoria - Tamp', 'TRAILER SECO', 'Tamp', 375, 8033.55, 0.00, 0.00, 'SECO', 5811.75, 3, ''),
('GALO-NISSIN', 'GALO-NISSIN', 'Chihuahua - Chih', '3.5 TON SECO', 'Chih', 825, 6449.10, 0.00, 0.00, 'SECO', 5364.45, 4, ''),
('GALO-NISSIN', 'GALO-NISSIN', 'Chihuahua - Chih', 'NISSAN SECO', 'Chih', 825, 4381.65, 0.00, 0.00, 'SECO', 3644.55, 4, ''),
('GALO-NISSIN', 'GALO-NISSIN', 'Chihuahua - Chih', 'RABON SECO', 'Chih', 825, 10223.85, 0.00, 0.00, 'SECO', 7350.00, 4, ''),
('GALO-NISSIN', 'GALO-NISSIN', 'Chihuahua - Chih', 'TORTON SECO', 'Chih', 825, 12705.00, 0.00, 0.00, 'SECO', 8400.00, 4, ''),
('GALO-NISSIN', 'GALO-NISSIN', 'Chihuahua - Chih', 'TORTONETA SECO', 'Chih', 825, 7864.50, 0.00, 0.00, 'SECO', 6541.50, 4, ''),
('GALO-NISSIN', 'GALO-NISSIN', 'Chihuahua - Chih', 'TRAILER SECO', 'Chih', 825, 15750.00, 0.00, 0.00, 'SECO', 11550.00, 4, ''),
('GALO-NISSIN', 'GALO-NISSIN', 'Cienega de Flores - NL', '3.5 TON SECO', 'NL', 40, 786.45, 0.00, 0.00, 'SECO', 654.15, 2, ''),
('GALO-NISSIN', 'GALO-NISSIN', 'Cienega de Flores - NL', 'NISSAN SECO', 'NL', 40, 550.20, 0.00, 0.00, 'SECO', 457.80, 2, ''),
('GALO-NISSIN', 'GALO-NISSIN', 'Cienega de Flores - NL', 'RABON SECO', 'NL', 40, 1707.30, 0.00, 0.00, 'SECO', 1117.20, 2, ''),
('GALO-NISSIN', 'GALO-NISSIN', 'Cienega de Flores - NL', 'TORTON SECO', 'NL', 40, 1909.95, 0.00, 0.00, 'SECO', 1260.00, 2, ''),
('GALO-NISSIN', 'GALO-NISSIN', 'Cienega de Flores - NL', 'TORTONETA SECO', 'NL', 40, 1235.85, 0.00, 0.00, 'SECO', 1027.95, 2, ''),
('GALO-NISSIN', 'GALO-NISSIN', 'Cienega de Flores - NL', 'TRAILER SECO', 'NL', 40, 2528.40, 0.00, 0.00, 'SECO', 1588.65, 2, ''),
('GALO-NISSIN', 'GALO-NISSIN', 'Cuauhtemoc - Chih', '3.5 TON SECO', 'Chih', 955, 7324.80, 0.00, 0.00, 'SECO', 6093.15, 4, ''),
('GALO-NISSIN', 'GALO-NISSIN', 'Cuauhtemoc - Chih', 'NISSAN SECO', 'Chih', 955, 4718.70, 0.00, 0.00, 'SECO', 3924.90, 4, ''),
('GALO-NISSIN', 'GALO-NISSIN', 'Cuauhtemoc - Chih', 'RABON SECO', 'Chih', 955, 11610.90, 0.00, 0.00, 'SECO', 8323.35, 4, ''),
('GALO-NISSIN', 'GALO-NISSIN', 'Cuauhtemoc - Chih', 'TORTON SECO', 'Chih', 955, 12234.60, 0.00, 0.00, 'SECO', 8804.25, 4, ''),
('GALO-NISSIN', 'GALO-NISSIN', 'Cuauhtemoc - Chih', 'TORTONETA SECO', 'Chih', 955, 8932.35, 0.00, 0.00, 'SECO', 7429.80, 4, ''),
('GALO-NISSIN', 'GALO-NISSIN', 'Cuauhtemoc - Chih', 'TRAILER SECO', 'Chih', 955, 14191.80, 0.00, 0.00, 'SECO', 10213.35, 4, ''),
('GALO-NISSIN', 'GALO-NISSIN', 'Delicias - Chih', '3.5 TON SECO', 'Chih', 761, 6167.70, 0.00, 0.00, 'SECO', 5130.30, 4, ''),
('GALO-NISSIN', 'GALO-NISSIN', 'Delicias - Chih', 'NISSAN SECO', 'Chih', 761, 3774.75, 0.00, 0.00, 'SECO', 3139.50, 4, ''),
('GALO-NISSIN', 'GALO-NISSIN', 'Delicias - Chih', 'RABON SECO', 'Chih', 761, 9886.80, 0.00, 0.00, 'SECO', 7031.85, 4, ''),
('GALO-NISSIN', 'GALO-NISSIN', 'Delicias - Chih', 'TORTON SECO', 'Chih', 761, 10606.05, 0.00, 0.00, 'SECO', 7632.45, 4, ''),
('GALO-NISSIN', 'GALO-NISSIN', 'Delicias - Chih', 'TORTONETA SECO', 'Chih', 761, 7527.45, 0.00, 0.00, 'SECO', 6261.15, 4, ''),
('GALO-NISSIN', 'GALO-NISSIN', 'Delicias - Chih', 'TRAILER SECO', 'Chih', 761, 12167.40, 0.00, 0.00, 'SECO', 8755.95, 4, ''),
('GALO-NISSIN', 'GALO-NISSIN', 'Durango - Dgo', '3.5 TON SECO', 'Dgo', 600, 5527.20, 0.00, 0.00, 'SECO', 4597.95, 4, ''),
('GALO-NISSIN', 'GALO-NISSIN', 'Durango - Dgo', 'NISSAN SECO', 'Dgo', 600, 3236.10, 0.00, 0.00, 'SECO', 2691.15, 4, ''),
('GALO-NISSIN', 'GALO-NISSIN', 'Durango - Dgo', 'RABON SECO', 'Dgo', 600, 8313.90, 0.00, 0.00, 'SECO', 5859.00, 4, ''),
('GALO-NISSIN', 'GALO-NISSIN', 'Durango - Dgo', 'TORTON SECO', 'Dgo', 600, 9419.55, 0.00, 0.00, 'SECO', 6777.75, 4, ''),
('GALO-NISSIN', 'GALO-NISSIN', 'Durango - Dgo', 'TORTONETA SECO', 'Dgo', 600, 6741.00, 0.00, 0.00, 'SECO', 5607.00, 4, ''),
('GALO-NISSIN', 'GALO-NISSIN', 'Durango - Dgo', 'TRAILER SECO', 'Dgo', 600, 10361.40, 0.00, 0.00, 'SECO', 7456.05, 4, ''),
('GALO-NISSIN', 'GALO-NISSIN', 'El Mante - Tamp', '3.5 TON SECO', 'Tamp', 475, 4606.35, 0.00, 0.00, 'SECO', 3831.45, 3, ''),
('GALO-NISSIN', 'GALO-NISSIN', 'El Mante - Tamp', 'NISSAN SECO', 'Tamp', 475, 2753.10, 0.00, 0.00, 'SECO', 2290.05, 3, ''),
('GALO-NISSIN', 'GALO-NISSIN', 'El Mante - Tamp', 'RABON SECO', 'Tamp', 475, 7078.05, 0.00, 0.00, 'SECO', 5037.90, 3, ''),
('GALO-NISSIN', 'GALO-NISSIN', 'El Mante - Tamp', 'TORTON SECO', 'Tamp', 475, 7957.00, 0.00, 0.00, 'SECO', 5726.00, 3, ''),
('GALO-NISSIN', 'GALO-NISSIN', 'El Mante - Tamp', 'TORTONETA SECO', 'Tamp', 475, 5617.50, 0.00, 0.00, 'SECO', 4672.50, 3, ''),
('GALO-NISSIN', 'GALO-NISSIN', 'El Mante - Tamp', 'TRAILER SECO', 'Tamp', 475, 8752.00, 0.00, 0.00, 'SECO', 6298.00, 3, ''),
('GALO-NISSIN', 'GALO-NISSIN', 'Estadia Foranea', '3.5 TON SECO', NULL, 480, 607.00, 0.00, 0.00, 'SECO', 283.50, 3, ''),
('GALO-NISSIN', 'GALO-NISSIN', 'Estadia Foranea', 'NISSAN SECO', ' ', 480, 404.25, 0.00, 0.00, 'SECO', 189.00, 3, ''),
('GALO-NISSIN', 'GALO-NISSIN', 'Estadia Foranea', 'RABON SECO', ' ', 480, 808.50, 0.00, 0.00, 'SECO', 378.00, 3, ''),
('GALO-NISSIN', 'GALO-NISSIN', 'Estadia Foranea', 'TORTON SECO', ' ', 480, 1078.35, 0.00, 0.00, 'SECO', 504.00, 3, ''),
('GALO-NISSIN', 'GALO-NISSIN', 'Estadia Foranea', 'TORTONETA SECO', ' ', 480, 606.90, 0.00, 0.00, 'SECO', 283.50, 3, ''),
('GALO-NISSIN', 'GALO-NISSIN', 'Estadia Foranea', 'TRAILER SECO', ' ', 480, 1348.20, 0.00, 0.00, 'SECO', 630.00, 3, ''),
('GALO-NISSIN', 'GALO-NISSIN', 'Estadia Local', '3.5 TON SECO', 'NL', 52, 506.10, 0.00, 0.00, 'SECO', 236.25, 2, ''),
('GALO-NISSIN', 'GALO-NISSIN', 'Estadia Local', 'NISSAN SECO', 'NL', 52, 337.05, 0.00, 0.00, 'SECO', 189.00, 2, ''),
('GALO-NISSIN', 'GALO-NISSIN', 'Estadia Local', 'RABON SECO', 'NL', 52, 674.10, 0.00, 0.00, 'SECO', 315.00, 2, ''),
('GALO-NISSIN', 'GALO-NISSIN', 'Estadia Local', 'TORTON SECO', 'NL', 52, 898.80, 0.00, 0.00, 'SECO', 420.00, 2, ''),
('GALO-NISSIN', 'GALO-NISSIN', 'Estadia Local', 'TORTONETA SECO', 'NL', 52, 674.10, 0.00, 0.00, 'SECO', 315.00, 2, ''),
('GALO-NISSIN', 'GALO-NISSIN', 'Estadia Local', 'TRAILER SECO', 'NL', 52, 1123.50, 0.00, 0.00, 'SECO', 525.00, 2, ''),
('GALO-NISSIN', 'GALO-NISSIN', 'Francisco I Madero - Coah', '3.5 TON SECO', 'Coah', 367, 3685.50, 0.00, 0.00, 'SECO', 3064.95, 3, ''),
('GALO-NISSIN', 'GALO-NISSIN', 'Francisco I Madero - Coah', 'NISSAN SECO', 'Coah', 367, 2247.00, 0.00, 0.00, 'SECO', 1869.00, 3, ''),
('GALO-NISSIN', 'GALO-NISSIN', 'Francisco I Madero - Coah', 'RABON SECO', 'Coah', 367, 6066.90, 0.00, 0.00, 'SECO', 4252.50, 3, ''),
('GALO-NISSIN', 'GALO-NISSIN', 'Francisco I Madero - Coah', 'TORTON SECO', 'Coah', 367, 7122.15, 0.00, 0.00, 'SECO', 4917.15, 3, ''),
('GALO-NISSIN', 'GALO-NISSIN', 'Francisco I Madero - Coah', 'TORTONETA SECO', 'Coah', 367, 4494.00, 0.00, 0.00, 'SECO', 3738.00, 3, ''),
('GALO-NISSIN', 'GALO-NISSIN', 'Francisco I Madero - Coah', 'TRAILER SECO', 'Coah', 367, 7834.05, 0.00, 0.00, 'SECO', 5418.00, 3, ''),
('GALO-NISSIN', 'GALO-NISSIN', 'Fresnillo - Zac', '3.5 TON SECO', 'Zac', 480, 4842.60, 0.00, 0.00, 'SECO', 4027.80, 3, ''),
('GALO-NISSIN', 'GALO-NISSIN', 'Fresnillo - Zac', 'NISSAN SECO', 'Zac', 480, 2775.15, 0.00, 0.00, 'SECO', 2307.90, 3, ''),
('GALO-NISSIN', 'GALO-NISSIN', 'Fresnillo - Zac', 'RABON SECO', 'Zac', 480, 7022.40, 0.00, 0.00, 'SECO', 5040.00, 3, ''),
('GALO-NISSIN', 'GALO-NISSIN', 'Fresnillo - Zac', 'TORTON SECO', 'Zac', 480, 7942.20, 0.00, 0.00, 'SECO', 5715.15, 3, ''),
('GALO-NISSIN', 'GALO-NISSIN', 'Fresnillo - Zac', 'TORTONETA SECO', 'Zac', 480, 5898.90, 0.00, 0.00, 'SECO', 4906.65, 3, ''),
('GALO-NISSIN', 'GALO-NISSIN', 'Fresnillo - Zac', 'TRAILER SECO', 'Zac', 480, 8736.00, 0.00, 0.00, 'SECO', 6287.40, 3, ''),
('GALO-NISSIN', 'GALO-NISSIN', 'Hidalgo del Parral - Chih', '3.5 TON SECO', 'Chih', 675, 5707.80, 0.00, 0.00, 'SECO', 4747.05, 4, ''),
('GALO-NISSIN', 'GALO-NISSIN', 'Hidalgo del Parral - Chih', 'NISSAN SECO', 'Chih', 675, 3504.90, 0.00, 0.00, 'SECO', 2915.85, 4, ''),
('GALO-NISSIN', 'GALO-NISSIN', 'Hidalgo del Parral - Chih', 'RABON SECO', 'Chih', 675, 8875.65, 0.00, 0.00, 'SECO', 6450.15, 4, ''),
('GALO-NISSIN', 'GALO-NISSIN', 'Hidalgo del Parral - Chih', 'TORTON SECO', 'Chih', 675, 9951.90, 0.00, 0.00, 'SECO', 7162.05, 4, ''),
('GALO-NISSIN', 'GALO-NISSIN', 'Hidalgo del Parral - Chih', 'TORTONETA SECO', 'Chih', 675, 6965.70, 0.00, 0.00, 'SECO', 5793.90, 4, ''),
('GALO-NISSIN', 'GALO-NISSIN', 'Hidalgo del Parral - Chih', 'TRAILER SECO', 'Chih', 675, 10947.30, 0.00, 0.00, 'SECO', 7878.15, 4, ''),
('GALO-NISSIN', 'GALO-NISSIN', 'Juarez - Chih', '3.5 TON SECO', 'Chih', 1175, 8572.20, 0.00, 0.00, 'SECO', 7130.55, 4, ''),
('GALO-NISSIN', 'GALO-NISSIN', 'Juarez - Chih', 'NISSAN SECO', 'Chih', 1175, 6628.65, 0.00, 0.00, 'SECO', 5513.55, 4, ''),
('GALO-NISSIN', 'GALO-NISSIN', 'Juarez - Chih', 'RABON SECO', 'Chih', 1175, 13582.80, 0.00, 0.00, 'SECO', 9870.00, 4, ''),
('GALO-NISSIN', 'GALO-NISSIN', 'Juarez - Chih', 'TORTON SECO', 'Chih', 1175, 15054.90, 0.00, 0.00, 'SECO', 10833.90, 4, ''),
('GALO-NISSIN', 'GALO-NISSIN', 'Juarez - Chih', 'TORTONETA SECO', 'Chih', 1175, 10448.55, 0.00, 0.00, 'SECO', 8690.85, 4, ''),
('GALO-NISSIN', 'GALO-NISSIN', 'Juarez - Chih', 'TRAILER SECO', 'Chih', 1175, 17463.60, 0.00, 0.00, 'SECO', 12567.45, 4, ''),
('GALO-NISSIN', 'GALO-NISSIN', 'Linares - NL', '3.5 TON SECO', 'NL', 156, 1854.30, 0.00, 0.00, 'SECO', 1542.45, 2, ''),
('GALO-NISSIN', 'GALO-NISSIN', 'Linares - NL', 'NISSAN SECO', 'NL', 156, 1303.05, 0.00, 0.00, 'SECO', 1083.60, 2, ''),
('GALO-NISSIN', 'GALO-NISSIN', 'Linares - NL', 'RABON SECO', 'NL', 156, 3707.55, 0.00, 0.00, 'SECO', 2564.10, 2, ''),
('GALO-NISSIN', 'GALO-NISSIN', 'Linares - NL', 'TORTON SECO', 'NL', 156, 4732.35, 0.00, 0.00, 'SECO', 3255.00, 2, ''),
('GALO-NISSIN', 'GALO-NISSIN', 'Linares - NL', 'TORTONETA SECO', 'NL', 156, 2629.20, 0.00, 0.00, 'SECO', 2187.15, 2, ''),
('GALO-NISSIN', 'GALO-NISSIN', 'Linares - NL', 'TRAILER SECO', 'NL', 156, 5527.20, 0.00, 0.00, 'SECO', 3874.50, 2, ''),
('GALO-NISSIN', 'GALO-NISSIN', 'Local - NL', '3.5 TON SECO', 'NL', 40, 786.45, 0.00, 0.00, 'SECO', 654.15, 2, ''),
('GALO-NISSIN', 'GALO-NISSIN', 'Local - NL', 'NISSAN SECO', 'NL', 40, 550.20, 0.00, 0.00, 'SECO', 457.80, 2, ''),
('GALO-NISSIN', 'GALO-NISSIN', 'Local - NL', 'RABON SECO', 'NL', 40, 1707.30, 0.00, 0.00, 'SECO', 1117.20, 2, ''),
('GALO-NISSIN', 'GALO-NISSIN', 'Local - NL', 'TORTON SECO', 'NL', 40, 1909.95, 0.00, 0.00, 'SECO', 1260.00, 2, ''),
('GALO-NISSIN', 'GALO-NISSIN', 'Local - NL', 'TORTONETA SECO', 'NL', 40, 1235.85, 0.00, 0.00, 'SECO', 1027.95, 2, ''),
('GALO-NISSIN', 'GALO-NISSIN', 'Local - NL', 'TRAILER 53 SECO', 'NL', 40, 2978.00, 0.00, 0.00, 'SECO', 1588.65, 2, ''),
('GALO-NISSIN', 'GALO-NISSIN', 'Local - NL', 'TRAILER SECO', 'NL', 40, 2528.00, 0.00, 0.00, 'SECO', 1588.65, 2, ''),
('GALO-NISSIN', 'GALO-NISSIN', 'Matamoros - Coah', '3.5 TON SECO', 'Coah', 355, 3595.20, 0.00, 0.00, 'SECO', 2990.40, 3, ''),
('GALO-NISSIN', 'GALO-NISSIN', 'Matamoros - Coah', 'NISSAN SECO', 'Coah', 355, 2191.35, 0.00, 0.00, 'SECO', 1822.80, 3, ''),
('GALO-NISSIN', 'GALO-NISSIN', 'Matamoros - Coah', 'RABON SECO', 'Coah', 355, 5954.55, 0.00, 0.00, 'SECO', 4112.85, 3, ''),
('GALO-NISSIN', 'GALO-NISSIN', 'Matamoros - Coah', 'TORTON SECO', 'Coah', 355, 6898.50, 0.00, 0.00, 'SECO', 4899.30, 3, ''),
('GALO-NISSIN', 'GALO-NISSIN', 'Matamoros - Coah', 'TORTONETA SECO', 'Coah', 355, 4381.65, 0.00, 0.00, 'SECO', 3644.55, 3, ''),
('GALO-NISSIN', 'GALO-NISSIN', 'Matamoros - Coah', 'TRAILER SECO', 'Coah', 355, 7588.35, 0.00, 0.00, 'SECO', 5247.90, 3, ''),
('GALO-NISSIN', 'GALO-NISSIN', 'Matamoros - Tamp', '3.5 TON SECO', 'Tamp', 320, 3314.85, 0.00, 0.00, 'SECO', 2757.30, 2, ''),
('GALO-NISSIN', 'GALO-NISSIN', 'Matamoros - Tamp', 'NISSAN SECO', 'Tamp', 320, 2101.05, 0.00, 0.00, 'SECO', 1747.20, 2, ''),
('GALO-NISSIN', 'GALO-NISSIN', 'Matamoros - Tamp', 'RABON SECO', 'Tamp', 320, 5617.50, 0.00, 0.00, 'SECO', 3707.55, 2, ''),
('GALO-NISSIN', 'GALO-NISSIN', 'Matamoros - Tamp', 'TORTON SECO', 'Tamp', 320, 6527.85, 0.00, 0.00, 'SECO', 4513.95, 2, ''),
('GALO-NISSIN', 'GALO-NISSIN', 'Matamoros - Tamp', 'TORTONETA SECO', 'Tamp', 320, 3932.25, 0.00, 0.00, 'SECO', 3270.75, 2, ''),
('GALO-NISSIN', 'GALO-NISSIN', 'Matamoros - Tamp', 'TRAILER SECO', 'Tamp', 320, 7190.40, 0.00, 0.00, 'SECO', 4972.80, 2, ''),
('GALO-NISSIN', 'GALO-NISSIN', 'Monclova - Coah', '3.5 TON SECO', 'Coah', 200, 2301.60, 0.00, 0.00, 'SECO', 1915.20, 2, ''),
('GALO-NISSIN', 'GALO-NISSIN', 'Monclova - Coah', 'NISSAN SECO', 'Coah', 200, 1551.90, 0.00, 0.00, 'SECO', 1290.45, 2, ''),
('GALO-NISSIN', 'GALO-NISSIN', 'Monclova - Coah', 'RABON SECO', 'Coah', 200, 4319.70, 0.00, 0.00, 'SECO', 2730.00, 2, ''),
('GALO-NISSIN', 'GALO-NISSIN', 'Monclova - Coah', 'TORTON SECO', 'Coah', 200, 5369.70, 0.00, 0.00, 'SECO', 3675.00, 2, ''),
('GALO-NISSIN', 'GALO-NISSIN', 'Monclova - Coah', 'TORTONETA SECO', 'Coah', 200, 3042.90, 0.00, 0.00, 'SECO', 2530.50, 2, ''),
('GALO-NISSIN', 'GALO-NISSIN', 'Monclova - Coah', 'TRAILER SECO', 'Coah', 200, 6291.60, 0.00, 0.00, 'SECO', 4410.00, 2, ''),
('GALO-NISSIN', 'GALO-NISSIN', 'Montemorelos - NL', '3.5 TON SECO', 'NL', 107, 1442.70, 0.00, 0.00, 'SECO', 1200.15, 2, ''),
('GALO-NISSIN', 'GALO-NISSIN', 'Montemorelos - NL', 'NISSAN SECO', 'NL', 107, 1011.15, 0.00, 0.00, 'SECO', 841.05, 2, ''),
('GALO-NISSIN', 'GALO-NISSIN', 'Montemorelos - NL', 'RABON SECO', 'NL', 107, 3258.15, 0.00, 0.00, 'SECO', 2222.85, 2, ''),
('GALO-NISSIN', 'GALO-NISSIN', 'Montemorelos - NL', 'TORTON SECO', 'NL', 107, 3752.70, 0.00, 0.00, 'SECO', 2415.00, 2, ''),
('GALO-NISSIN', 'GALO-NISSIN', 'Montemorelos - NL', 'TORTONETA SECO', 'NL', 107, 2191.35, 0.00, 0.00, 'SECO', 1822.80, 2, ''),
('GALO-NISSIN', 'GALO-NISSIN', 'Montemorelos - NL', 'TRAILER SECO', 'NL', 107, 4637.85, 0.00, 0.00, 'SECO', 3250.80, 2, ''),
('GALO-NISSIN', 'GALO-NISSIN', 'Nueva Rosita - Coah', '3.5 TON SECO', 'Coah', 337, 3421.95, 0.00, 0.00, 'SECO', 2846.55, 2, ''),
('GALO-NISSIN', 'GALO-NISSIN', 'Nueva Rosita - Coah', 'NISSAN SECO', 'Coah', 337, 2172.45, 0.00, 0.00, 'SECO', 1808.10, 2, ''),
('GALO-NISSIN', 'GALO-NISSIN', 'Nueva Rosita - Coah', 'RABON SECO', 'Coah', 337, 5741.40, 0.00, 0.00, 'SECO', 3898.65, 2, ''),
('GALO-NISSIN', 'GALO-NISSIN', 'Nueva Rosita - Coah', 'TORTON SECO', 'Coah', 337, 6692.70, 0.00, 0.00, 'SECO', 4588.50, 2, ''),
('GALO-NISSIN', 'GALO-NISSIN', 'Nueva Rosita - Coah', 'TORTONETA SECO', 'Coah', 337, 4172.70, 0.00, 0.00, 'SECO', 3471.30, 2, ''),
('GALO-NISSIN', 'GALO-NISSIN', 'Nueva Rosita - Coah', 'TRAILER SECO', 'Coah', 337, 7362.60, 0.00, 0.00, 'SECO', 5046.30, 2, ''),
('GALO-NISSIN', 'GALO-NISSIN', 'Nueva Rosita - Coah (PALAU)', 'TORTON SECO', 'Coah', 374, 7427.70, 0.00, 0.00, 'SECO', 5092.50, 2, ''),
('GALO-NISSIN', 'GALO-NISSIN', 'Nueva Rosita - Coah (PALAU)', 'TRAILER SECO', 'Coah', 374, 8004.15, 0.00, 0.00, 'SECO', 5486.25, 2, ''),
('GALO-NISSIN', 'GALO-NISSIN', 'Nuevo Laredo - Tamp', '3.5 TON SECO', 'Tamp', 240, 2943.15, 0.00, 0.00, 'SECO', 2223.90, 2, ''),
('GALO-NISSIN', 'GALO-NISSIN', 'Nuevo Laredo - Tamp', 'NISSAN SECO', 'Tamp', 240, 1887.90, 0.00, 0.00, 'SECO', 1430.10, 2, ''),
('GALO-NISSIN', 'GALO-NISSIN', 'Nuevo Laredo - Tamp', 'RABON SECO', 'Tamp', 240, 5055.75, 0.00, 0.00, 'SECO', 2963.10, 2, ''),
('GALO-NISSIN', 'GALO-NISSIN', 'Nuevo Laredo - Tamp', 'TORTON SECO', 'Tamp', 240, 6021.75, 0.00, 0.00, 'SECO', 3877.65, 2, ''),
('GALO-NISSIN', 'GALO-NISSIN', 'Nuevo Laredo - Tamp', 'TORTONETA SECO', 'Tamp', 240, 3595.20, 0.00, 0.00, 'SECO', 2710.05, 2, ''),
('GALO-NISSIN', 'GALO-NISSIN', 'Nuevo Laredo - Tamp', 'TRAILER SECO', 'Tamp', 240, 6594.00, 0.00, 0.00, 'SECO', 4536.00, 2, ''),
('GALO-NISSIN', 'GALO-NISSIN', 'Panuco - Ver', 'TORTON SECO', 'Ver', 640, 9437.40, 0.00, 0.00, 'SECO', 6772.50, 3, ''),
('GALO-NISSIN', 'GALO-NISSIN', 'Panuco - Ver', 'TRAILER SECO', 'Ver', 640, 10785.60, 0.00, 0.00, 'SECO', 7738.50, 3, ''),
('GALO-NISSIN', 'GALO-NISSIN', 'Parras de la Fuente - Coah', '3.5 TON SECO', 'Coah', 280, 2997.75, 0.00, 0.00, 'SECO', 2492.70, 2, ''),
('GALO-NISSIN', 'GALO-NISSIN', 'Parras de la Fuente - Coah', 'NISSAN SECO', 'Coah', 280, 1922.55, 0.00, 0.00, 'SECO', 1598.10, 2, ''),
('GALO-NISSIN', 'GALO-NISSIN', 'Parras de la Fuente - Coah', 'RABON SECO', 'Coah', 280, 5148.15, 0.00, 0.00, 'SECO', 3271.80, 2, ''),
('GALO-NISSIN', 'GALO-NISSIN', 'Parras de la Fuente - Coah', 'TORTON SECO', 'Coah', 280, 6130.95, 0.00, 0.00, 'SECO', 4383.75, 2, ''),
('GALO-NISSIN', 'GALO-NISSIN', 'Parras de la Fuente - Coah', 'TORTONETA SECO', 'Coah', 280, 3660.30, 0.00, 0.00, 'SECO', 3045.00, 2, ''),
('GALO-NISSIN', 'GALO-NISSIN', 'Parras de la Fuente - Coah', 'TRAILER SECO', 'Coah', 280, 6713.70, 0.00, 0.00, 'SECO', 4643.10, 2, ''),
('GALO-NISSIN', 'GALO-NISSIN', 'Piedras Negras - Coah', '3.5 TON SECO', 'Coah', 400, 3819.90, 0.00, 0.00, 'SECO', 3177.30, 3, ''),
('GALO-NISSIN', 'GALO-NISSIN', 'Piedras Negras - Coah', 'NISSAN SECO', 'Coah', 400, 2359.35, 0.00, 0.00, 'SECO', 1962.45, 3, ''),
('GALO-NISSIN', 'GALO-NISSIN', 'Piedras Negras - Coah', 'RABON SECO', 'Coah', 400, 6471.15, 0.00, 0.00, 'SECO', 4536.00, 3, ''),
('GALO-NISSIN', 'GALO-NISSIN', 'Piedras Negras - Coah', 'TORTON SECO', 'Coah', 400, 7680.75, 0.00, 0.00, 'SECO', 5527.20, 3, ''),
('GALO-NISSIN', 'GALO-NISSIN', 'Piedras Negras - Coah', 'TORTONETA SECO', 'Coah', 400, 4663.05, 0.00, 0.00, 'SECO', 3878.70, 3, ''),
('GALO-NISSIN', 'GALO-NISSIN', 'Piedras Negras - Coah', 'TRAILER SECO', 'Coah', 400, 8448.30, 0.00, 0.00, 'SECO', 6079.50, 3, ''),
('GALO-NISSIN', 'GALO-NISSIN', 'Poza Rica - Ver', '3.5 TON SECO', 'Ver', 726, 6012.30, 0.00, 0.00, 'SECO', 5000.10, 4, ''),
('GALO-NISSIN', 'GALO-NISSIN', 'Poza Rica - Ver', 'NISSAN SECO', 'Ver', 726, 3686.55, 0.00, 0.00, 'SECO', 3066.00, 4, ''),
('GALO-NISSIN', 'GALO-NISSIN', 'Poza Rica - Ver', 'RABON SECO', 'Ver', 726, 9488.85, 0.00, 0.00, 'SECO', 6860.70, 4, ''),
('GALO-NISSIN', 'GALO-NISSIN', 'Poza Rica - Ver', 'TORTON SECO', 'Ver', 726, 10411.80, 0.00, 0.00, 'SECO', 7491.75, 4, ''),
('GALO-NISSIN', 'GALO-NISSIN', 'Poza Rica - Ver', 'TORTONETA SECO', 'Ver', 726, 7336.35, 0.00, 0.00, 'SECO', 6102.60, 4, ''),
('GALO-NISSIN', 'GALO-NISSIN', 'Poza Rica - Ver', 'TRAILER SECO', 'Ver', 726, 11690.70, 0.00, 0.00, 'SECO', 8413.65, 4, ''),
('GALO-NISSIN', 'GALO-NISSIN', 'Ramos Arizpe - Coah', '3.5 TON SECO', 'Coah', 110, 1482.60, 0.00, 0.00, 'SECO', 1233.75, 2, ''),
('GALO-NISSIN', 'GALO-NISSIN', 'Ramos Arizpe - Coah', 'NISSAN SECO', 'Coah', 110, 999.60, 0.00, 0.00, 'SECO', 831.60, 2, ''),
('GALO-NISSIN', 'GALO-NISSIN', 'Ramos Arizpe - Coah', 'RABON SECO', 'Coah', 110, 3482.85, 0.00, 0.00, 'SECO', 2376.15, 2, ''),
('GALO-NISSIN', 'GALO-NISSIN', 'Ramos Arizpe - Coah', 'TORTON SECO', 'Coah', 110, 3843.00, 0.00, 0.00, 'SECO', 2604.00, 2, ''),
('GALO-NISSIN', 'GALO-NISSIN', 'Ramos Arizpe - Coah', 'TORTONETA SECO', 'Coah', 110, 2191.35, 0.00, 0.00, 'SECO', 1822.80, 2, ''),
('GALO-NISSIN', 'GALO-NISSIN', 'Ramos Arizpe - Coah', 'TRAILER SECO', 'Coah', 110, 4606.35, 0.00, 0.00, 'SECO', 3228.75, 2, ''),
('GALO-NISSIN', 'GALO-NISSIN', 'Reparto', 'TORTON SECO', NULL, NULL, 337.00, 0.00, 0.00, 'SECO', 301.35, 0, ''),
('GALO-NISSIN', 'GALO-NISSIN', 'Reparto', 'TRAILER SECO', NULL, NULL, 562.00, 0.00, 0.00, 'SECO', 301.35, 0, ''),
('GALO-NISSIN', 'GALO-NISSIN', 'Reynosa - Tamp', '3.5 TON SECO', 'Tamp', 275, 2943.15, 0.00, 0.00, 'SECO', 2448.60, 2, ''),
('GALO-NISSIN', 'GALO-NISSIN', 'Reynosa - Tamp', 'NISSAN SECO', 'Tamp', 275, 1887.90, 0.00, 0.00, 'SECO', 1569.75, 2, ''),
('GALO-NISSIN', 'GALO-NISSIN', 'Reynosa - Tamp', 'RABON SECO', 'Tamp', 275, 5055.75, 0.00, 0.00, 'SECO', 3150.00, 2, ''),
('GALO-NISSIN', 'GALO-NISSIN', 'Reynosa - Tamp', 'TORTON SECO', 'Tamp', 275, 6021.75, 0.00, 0.00, 'SECO', 4357.50, 2, ''),
('GALO-NISSIN', 'GALO-NISSIN', 'Reynosa - Tamp', 'TORTONETA SECO', 'Tamp', 275, 3595.20, 0.00, 0.00, 'SECO', 2990.40, 2, ''),
('GALO-NISSIN', 'GALO-NISSIN', 'Reynosa - Tamp', 'TRAILER SECO', 'Tamp', 275, 6594.00, 0.00, 0.00, 'SECO', 4830.00, 2, ''),
('GALO-NISSIN', 'GALO-NISSIN', 'Rio Bravo - Tamp', '3.5 TON SECO', 'Tamp', 290, 3090.15, 0.00, 0.00, 'SECO', 2570.40, 2, ''),
('GALO-NISSIN', 'GALO-NISSIN', 'Rio Bravo - Tamp', 'NISSAN SECO', 'Tamp', 290, 1955.10, 0.00, 0.00, 'SECO', 1626.45, 2, ''),
('GALO-NISSIN', 'GALO-NISSIN', 'Rio Bravo - Tamp', 'RABON SECO', 'Tamp', 290, 5280.45, 0.00, 0.00, 'SECO', 3360.00, 2, ''),
('GALO-NISSIN', 'GALO-NISSIN', 'Rio Bravo - Tamp', 'TORTON SECO', 'Tamp', 290, 6201.30, 0.00, 0.00, 'SECO', 4583.25, 2, ''),
('GALO-NISSIN', 'GALO-NISSIN', 'Rio Bravo - Tamp', 'TORTONETA SECO', 'Tamp', 290, 3764.25, 0.00, 0.00, 'SECO', 3131.10, 2, ''),
('GALO-NISSIN', 'GALO-NISSIN', 'Rio Bravo - Tamp', 'TRAILER SECO', 'Tamp', 290, 6841.80, 0.00, 0.00, 'SECO', 4732.35, 2, ''),
('GALO-NISSIN', 'GALO-NISSIN', 'Sabinas Hidalgo - NL', '3.5 TON SECO', 'NL', 128, 1668.45, 0.00, 0.00, 'SECO', 1387.05, 2, ''),
('GALO-NISSIN', 'GALO-NISSIN', 'Sabinas Hidalgo - NL', 'NISSAN SECO', 'NL', 128, 1145.55, 0.00, 0.00, 'SECO', 953.40, 2, ''),
('GALO-NISSIN', 'GALO-NISSIN', 'Sabinas Hidalgo - NL', 'RABON SECO', 'NL', 128, 3651.90, 0.00, 0.00, 'SECO', 2525.25, 2, ''),
('GALO-NISSIN', 'GALO-NISSIN', 'Sabinas Hidalgo - NL', 'TORTON SECO', 'NL', 128, 4314.45, 0.00, 0.00, 'SECO', 2984.10, 2, ''),
('GALO-NISSIN', 'GALO-NISSIN', 'Sabinas Hidalgo - NL', 'TORTONETA SECO', 'NL', 128, 2473.80, 0.00, 0.00, 'SECO', 2056.95, 2, ''),
('GALO-NISSIN', 'GALO-NISSIN', 'Sabinas Hidalgo - NL', 'TRAILER SECO', 'NL', 128, 5168.10, 0.00, 0.00, 'SECO', 3622.50, 2, ''),
('GALO-NISSIN', 'GALO-NISSIN', 'Salinas Victoria - NL', '3.5 TON SECO', 'NL', 40, 786.45, 0.00, 0.00, 'SECO', 654.15, 2, ''),
('GALO-NISSIN', 'GALO-NISSIN', 'Salinas Victoria - NL', 'NISSAN SECO', 'NL', 40, 550.20, 0.00, 0.00, 'SECO', 457.80, 2, ''),
('GALO-NISSIN', 'GALO-NISSIN', 'Salinas Victoria - NL', 'RABON SECO', 'NL', 40, 1707.30, 0.00, 0.00, 'SECO', 1117.20, 2, ''),
('GALO-NISSIN', 'GALO-NISSIN', 'Salinas Victoria - NL', 'TORTON SECO', 'NL', 40, 1909.95, 0.00, 0.00, 'SECO', 1260.00, 2, ''),
('GALO-NISSIN', 'GALO-NISSIN', 'Salinas Victoria - NL', 'TORTONETA SECO', 'NL', 40, 1235.85, 0.00, 0.00, 'SECO', 1027.95, 2, ''),
('GALO-NISSIN', 'GALO-NISSIN', 'Salinas Victoria - NL', 'TRAILER SECO', 'NL', 40, 2528.40, 0.00, 0.00, 'SECO', 1588.65, 2, ''),
('GALO-NISSIN', 'GALO-NISSIN', 'Saltillo - Coah', '3.5 TON SECO', 'Coah', 113, 1504.65, 0.00, 0.00, 'SECO', 1250.55, 2, ''),
('GALO-NISSIN', 'GALO-NISSIN', 'Saltillo - Coah', 'NISSAN SECO', 'Coah', 113, 1011.15, 0.00, 0.00, 'SECO', 841.05, 2, ''),
('GALO-NISSIN', 'GALO-NISSIN', 'Saltillo - Coah', 'RABON SECO', 'Coah', 113, 3539.55, 0.00, 0.00, 'SECO', 2417.10, 2, ''),
('GALO-NISSIN', 'GALO-NISSIN', 'Saltillo - Coah', 'TORTON SECO', 'Coah', 113, 3904.95, 0.00, 0.00, 'SECO', 2625.00, 2, ''),
('GALO-NISSIN', 'GALO-NISSIN', 'Saltillo - Coah', 'TORTONETA SECO', 'Coah', 113, 2191.35, 0.00, 0.00, 'SECO', 1822.80, 2, ''),
('GALO-NISSIN', 'GALO-NISSIN', 'Saltillo - Coah', 'TRAILER SECO', 'Coah', 113, 4628.40, 0.00, 0.00, 'SECO', 3244.50, 2, ''),
('GALO-NISSIN', 'GALO-NISSIN', 'San Luis Potosi - SLP', '3.5 TON SECO', 'SLP', 555, 5246.85, 0.00, 0.00, 'SECO', 4363.80, 3, ''),
('GALO-NISSIN', 'GALO-NISSIN', 'San Luis Potosi - SLP', 'NISSAN SECO', 'SLP', 555, 3145.80, 0.00, 0.00, 'SECO', 2616.60, 3, ''),
('GALO-NISSIN', 'GALO-NISSIN', 'San Luis Potosi - SLP', 'RABON SECO', 'SLP', 555, 7527.45, 0.00, 0.00, 'SECO', 5420.10, 3, ''),
('GALO-NISSIN', 'GALO-NISSIN', 'San Luis Potosi - SLP', 'TORTON SECO', 'SLP', 555, 9069.90, 0.00, 0.00, 'SECO', 6526.80, 3, ''),
('GALO-NISSIN', 'GALO-NISSIN', 'San Luis Potosi - SLP', 'TORTONETA SECO', 'SLP', 555, 6403.95, 0.00, 0.00, 'SECO', 5326.65, 3, ''),
('GALO-NISSIN', 'GALO-NISSIN', 'San Luis Potosi - SLP', 'TRAILER SECO', 'SLP', 555, 9977.10, 0.00, 0.00, 'SECO', 7179.90, 3, ''),
('GALO-NISSIN', 'GALO-NISSIN', 'San Pedro de las Colonias - Coah', '3.5 TON SECO', 'Coah', 335, 3460.80, 0.00, 0.00, 'SECO', 2878.05, 2, ''),
('GALO-NISSIN', 'GALO-NISSIN', 'San Pedro de las Colonias - Coah', 'NISSAN SECO', 'Coah', 335, 2168.25, 0.00, 0.00, 'SECO', 1803.90, 2, ''),
('GALO-NISSIN', 'GALO-NISSIN', 'San Pedro de las Colonias - Coah', 'RABON SECO', 'Coah', 335, 5729.85, 0.00, 0.00, 'SECO', 3881.85, 2, ''),
('GALO-NISSIN', 'GALO-NISSIN', 'San Pedro de las Colonias - Coah', 'TORTON SECO', 'Coah', 335, 6685.35, 0.00, 0.00, 'SECO', 4623.15, 2, ''),
('GALO-NISSIN', 'GALO-NISSIN', 'San Pedro de las Colonias - Coah', 'TORTONETA SECO', 'Coah', 335, 4213.65, 0.00, 0.00, 'SECO', 3504.90, 2, ''),
('GALO-NISSIN', 'GALO-NISSIN', 'San Pedro de las Colonias - Coah', 'TRAILER SECO', 'Coah', 335, 7353.15, 0.00, 0.00, 'SECO', 5085.15, 2, ''),
('GALO-NISSIN', 'GALO-NISSIN', 'Santiago - NL', '3.5 TON SECO', 'NL', 75, 1234.80, 0.00, 0.00, 'SECO', 1026.90, 2, ''),
('GALO-NISSIN', 'GALO-NISSIN', 'Santiago - NL', 'NISSAN SECO', 'NL', 75, 815.85, 0.00, 0.00, 'SECO', 679.35, 2, ''),
('GALO-NISSIN', 'GALO-NISSIN', 'Santiago - NL', 'RABON SECO', 'NL', 75, 2640.75, 0.00, 0.00, 'SECO', 1776.60, 2, ''),
('GALO-NISSIN', 'GALO-NISSIN', 'Santiago - NL', 'TORTON SECO', 'NL', 75, 3210.90, 0.00, 0.00, 'SECO', 2205.00, 2, ''),
('GALO-NISSIN', 'GALO-NISSIN', 'Santiago - NL', 'TORTONETA SECO', 'NL', 75, 1739.85, 0.00, 0.00, 'SECO', 1446.90, 2, ''),
('GALO-NISSIN', 'GALO-NISSIN', 'Santiago - NL', 'TRAILER SECO', 'NL', 75, 3700.20, 0.00, 0.00, 'SECO', 2593.50, 2, ''),
('GALO-NISSIN', 'GALO-NISSIN', 'Tampico - Tamp', '3.5 TON SECO', 'Tamp', 575, 5437.95, 0.00, 0.00, 'SECO', 4523.40, 3, ''),
('GALO-NISSIN', 'GALO-NISSIN', 'Tampico - Tamp', 'NISSAN SECO', 'Tamp', 575, 3134.25, 0.00, 0.00, 'SECO', 2607.15, 3, ''),
('GALO-NISSIN', 'GALO-NISSIN', 'Tampico - Tamp', 'RABON SECO', 'Tamp', 575, 8033.55, 0.00, 0.00, 'SECO', 5615.40, 3, ''),
('GALO-NISSIN', 'GALO-NISSIN', 'Tampico - Tamp', 'TORTON SECO', 'Tamp', 575, 9383.85, 0.00, 0.00, 'SECO', 6733.65, 3, ''),
('GALO-NISSIN', 'GALO-NISSIN', 'Tampico - Tamp', 'TORTONETA SECO', 'Tamp', 575, 6628.65, 0.00, 0.00, 'SECO', 5513.55, 3, ''),
('GALO-NISSIN', 'GALO-NISSIN', 'Tampico - Tamp', 'TRAILER SECO', 'Tamp', 575, 10321.50, 0.00, 0.00, 'SECO', 7427.70, 3, ''),
('GALO-NISSIN', 'GALO-NISSIN', 'Torreon - Coah', '3.5 TON SECO', 'Coah', 350, 3797.85, 0.00, 0.00, 'SECO', 3158.40, 3, ''),
('GALO-NISSIN', 'GALO-NISSIN', 'Torreon - Coah', 'NISSAN SECO', 'Coah', 350, 2224.95, 0.00, 0.00, 'SECO', 1850.10, 3, ''),
('GALO-NISSIN', 'GALO-NISSIN', 'Torreon - Coah', 'RABON SECO', 'Coah', 350, 5617.50, 0.00, 0.00, 'SECO', 4055.10, 3, ''),
('GALO-NISSIN', 'GALO-NISSIN', 'Torreon - Coah', 'TORTON SECO', 'Coah', 350, 6841.80, 0.00, 0.00, 'SECO', 4725.00, 3, ''),
('GALO-NISSIN', 'GALO-NISSIN', 'Torreon - Coah', 'TORTONETA SECO', 'Coah', 350, 4628.40, 0.00, 0.00, 'SECO', 3850.35, 3, ''),
('GALO-NISSIN', 'GALO-NISSIN', 'Torreon - Coah', 'TRAILER SECO', 'Coah', 350, 7594.65, 0.00, 0.00, 'SECO', 5252.10, 3, ''),
('GALO-NISSIN', 'GALO-NISSIN', 'Valle Hermoso - Tamp', '3.5 TON SECO', 'Tamp', 340, 3404.10, 0.00, 0.00, 'SECO', 2831.85, 2, ''),
('GALO-NISSIN', 'GALO-NISSIN', 'Valle Hermoso - Tamp', 'NISSAN SECO', 'Tamp', 340, 2191.35, 0.00, 0.00, 'SECO', 1822.80, 2, ''),
('GALO-NISSIN', 'GALO-NISSIN', 'Valle Hermoso - Tamp', 'RABON SECO', 'Tamp', 340, 5786.55, 0.00, 0.00, 'SECO', 3939.60, 2, ''),
('GALO-NISSIN', 'GALO-NISSIN', 'Valle Hermoso - Tamp', 'TORTON SECO', 'Tamp', 340, 6741.00, 0.00, 0.00, 'SECO', 4662.00, 2, ''),
('GALO-NISSIN', 'GALO-NISSIN', 'Valle Hermoso - Tamp', 'TORTONETA SECO', 'Tamp', 340, 4156.95, 0.00, 0.00, 'SECO', 3457.65, 2, ''),
('GALO-NISSIN', 'GALO-NISSIN', 'Valle Hermoso - Tamp', 'TRAILER SECO', 'Tamp', 340, 7415.10, 0.00, 0.00, 'SECO', 5128.20, 2, ''),
('GALO-NISSIN', 'GALO-NISSIN', 'Villa de Garcia - NL', '3.5 TON SECO', 'NL', 52, 1011.15, 0.00, 0.00, 'SECO', 841.05, 2, ''),
('GALO-NISSIN', 'GALO-NISSIN', 'Villa de Garcia - NL', 'NISSAN SECO', 'NL', 52, 640.50, 0.00, 0.00, 'SECO', 532.35, 2, ''),
('GALO-NISSIN', 'GALO-NISSIN', 'Villa de Garcia - NL', 'RABON SECO', 'NL', 52, 2079.00, 0.00, 0.00, 'SECO', 1398.60, 2, ''),
('GALO-NISSIN', 'GALO-NISSIN', 'Villa de Garcia - NL', 'TORTON SECO', 'NL', 52, 2629.20, 0.00, 0.00, 'SECO', 1470.00, 2, ''),
('GALO-NISSIN', 'GALO-NISSIN', 'Villa de Garcia - NL', 'TORTONETA SECO', 'NL', 52, 1348.20, 0.00, 0.00, 'SECO', 1121.40, 2, ''),
('GALO-NISSIN', 'GALO-NISSIN', 'Villa de Garcia - NL', 'TRAILER SECO', 'NL', 52, 2875.95, 0.00, 0.00, 'SECO', 1837.50, 2, ''),
('GALO-NISSIN', 'GALO-NISSIN', 'Zacatecas - Zac', '3.5 TON SECO', 'Zac', 480, 4842.60, 0.00, 0.00, 'SECO', 4027.80, 3, ''),
('GALO-NISSIN', 'GALO-NISSIN', 'Zacatecas - Zac', 'NISSAN SECO', 'Zac', 480, 2775.15, 0.00, 0.00, 'SECO', 2307.90, 3, ''),
('GALO-NISSIN', 'GALO-NISSIN', 'Zacatecas - Zac', 'RABON SECO', 'Zac', 480, 7022.40, 0.00, 0.00, 'SECO', 5040.00, 3, ''),
('GALO-NISSIN', 'GALO-NISSIN', 'Zacatecas - Zac', 'TORTON SECO', 'Zac', 480, 7942.20, 0.00, 0.00, 'SECO', 5715.15, 3, ''),
('GALO-NISSIN', 'GALO-NISSIN', 'Zacatecas - Zac', 'TORTONETA SECO', 'Zac', 480, 5898.90, 0.00, 0.00, 'SECO', 4906.65, 3, ''),
('GALO-NISSIN', 'GALO-NISSIN', 'Zacatecas - Zac', 'TRAILER SECO', 'Zac', 480, 8736.00, 0.00, 0.00, 'SECO', 6287.40, 3, '');

-- --------------------------------------------------------

--
-- Table structure for table `tipo pagos`
--

CREATE TABLE IF NOT EXISTS `tipo pagos` (
  `tip_tipo_id` varchar(15) NOT NULL DEFAULT '',
  `tip_ingreso/gasto` char(1) DEFAULT NULL,
  `tip_descripcion` varchar(25) DEFAULT NULL,
  `tip_categoria` varchar(25) DEFAULT NULL,
  PRIMARY KEY (`tip_tipo_id`)
) ENGINE=InnoDB DEFAULT CHARSET=latin1;

--
-- Dumping data for table `tipo pagos`
--

INSERT INTO `tipo pagos` (`tip_tipo_id`, `tip_ingreso/gasto`, `tip_descripcion`, `tip_categoria`) VALUES
('1) $ a Pagar', 'I', 'Importe a Pagar a Transp', NULL),
('2) Anticipo', 'G', 'Anticipo de Gastos', NULL),
('3) Diferencia', 'G', 'Diferencia', NULL),
('4) Celulares', 'G', 'Cobro Celulares del Mes', NULL),
('5) Liq Viaje', 'G', 'Liquidacion de Viaje', NULL),
('6) Otros', 'G', 'Otros', NULL);

-- --------------------------------------------------------

--
-- Table structure for table `tipo_vehiculo`
--

CREATE TABLE IF NOT EXISTS `tipo_vehiculo` (
  `veh_tipo_vehiculo_id` varchar(15) NOT NULL DEFAULT '',
  `veh_descripcion` varchar(20) DEFAULT NULL,
  PRIMARY KEY (`veh_tipo_vehiculo_id`)
) ENGINE=InnoDB DEFAULT CHARSET=latin1;

--
-- Dumping data for table `tipo_vehiculo`
--

INSERT INTO `tipo_vehiculo` (`veh_tipo_vehiculo_id`, `veh_descripcion`) VALUES
('1.5 TON FRIO', '1.5 Ton Frio'),
('1.5 TON SECO', '1.5 Ton Seco'),
('3.5 TON FRIO', '3.5 Ton Frio'),
('3.5 TON SECO', '3.5 Ton Seco'),
('NISSAN FRIO', 'Nissan Frio'),
('NISSAN SECO', 'Nissan Seco'),
('RABON FRIO', 'Rabon Frio'),
('RABON SECO', 'Rabon Seco'),
('TORTON FRIO', 'TORTON Frio'),
('TORTON SECO', 'TORTON Seco'),
('TORTONETA FRIO', 'Tortoneta Frio'),
('TORTONETA SECO', 'Tortoneta Seco'),
('TRAILER 53 SECO', 'Trailer 53 Seco'),
('TRAILER FRIO', 'Trailer Frio'),
('TRAILER SECO', 'Trailer Seco');

-- --------------------------------------------------------

--
-- Table structure for table `transportistas`
--

CREATE TABLE IF NOT EXISTS `transportistas` (
  `tr_transportista_id` varchar(20) NOT NULL DEFAULT '',
  `tr_razon_social` varchar(50) DEFAULT NULL,
  `tr_contacto` varchar(50) NOT NULL,
  `tr_domicilio` varchar(50) DEFAULT NULL,
  `tr_domicilio_1` varchar(50) DEFAULT NULL,
  `tr_ciudad` varchar(30) DEFAULT NULL,
  `tr_cp` int(5) DEFAULT NULL,
  `tr_telefono` varchar(12) DEFAULT NULL,
  `tr_nextel` varchar(20) NOT NULL,
  `tr_recados` varchar(20) NOT NULL COMMENT 'Telefono Recados',
  `tr_otro` varchar(20) NOT NULL COMMENT 'Otro Telefono',
  `tr_celular` varchar(20) NOT NULL COMMENT 'Telefono Celular',
  `tr_email` varchar(50) DEFAULT NULL,
  `tr_rfc` varchar(20) DEFAULT NULL,
  `tr_factura` char(2) DEFAULT NULL,
  `tr_ife` varchar(50) NOT NULL COMMENT 'Identificacion Oficial',
  `tr_licencia` varchar(50) NOT NULL COMMENT 'Licencia',
  `tr_banco` varchar(20) DEFAULT NULL,
  `tr_cuenta_bancaria` varchar(20) DEFAULT NULL,
  `tr_cuenta_clabe` varchar(20) DEFAULT NULL,
  `tr_documentos` varchar(60) DEFAULT NULL,
  `tr_comision_flete` decimal(10,2) DEFAULT NULL,
  `tr_comision_maniobras` decimal(10,2) DEFAULT NULL,
  `tr_comision_repartos` decimal(10,2) DEFAULT NULL,
  `tr_comision_estadias` decimal(10,2) DEFAULT NULL,
  `tr_comision_autopistas` decimal(10,2) DEFAULT NULL,
  `tr_comision_cargos` decimal(10,2) DEFAULT NULL,
  `tr_comision_otros` decimal(10,2) DEFAULT NULL,
  `tr_status` varchar(2) NOT NULL COMMENT 'Activo (Si/No)',
  `tr_comentarios` varchar(100) NOT NULL COMMENT 'Comentarios',
  PRIMARY KEY (`tr_transportista_id`)
) ENGINE=InnoDB DEFAULT CHARSET=latin1;

--
-- Dumping data for table `transportistas`
--

INSERT INTO `transportistas` (`tr_transportista_id`, `tr_razon_social`, `tr_contacto`, `tr_domicilio`, `tr_domicilio_1`, `tr_ciudad`, `tr_cp`, `tr_telefono`, `tr_nextel`, `tr_recados`, `tr_otro`, `tr_celular`, `tr_email`, `tr_rfc`, `tr_factura`, `tr_ife`, `tr_licencia`, `tr_banco`, `tr_cuenta_bancaria`, `tr_cuenta_clabe`, `tr_documentos`, `tr_comision_flete`, `tr_comision_maniobras`, `tr_comision_repartos`, `tr_comision_estadias`, `tr_comision_autopistas`, `tr_comision_cargos`, `tr_comision_otros`, `tr_status`, `tr_comentarios`) VALUES
('MOTA', 'Montesinos Tamayo Alfonso Juan', '', NULL, NULL, NULL, NULL, NULL, '', '', '', '', NULL, NULL, 'SI', '', '', NULL, NULL, NULL, NULL, 0.00, 0.00, 0.00, 0.00, 0.00, 0.00, 0.00, 'Si', '');

-- --------------------------------------------------------

--
-- Table structure for table `trtiporeq`
--

CREATE TABLE IF NOT EXISTS `trtiporeq` (
  `opt_tipo_req` varchar(20) COLLATE latin1_spanish_ci NOT NULL COMMENT 'Concepto',
  `opt_nombre` varchar(50) COLLATE latin1_spanish_ci NOT NULL COMMENT 'Nombre',
  `opt_orden` int(11) NOT NULL COMMENT 'Orden',
  KEY `opt_tipo_req` (`opt_tipo_req`)
) ENGINE=MyISAM DEFAULT CHARSET=latin1 COLLATE=latin1_spanish_ci COMMENT='Tipos de Requisitos Transportistas';

-- --------------------------------------------------------

--
-- Table structure for table `unidades`
--

CREATE TABLE IF NOT EXISTS `unidades` (
  `uni_placa_id` varchar(8) NOT NULL DEFAULT '',
  `uni_tipo_vehiculo_id` varchar(15) DEFAULT NULL,
  `uni_transportista_id` varchar(20) DEFAULT NULL,
  `uni_tipo_placas` varchar(20) DEFAULT NULL COMMENT 'Tipo Placa (Local/Federal)',
  `uni_num_tarj_circ` varchar(20) DEFAULT NULL COMMENT 'Num Tarjeta Circulacion',
  `uni_marca` varchar(15) DEFAULT NULL,
  `uni_serie` varchar(20) DEFAULT NULL,
  `uni_clave_vehicular` varchar(30) NOT NULL COMMENT 'Clave Vehicular',
  `uni_modelo` int(4) DEFAULT NULL,
  `uni_cap_tarimas` int(4) DEFAULT NULL,
  `uni_cap_volumen` decimal(10,2) DEFAULT NULL,
  `uni_cap_peso` decimal(10,2) DEFAULT NULL,
  `uni_fotografia` varchar(60) DEFAULT NULL,
  `uni_documentos` varchar(60) DEFAULT NULL,
  `uni_poliza_seguro` varchar(20) NOT NULL COMMENT 'Numero de Poliza Seguro',
  `uni_aseguradora` varchar(20) DEFAULT NULL COMMENT 'Aseguradora Vehiculo',
  `uni_seguro` varchar(60) DEFAULT NULL,
  `uni_venc_seguro` date DEFAULT NULL COMMENT 'Vencimiento Seguro',
  `uni_venc_verificacion` date DEFAULT NULL COMMENT 'Vencimiento Verificacion',
  `uni_venc_tenencia` date DEFAULT NULL COMMENT 'Vencimiento Tenencia',
  `uni_rendimiento` decimal(10,2) DEFAULT NULL,
  `uni_combustible` varchar(20) DEFAULT NULL,
  `uni_gts_viaje` varchar(2) DEFAULT NULL,
  `uni_comentarios` varchar(300) DEFAULT NULL,
  `uni_placas_ant` varchar(50) DEFAULT NULL COMMENT 'Placas Anteriores',
  `uni_status` varchar(2) DEFAULT NULL COMMENT 'Activo (Si/No)',
  `uni_info_gps` varchar(300) DEFAULT NULL COMMENT 'Informacion GPS Unidad',
  `uni_ubicacion` varchar(100) DEFAULT NULL,
  `uni_ubicacion_fecha` datetime DEFAULT NULL,
  `uni_ubicacion_velocidad` smallint(6) DEFAULT NULL,
  `uni_ubicacion_estatus` varchar(50) DEFAULT NULL,
  `uni_ubicacion_aviso` varchar(100) DEFAULT NULL,
  PRIMARY KEY (`uni_placa_id`),
  KEY `uni_tipo_vehiculo_id` (`uni_tipo_vehiculo_id`),
  KEY `uni_transportista_id` (`uni_transportista_id`)
) ENGINE=InnoDB DEFAULT CHARSET=latin1;

--
-- Dumping data for table `unidades`
--

INSERT INTO `unidades` (`uni_placa_id`, `uni_tipo_vehiculo_id`, `uni_transportista_id`, `uni_tipo_placas`, `uni_num_tarj_circ`, `uni_marca`, `uni_serie`, `uni_clave_vehicular`, `uni_modelo`, `uni_cap_tarimas`, `uni_cap_volumen`, `uni_cap_peso`, `uni_fotografia`, `uni_documentos`, `uni_poliza_seguro`, `uni_aseguradora`, `uni_seguro`, `uni_venc_seguro`, `uni_venc_verificacion`, `uni_venc_tenencia`, `uni_rendimiento`, `uni_combustible`, `uni_gts_viaje`, `uni_comentarios`, `uni_placas_ant`, `uni_status`, `uni_info_gps`, `uni_ubicacion`, `uni_ubicacion_fecha`, `uni_ubicacion_velocidad`, `uni_ubicacion_estatus`, `uni_ubicacion_aviso`) VALUES
('AMT-LOBO', '3.5 TON SECO', 'MOTA', NULL, NULL, 'Ford PZ25502', '1FTPX04524KC18418', '', 2004, 4, NULL, NULL, NULL, NULL, '', NULL, 'seguro_lobo__29-07-2013.pdf', '2013-07-29', '2013-07-29', '2011-12-31', 5.50, 'Gasolina', 'NO', '', 'PZ25502', 'Si', NULL, '', '2013-07-29 00:00:00', 0, '', ''),
('Cancelad', NULL, NULL, NULL, NULL, NULL, NULL, '', NULL, NULL, NULL, NULL, NULL, NULL, '', NULL, '', '0000-00-00', '0000-00-00', '0000-00-00', 0.00, '', '', '', '', 'No', NULL, '', '0000-00-00 00:00:00', 0, '', ''),
('SERVADM', NULL, 'MOTA', NULL, NULL, NULL, NULL, '', NULL, NULL, NULL, NULL, 'servicios_administrativos.pdf', 'servicios_administrativos.pdf', '', NULL, 'servicios_administrativos.pdf', '2022-05-31', '2022-05-31', '2022-05-31', 0.00, 'Gasolina', 'NO', '', '', 'Si', NULL, '', '2022-05-31 00:00:00', 0, '', ''),
('SNT3945', 'NISSAN SECO', 'MOTA', NULL, NULL, 'Chevrolet', '3G1SF21X88S107471', '', 2008, 1, 1.00, 1.00, 'snt-3945_fotos.pdf', 'snt-3945_factura_y_tdc.pdf', '', NULL, 'seguro_chevy_2013-05.pdf', '0000-00-00', '0000-00-00', '0000-00-00', 13.00, 'Gasolina', 'SI', '', '', 'Si', NULL, '', '2011-01-01 00:00:00', 0, '', '');

-- --------------------------------------------------------

--
-- Table structure for table `untiporeq`
--

CREATE TABLE IF NOT EXISTS `untiporeq` (
  `opu_tipo_req` varchar(20) COLLATE latin1_spanish_ci NOT NULL COMMENT 'Concepto',
  `opu_nombre` varchar(50) COLLATE latin1_spanish_ci NOT NULL COMMENT 'Nombre',
  `opu_orden` int(11) NOT NULL COMMENT 'Orden',
  PRIMARY KEY (`opu_tipo_req`)
) ENGINE=MyISAM DEFAULT CHARSET=latin1 COLLATE=latin1_spanish_ci COMMENT='Tipos de Requisitos Unidades';

-- --------------------------------------------------------

--
-- Table structure for table `viajes`
--

CREATE TABLE IF NOT EXISTS `viajes` (
  `vje_folio_yo_id` int(8) NOT NULL,
  `vje_cliente_princ` varchar(15) NOT NULL COMMENT 'Cliente Principal',
  `vje_empresa_id` varchar(15) DEFAULT NULL,
  `vje_tipo_ingreso` varchar(20) NOT NULL COMMENT 'Viaje/Servicio/Producto',
  `vje_folio_cliente` varchar(20) DEFAULT NULL,
  `vje_fecha_viaje` date DEFAULT NULL,
  `vje_aaaa-mm` varchar(7) NOT NULL,
  `vje_sem_nomina` varchar(10) NOT NULL,
  `vje_placas_id` varchar(8) DEFAULT NULL,
  `vje_xf` varchar(6) NOT NULL DEFAULT '',
  `vje_destino_id` varchar(35) DEFAULT NULL,
  `vje_tipo_vehiculo_id` varchar(15) DEFAULT NULL,
  `vje_operador_id` varchar(20) DEFAULT NULL,
  `vje_status` varchar(15) NOT NULL DEFAULT 'Despachado',
  `vje_status_xf` varchar(15) NOT NULL,
  `vje_fecha_evidencias` date DEFAULT NULL,
  `vje_fecha_liberacion` date DEFAULT NULL,
  `vje_precio_unitario` decimal(10,2) NOT NULL COMMENT 'Precio Unitario',
  `vje_flete` decimal(10,2) DEFAULT '0.00',
  `vje_maniobras` decimal(10,2) DEFAULT NULL,
  `vje_estadias` decimal(10,2) DEFAULT NULL,
  `vje_autopistas` decimal(10,2) DEFAULT NULL,
  `vje_pago_repartos` decimal(10,2) DEFAULT NULL,
  `vje_cargos` decimal(10,2) DEFAULT NULL,
  `vje_otros` decimal(10,2) DEFAULT NULL,
  `vje_comisiones_flete` decimal(10,2) NOT NULL COMMENT 'Comisiones Flete',
  `vje_comisiones` decimal(10,2) NOT NULL COMMENT 'Comisiones pagadas',
  `vje_subtotal` decimal(10,2) DEFAULT NULL,
  `vje_iva` decimal(10,2) DEFAULT NULL,
  `vje_retencion` decimal(10,2) DEFAULT NULL,
  `vje_total` decimal(10,2) DEFAULT NULL,
  `vje_pt_flete` decimal(10,2) DEFAULT NULL,
  `vje_pt_maniobras` decimal(10,2) DEFAULT NULL,
  `vje_pt_estadias` decimal(10,2) DEFAULT NULL,
  `vje_pt_autopistas` decimal(10,2) DEFAULT NULL,
  `vje_pt_repartos` decimal(10,2) DEFAULT NULL,
  `vje_pt_cargos` decimal(10,2) DEFAULT NULL,
  `vje_pt_otros` decimal(10,2) DEFAULT NULL,
  `vje_pt_comisiones_flete` decimal(10,2) NOT NULL COMMENT 'Comisiones Flete',
  `vje_pt_comisiones` decimal(10,2) NOT NULL COMMENT 'Comisiones',
  `vje_pt_subtotal` decimal(10,2) DEFAULT NULL,
  `vje_pt_iva` decimal(10,2) DEFAULT NULL,
  `vje_pt_ret_iva` decimal(10,2) DEFAULT NULL,
  `vje_pt_total` decimal(10,2) DEFAULT NULL,
  `vje_pt_flete_calc` tinyint(1) NOT NULL,
  `vje_pt_maniobras_calc` tinyint(1) NOT NULL,
  `vje_pt_estadias_calc` tinyint(1) NOT NULL,
  `vje_pt_autopistas_calc` tinyint(1) NOT NULL,
  `vje_pt_repartos_calc` tinyint(1) NOT NULL,
  `vje_pt_cargos_calc` tinyint(1) NOT NULL,
  `vje_pt_otros_calc` tinyint(1) NOT NULL,
  `vje_pt_comisiones_flete_calc` tinyint(1) NOT NULL,
  `vje_pt_comisiones_calc` tinyint(1) NOT NULL,
  `vje_comentarios_pago` varchar(140) NOT NULL,
  `vje_cajas` decimal(10,0) NOT NULL,
  `vje_toneladas` decimal(10,2) DEFAULT NULL,
  `vje_m3` decimal(10,2) DEFAULT '0.00',
  `vje_kms` decimal(10,0) DEFAULT NULL,
  `vje_facturas` decimal(10,0) DEFAULT NULL,
  `vje_repartos` decimal(10,0) DEFAULT NULL,
  `vje_comentarios` varchar(140) DEFAULT '',
  `vje_documento` varchar(60) DEFAULT NULL,
  PRIMARY KEY (`vje_folio_yo_id`),
  KEY `vje_empresa_id` (`vje_empresa_id`),
  KEY `vje_placas_id` (`vje_placas_id`),
  KEY `vje_destino_id` (`vje_destino_id`),
  KEY `vje_tipo_vehiculo_id` (`vje_tipo_vehiculo_id`),
  KEY `vje_operador_id` (`vje_operador_id`)
) ENGINE=InnoDB DEFAULT CHARSET=latin1;

--
-- Dumping data for table `viajes`
--

INSERT INTO `viajes` (`vje_folio_yo_id`, `vje_cliente_princ`, `vje_empresa_id`, `vje_tipo_ingreso`, `vje_folio_cliente`, `vje_fecha_viaje`, `vje_aaaa-mm`, `vje_sem_nomina`, `vje_placas_id`, `vje_xf`, `vje_destino_id`, `vje_tipo_vehiculo_id`, `vje_operador_id`, `vje_status`, `vje_status_xf`, `vje_fecha_evidencias`, `vje_fecha_liberacion`, `vje_precio_unitario`, `vje_flete`, `vje_maniobras`, `vje_estadias`, `vje_autopistas`, `vje_pago_repartos`, `vje_cargos`, `vje_otros`, `vje_comisiones_flete`, `vje_comisiones`, `vje_subtotal`, `vje_iva`, `vje_retencion`, `vje_total`, `vje_pt_flete`, `vje_pt_maniobras`, `vje_pt_estadias`, `vje_pt_autopistas`, `vje_pt_repartos`, `vje_pt_cargos`, `vje_pt_otros`, `vje_pt_comisiones_flete`, `vje_pt_comisiones`, `vje_pt_subtotal`, `vje_pt_iva`, `vje_pt_ret_iva`, `vje_pt_total`, `vje_pt_flete_calc`, `vje_pt_maniobras_calc`, `vje_pt_estadias_calc`, `vje_pt_autopistas_calc`, `vje_pt_repartos_calc`, `vje_pt_cargos_calc`, `vje_pt_otros_calc`, `vje_pt_comisiones_flete_calc`, `vje_pt_comisiones_calc`, `vje_comentarios_pago`, `vje_cajas`, `vje_toneladas`, `vje_m3`, `vje_kms`, `vje_facturas`, `vje_repartos`, `vje_comentarios`, `vje_documento`) VALUES
(764, 'GALO-DHLUM', 'GALO-DHLUM', 'Viaje', '3901', '2011-09-09', '2011-09', '', 'AMT-LOBO', '', 'Local - NL', '3.5 TON SECO', 'AMT', 'Liberado', '', '2011-09-09', '2011-09-09', 0.00, 669.00, 0.00, 0.00, 0.00, 0.00, 0.00, 0.00, 74.00, 0.00, 595.00, 95.20, 23.80, 666.40, 669.00, 0.00, 0.00, 0.00, 0.00, 0.00, 0.00, 74.00, 0.00, 595.00, 95.20, 23.80, 666.40, 0, 0, 0, 0, 0, 0, 0, 0, 0, '  ', 14, 0.00, 0.00, 138, 0, 0, 'UM 09/09/2011 / CASA MARZAM ALMACEN DE DROGAS', 'ge-3901.pdf'),
(765, 'GALO-DHLUM', 'GALO-DHLUM', 'Viaje', '3902', '2011-09-09', '2011-09', '', 'AMT-LOBO', '', 'Local - NL', '3.5 TON SECO', 'AMT', 'Liberado', '', '2011-09-09', '2011-09-09', 0.00, 669.00, 0.00, 0.00, 0.00, 0.00, 0.00, 0.00, 74.00, 0.00, 595.00, 95.20, 23.80, 666.40, 669.00, 0.00, 0.00, 0.00, 0.00, 0.00, 0.00, 74.00, 0.00, 595.00, 95.20, 23.80, 666.40, 0, 0, 0, 0, 0, 0, 0, 0, 0, '  ', 2, 0.00, 0.00, 138, 0, 0, 'UM 09/09/2011 ESPECI / PUERTOS Y TERMINALES', 'ge-3902(1).pdf'),
(766, 'GALO-DHLUM', 'GALO-DHLUM', 'Viaje', '3931', '2011-09-13', '2011-09', '', 'AMT-LOBO', '', 'Local - NL', '3.5 TON SECO', 'AMT', 'Liberado', '', '2011-09-13', '2011-09-13', 0.00, 669.00, 0.00, 0.00, 0.00, 0.00, 0.00, 0.00, 74.00, 0.00, 595.00, 95.20, 23.80, 666.40, 669.00, 0.00, 0.00, 0.00, 0.00, 0.00, 0.00, 74.00, 0.00, 595.00, 95.20, 23.80, 666.40, 0, 0, 0, 0, 0, 0, 0, 0, 0, ' ', 8, 0.00, 0.00, 138, 0, 0, 'UM 13/09/2011 / GRUPO CASA SABA,NADRO', 'ge-3931.pdf'),
(767, 'GALO-DHLUM', 'GALO-DHLUM', 'Viaje', '3948', '2011-09-19', '2011-09', '', 'AMT-LOBO', '', 'Local - NL', '3.5 TON SECO', 'AMT', 'Liberado', '', '2011-09-19', '2011-09-19', 0.00, 669.00, 0.00, 0.00, 0.00, 0.00, 0.00, 0.00, 74.00, 0.00, 595.00, 95.20, 23.80, 666.40, 669.00, 0.00, 0.00, 0.00, 0.00, 0.00, 0.00, 74.00, 0.00, 595.00, 95.20, 23.80, 666.40, 0, 0, 0, 0, 0, 0, 0, 0, 0, '   ', 2, 0.00, 0.00, 138, 0, 0, 'UM 19/09/2011 / Puertos y terminales', 'ge-3948.pdf'),
(768, 'GALO-DHLUM', 'GALO-DHLUM', 'Viaje', '3967', '2011-09-22', '2011-09', '', 'AMT-LOBO', '', 'Local - NL', '3.5 TON SECO', 'AMT', 'Liberado', '', '2011-09-22', '2011-09-22', 0.00, 669.00, 0.00, 0.00, 0.00, 0.00, 0.00, 0.00, 74.00, 0.00, 595.00, 95.20, 23.80, 666.40, 669.00, 0.00, 0.00, 0.00, 0.00, 0.00, 0.00, 74.00, 0.00, 595.00, 95.20, 23.80, 666.40, 0, 0, 0, 0, 0, 0, 0, 0, 0, '   ', 14, 0.00, 0.00, 138, 0, 0, 'UM 22/09/2011 ESPECI / CASA SABA Y NADRO', 'ge-3967.pdf'),
(769, 'GALO-DHLUM', 'GALO-DHLUM', 'Viaje', '4012', '2011-09-29', '2011-09', '', 'AMT-LOBO', '', 'Local - NL', '3.5 TON SECO', 'AMT', 'Liberado', '', '2011-09-29', '2011-09-29', 0.00, 669.00, 0.00, 0.00, 0.00, 0.00, 0.00, 0.00, 74.00, 0.00, 595.00, 95.20, 23.80, 666.40, 669.00, 0.00, 0.00, 0.00, 0.00, 0.00, 0.00, 74.00, 0.00, 595.00, 95.20, 23.80, 666.40, 0, 0, 0, 0, 0, 0, 0, 0, 0, '   ', 1, 0.00, 0.00, 138, 0, 0, 'UM 29/09/2011 ESPECI / Farmacos Nacionales', 'ge-4012.pdf'),
(770, 'GALO-DHLUM', 'GALO-DHLUM', 'Viaje', '4175', '2011-10-27', '2011-10', '', 'AMT-LOBO', '', 'Local - NL', '3.5 TON SECO', 'AMT', 'Liberado', '', '2011-10-27', '2011-10-27', 0.00, 669.00, 0.00, 0.00, 0.00, 0.00, 0.00, 0.00, 74.00, 0.00, 595.00, 95.20, 23.80, 666.40, 669.00, 0.00, 0.00, 0.00, 0.00, 0.00, 0.00, 74.00, 0.00, 595.00, 95.20, 23.80, 666.40, 0, 0, 0, 0, 0, 0, 0, 0, 0, '  ', 3, 0.00, 0.00, 138, 0, 0, 'UM 27/10/2011 APOYO / FARMACOS NACIONALES', 'ge-4175.pdf'),
(771, 'GALO-DHLUM', 'GALO-DHLUM', 'Viaje', '4299', '2011-11-16', '2011-11', '', 'AMT-LOBO', '', 'Local - NL', '3.5 TON SECO', 'AMT', 'Liberado', '', '2011-11-16', '2011-11-16', 0.00, 669.00, 0.00, 0.00, 0.00, 0.00, 0.00, 0.00, 74.00, 0.00, 595.00, 95.20, 23.80, 666.40, 669.00, 0.00, 0.00, 0.00, 0.00, 0.00, 0.00, 74.00, 0.00, 595.00, 95.20, 23.80, 666.40, 0, 0, 0, 0, 0, 0, 0, 0, 0, '  ', 1, 0.00, 0.00, 138, 0, 0, 'UM 16/11/11 ESPECIAL / DALTEM PROVEE NORTE,S.A. DE C.V.1 HIELERA', 'ge-4299.pdf'),
(772, 'GALO-DHLUM', 'GALO-DHLUM', 'Viaje', '4400', '2011-11-30', '2011-11', '', 'SNT3945', 'PYM', 'Local - NL', '3.5 TON SECO', 'AMT', 'Liberado', 'Pagado', '2011-11-30', '2011-11-30', 0.00, 669.00, 0.00, 0.00, 0.00, 0.00, 0.00, 0.00, 74.00, 0.00, 595.00, 95.20, 23.80, 666.40, 669.00, 0.00, 0.00, 0.00, 0.00, 0.00, 0.00, 74.00, 0.00, 595.00, 95.20, 23.80, 666.40, 0, 0, 0, 0, 0, 0, 0, 0, 0, ' ', 2, 0.00, 0.00, 150, 0, 2, 'UM 30/11/2011 V5 / Rechazo total Guia Daltem por producto cambiado.  Venia Butazolidina en lugar de Oncovin.  Julio Meza', 'ge-4400.pdf'),
(773, 'GALO-DHLSL', 'GALO-DHLSL', 'Viaje', '4432', '2011-12-05', '2011-12', '2011-49', 'SNT3945', '', 'Monclova - Coah', 'NISSAN SECO', 'HERGRA', 'Liberado', '', '2011-12-09', '2011-12-09', 0.00, 1440.50, 0.00, 0.00, 0.00, 0.00, 0.00, 0.00, 158.50, 0.00, 1282.00, 205.12, 51.28, 1435.84, 1440.50, 0.00, 0.00, 0.00, 0.00, 0.00, 0.00, 158.50, 0.00, 1282.00, 205.12, 51.28, 1435.84, 0, 0, 0, 0, 0, 0, 0, 0, 0, ' EQUIPO\r\n1 LAPTOP 9KK6HH1  ', 1, 0.00, 0.00, 404, 0, 1, 'UNISYS UN14829-REC / AXA Seguros MONCLOVABOULEVARD HAROLD R. PAPE #750 PISO 2Colonia: GUADALUPE, C. P. 25730,MONCLOVA, COAHUILA.Contacto: Ze', ''),
(774, 'GALO-DHLSL', 'GALO-DHLSL', 'Viaje', '4443', '2011-12-05', '2011-12', '2011-49', 'SNT3945', '', 'Matamoros - Tamp', 'NISSAN SECO', 'HERGRA', 'Liberado', '', '2011-12-09', '2011-12-09', 0.00, 1937.95, 0.00, 0.00, 439.65, 0.00, 0.00, 367.00, 212.95, -19.97, 2551.62, 408.26, 69.00, 2890.88, 1937.95, 0.00, 0.00, 439.65, 0.00, 0.00, 367.00, 212.95, -19.97, 2551.62, 408.26, 69.00, 2890.88, 0, 0, 1, 0, 0, 0, 0, 0, 0, '       ', 1, 0.00, 0.00, 710, 0, 1, 'ALCATEL 5-0803243.00 / ', ''),
(775, 'GALO-DHLSL', 'GALO-DHLSL', 'Viaje', '4510', '2011-12-14', '2011-12', '2011-50', 'SNT3945', '', 'Torreon - Coah', 'NISSAN SECO', 'HERGRA', 'Liberado', '', '2011-12-16', '2012-01-03', 0.00, 1988.80, 0.00, 0.00, 451.72, 0.00, 0.00, 367.00, 218.80, 89.72, 2499.00, 399.84, 70.80, 2828.04, 1988.80, 0.00, 0.00, 451.72, 0.00, 0.00, 367.00, 218.80, 89.72, 2499.00, 399.84, 70.80, 2828.04, 0, 0, 0, 0, 0, 0, 0, 0, 0, '   ', 1, 0.00, 0.00, 728, 0, 1, 'UNISYS UN15020 / ', ''),
(776, 'GALO-DHLSL', 'GALO-DHLSL', 'Viaje', '4542', '2011-12-20', '2011-12', '2011-51', 'SNT3945', '', 'Reynosa - Tamp', 'NISSAN SECO', 'HERGRA', 'Liberado', '', '2011-12-21', '2011-12-21', 0.00, 1243.00, 0.00, 0.00, 363.79, -40.00, 0.00, 367.00, 133.00, 79.79, 1721.00, 275.36, 42.80, 1953.56, 1243.00, 0.00, 0.00, 363.79, -40.00, 0.00, 367.00, 133.00, 79.79, 1721.00, 275.36, 42.80, 1953.56, 0, 0, 0, 0, 0, 0, 0, 0, 0, ' Rec MORELOS #1250 PISOS 1 Y 2,\r\nEnt: FRANCISCO I MADERO Y ORTIZ RUBIO #600\r\nCOLONIA DEL PRADO, C. P. 88560,\r\nReynosa - Tamaulipas\r\nContacto', 1, 0.00, 0.00, 464, 0, 1, 'UNISYS UN15121-REC / UN15121-REC / UN15122-ENT', 'ge-4542.pdf'),
(777, 'GALO-DHLUM', 'GALO-DHLUM', 'Viaje', '4550', '2011-12-21', '2011-12', '2011-51', 'SNT3945', '', 'Local - NL', '3.5 TON SECO', 'HERGRA', 'Liberado', '', '2011-12-21', '2011-12-22', 0.00, 669.00, 0.00, 0.00, 0.00, 0.00, 0.00, 0.00, 74.00, 0.00, 595.00, 95.20, 23.80, 666.40, 669.00, 0.00, 0.00, 0.00, 0.00, 0.00, 0.00, 74.00, 0.00, 595.00, 95.20, 23.80, 666.40, 0, 0, 0, 0, 0, 0, 0, 0, 0, '  ', 5, 0.00, 0.00, 138, 0, 0, 'UM 22/12/11 1o  VIAJ / CASA MARZAM Y ALMACEN DROGAS', 'ge-4550.pdf'),
(778, 'GALO-DHLSL', 'GALO-DHLSL', 'Viaje', '4566', '2011-12-23', '2011-12', '2011-51', 'SNT3945', '', 'Torreon - Coah', 'NISSAN SECO', 'HERGRA', 'Liberado', '', '2011-12-28', '2011-12-28', 0.00, 1988.80, 0.00, 0.00, 479.31, 0.00, 0.00, 367.00, 218.80, 67.59, 2548.72, 407.80, 70.80, 2885.72, 1988.80, 0.00, 0.00, 479.31, 0.00, 0.00, 367.00, 218.80, 67.59, 2548.72, 407.80, 70.80, 2885.72, 0, 0, 0, 1, 0, 0, 0, 0, 0, '    ', 1, 0.00, 0.00, 728, 0, 1, 'ALCATEL / ALCATEL 5-0816693.001', 'ge-4566.pdf'),
(779, 'GALO-DHLSL', 'GALO-DHLSL', 'Viaje', '4594', '2011-12-28', '2011-12', '2011-52', 'SNT3945', '', 'Matamoros - Tamp', 'NISSAN SECO', 'HERGRA', 'Liberado', '', '2011-12-29', '2012-01-03', 0.00, 1937.95, 0.00, 0.00, 458.62, 968.97, 0.00, 367.00, 319.92, 90.62, 3322.00, 531.52, 103.48, 3750.04, 1937.95, 0.00, 0.00, 458.62, 968.97, 0.00, 367.00, 319.92, 90.62, 3322.00, 531.52, 103.48, 3750.04, 0, 0, 0, 0, 0, 0, 0, 0, 0, ' Atn: Domingo Castillo.  Dom: Calle Guerrero, 66 - entre 6 y 7 - Col. Centro ', 1, 0.00, 0.00, 710, 0, 1, 'ALCATEL 5-0819290.00 / Servicio con 50% de sobreprecio por Horario.   Llegada 9:30 am MAX.', 'ge-4594.pdf'),
(780, 'GALO-DHLSL', 'GALO-DHLSL', 'Viaje', '4601', '2012-01-01', '2012-01', '2012-01', 'SNT3945', '', 'Durango - Dgo', 'NISSAN SECO', 'HERGRA', 'Liberado', '', '2012-01-03', '2012-01-03', 0.00, 3542.55, 0.00, 0.00, 1210.34, 0.00, 0.00, 367.00, 389.55, 173.34, 4557.00, 729.12, 126.12, 5160.00, 3542.55, 0.00, 0.00, 1210.34, 0.00, 0.00, 367.00, 389.55, 173.34, 4557.00, 729.12, 126.12, 5160.00, 0, 0, 0, 0, 0, 0, 0, 0, 0, '627 Kms * $5.65 Km +367.00+ Autopistas    ', 1, 0.00, 0.00, 1272, 0, 0, 'UNISYS UN15277-REC / UN15277-REC', 'ge-4601.pdf'),
(781, 'GALO-DHLSL', 'GALO-DHLSL', 'Viaje', '4630', '2012-01-07', '2012-01', '2012-02', 'SNT3945', '', 'Tampico - Tamp', 'NISSAN SECO', 'HERGRA', 'Liberado', '', '2012-01-10', '2012-01-10', 0.00, 3107.50, 0.00, 0.00, 0.00, 0.00, 0.00, 367.00, 341.50, 40.00, 3093.00, 494.88, 110.64, 3477.24, 3107.50, 0.00, 0.00, 0.00, 0.00, 0.00, 367.00, 341.50, 40.00, 3093.00, 494.88, 110.64, 3477.24, 0, 0, 0, 0, 0, 0, 0, 0, 0, '   ', 1, 0.00, 0.00, 1124, 0, 1, 'UNISYS UNI5359-REC / ', 'ge-4630.pdf'),
(782, 'GALO-DHLSL', 'GALO-DHLSL', 'Viaje', '4651', '2012-01-12', '2012-01', '2012-02', 'SNT3945', '', 'Queretaro - Qro', 'NISSAN FRIO', 'HERGRA', 'Liberado', '', '2012-01-16', '2012-01-16', 0.00, 5880.00, 0.00, 0.00, 446.55, 0.00, 0.00, 367.00, 647.00, 89.55, 5957.00, 953.12, 209.32, 6700.80, 5880.00, 0.00, 0.00, 446.55, 0.00, 0.00, 367.00, 647.00, 89.55, 5957.00, 953.12, 209.32, 6700.80, 0, 0, 0, 0, 0, 0, 0, 0, 0, 'AV. ZARAGOZA PTE #396 Col. Ninos Heroes, Queretaro,  Atn: Humberto Cardona VelÃ¡zquez Tel. 442 216 0415				   ', 1, 1.00, 1.00, 1424, 0, 1, 'Ciena E120112-191 / Servicio NOCTURNO por eso se cobra como FRIO a $8.40 x Km + $367 + Autopistas', 'ge-4651.pdf'),
(783, 'GALO-DHLSL', 'GALO-DHLSL', 'Viaje', '4659', '2012-01-14', '2012-01', '2012-03', 'SNT3945', '', 'Nvo. Laredo - Tamp', 'NISSAN SECO', 'HERGRA', 'Liberado', '', '2012-01-16', '2012-01-16', 0.00, 1203.00, 0.00, 0.00, 423.27, 0.00, 0.00, 367.00, 132.00, 86.27, 1775.00, 284.00, 42.84, 2016.16, 1203.00, 0.00, 0.00, 423.27, 0.00, 0.00, 367.00, 132.00, 86.27, 1775.00, 284.00, 42.84, 2016.16, 0, 0, 0, 0, 0, 0, 0, 0, 0, 'AXA Seguros NUEVO LAREDO\r\nAV. GUERRERO  NO. 3060 ESQ. SONORA\r\nColonia: JUAREZ C. P. 88260\r\nNUEVO LAREDO, TAMAULIPAS\r\nContacto: Pompa Romero,', 1, 0.00, 0.00, 464, 0, 1, 'UNISYS UN-15427 / Cita Lunes 16 Enero 10 am.', 'ge-4659.pdf'),
(784, 'GALO-DHLUM', 'GALO-DHLUM', 'Viaje', '4661', '2012-01-14', '2012-01', '', 'AMT-LOBO', '', 'Local - NL', '3.5 TON SECO', 'AMT', 'Liberado', '', '2012-01-14', '2012-01-20', 0.00, 669.00, 0.00, 0.00, 0.00, 0.00, 0.00, 0.00, 74.00, 0.00, 595.00, 95.20, 23.80, 666.40, 669.00, 0.00, 0.00, 0.00, 0.00, 0.00, 0.00, 74.00, 0.00, 595.00, 95.20, 23.80, 666.40, 0, 0, 0, 0, 0, 0, 0, 0, 0, '   ', 44, 0.00, 0.00, 138, 0, 0, 'UM 14/01/12 3o  VIAJ / RESGUARDO DE 44 CAJAS DE BENAVIDES', ''),
(785, 'GALO-DHLUM', 'GALO-DHLUM', 'Viaje', '4689', '2012-01-20', '2012-01', '2012-03', 'SNT3945', '', 'Local - NL', '3.5 TON SECO', 'HERGRA', 'Liberado', '', '2012-01-20', '2012-01-20', 0.00, 669.00, 0.00, 0.00, 0.00, 0.00, 0.00, 0.00, 74.00, 0.00, 595.00, 95.20, 23.80, 666.40, 669.00, 0.00, 0.00, 0.00, 0.00, 0.00, 0.00, 74.00, 0.00, 595.00, 95.20, 23.80, 666.40, 0, 0, 0, 0, 0, 0, 0, 0, 0, 'Es el viaje de la caja de Novartis entregada por Juan Dimas en lugar de una de J&J     ', 1, 0.00, 0.00, 138, 0, 0, 'UM 20/01/12 3o  VIAJ / Puertos y Terminales y Almacen de Drogas.  Es el viaje de la caja de Novartis entregada por Juan Dimas en lugar de un', 'ge-4689.pdf'),
(786, 'GALO-DHLSL', 'GALO-DHLSL', 'Viaje', '4701', '2012-01-23', '2012-01', '2012-004', 'SNT3945', '', 'Reynosa - Tamp', 'NISSAN SECO', 'HERGRA', 'Liberado', '', '2012-01-27', '2012-01-27', 0.00, 1243.00, 500.00, 0.00, 363.79, 0.00, 0.00, 367.00, 137.00, 79.79, 2257.00, 361.12, 44.24, 2573.88, 1243.00, 500.00, 0.00, 363.79, 0.00, 0.00, 367.00, 137.00, 79.79, 2257.00, 361.12, 44.24, 2573.88, 0, 0, 0, 0, 0, 0, 0, 0, 0, 'Recolectar en:\r\nAXA Seguros REYNOSA\r\nBOULEVARD MORELOS #1250 PISOS 1 Y 2,\r\nColonia: RODRIGUEZ C. P. 88630\r\nReynosa - Tamaulipas\r\nContacto: M', 1, 0.00, 0.00, 464, 0, 1, 'UNISYS UN15614 y 15 / ', 'ge-4701.pdf'),
(787, 'GALO-DHLSL', 'GALO-DHLSL', 'Viaje', '4717', '2012-01-24', '2012-01', '2012-04', 'SNT3945', '', 'Toluca - Mex', 'NISSAN SECO', 'HERGRA', 'Liberado', '', '2012-01-27', '2012-01-27', 0.00, 5457.00, 0.00, 350.00, 629.31, 0.00, 0.00, 0.00, 600.00, 107.31, 5729.00, 916.64, 194.28, 6451.36, 5457.00, 0.00, 350.00, 629.31, 0.00, 0.00, 0.00, 600.00, 107.31, 5729.00, 916.64, 194.28, 6451.36, 0, 0, 0, 0, 0, 0, 0, 0, 0, '   ', 1, 0.00, 0.00, 1760, 0, 0, 'MBZ / Mercedes Benz Toluca.  14 Horas Transito + 1 Hora Comidas (Colchon).   6 Horas a Libramiento Matehuala, 7.5 Horas a Libramiento SLP, 1', 'ge-4717(1).pdf'),
(788, 'GALO-DHLSL', 'GALO-DHLSL', 'Viaje', '4749', '2012-01-30', '2012-01', '2012-05', 'SNT3945', '', 'Durango - Dgo', 'NISSAN SECO', 'HERGRA', 'Liberado', '', '2012-02-01', '2012-02-01', 0.00, 3542.55, 0.00, 0.00, 1648.27, 0.00, 0.00, 367.00, 389.55, 221.27, 4947.00, 791.52, 126.12, 5612.40, 3542.55, 0.00, 0.00, 1648.27, 0.00, 0.00, 367.00, 389.55, 221.27, 4947.00, 791.52, 126.12, 5612.40, 0, 0, 0, 0, 0, 0, 0, 0, 0, '    ', 1, 0.00, 0.00, 1272, 0, 0, 'UNISYS UN15724 / Recoleccion UNISYS', 'ge-4749.pdf'),
(789, 'GALO-DHLUM', 'GALO-DHLUM', 'Viaje', '4782', '2012-02-08', '2012-02', '2012-06', 'SNT3945', '', 'Local - NL', '3.5 TON SECO', 'HERGRA', 'Liberado', '', '2012-02-08', '2012-02-08', 0.00, 669.00, 0.00, 0.00, 0.00, 0.00, 0.00, 0.00, 74.00, 0.00, 595.00, 95.20, 23.80, 666.40, 669.00, 0.00, 0.00, 0.00, 0.00, 0.00, 0.00, 74.00, 0.00, 595.00, 95.20, 23.80, 666.40, 0, 0, 0, 0, 0, 0, 0, 0, 0, '  ', 4, 0.00, 0.00, 138, 0, 0, 'UM 08/02/12 V2 / NADRO,ALMACEN DROGAS,FARMACIAS SIMILARES', 'ge-4782.pdf'),
(790, 'GALO-DHLUM', 'GALO-DHLUM', 'Viaje', '4792', '2012-02-09', '2012-02', '2012-06', 'SNT3945', '', 'Local - NL', '3.5 TON SECO', 'HERGRA', 'Liberado', '', '2012-02-09', '2012-02-09', 0.00, 669.00, 0.00, 0.00, 0.00, 0.00, 0.00, 0.00, 74.00, 0.00, 595.00, 95.20, 23.80, 666.40, 669.00, 0.00, 0.00, 0.00, 0.00, 0.00, 0.00, 74.00, 0.00, 595.00, 95.20, 23.80, 666.40, 0, 0, 0, 0, 0, 0, 0, 0, 0, '  rechazo de 5 pzas de RITALIN CAJA 60 comprimidos 10mg Codigo 133397 Lote N0130 Y 1pza TOFRANIL caja 20 grajeas 25mg Codigo 132663 Lote N00', 143, 0.00, 0.00, 138, 0, 0, 'UM 09/02/12 V2 / FARMACOS NACIONALES', 'ge-4792.pdf'),
(791, 'GALO-DHLUM', 'GALO-DHLUM', 'Viaje', '4799', '2012-02-10', '2012-02', '2012-06', 'SNT3945', '', 'Local - NL', '3.5 TON SECO', 'HERGRA', 'Liberado', '', '2012-02-10', '2012-02-10', 0.00, 669.00, 0.00, 0.00, 0.00, 0.00, 0.00, 0.00, 74.00, 0.00, 595.00, 95.20, 23.80, 666.40, 669.00, 0.00, 0.00, 0.00, 0.00, 0.00, 0.00, 74.00, 0.00, 595.00, 95.20, 23.80, 666.40, 0, 0, 0, 0, 0, 0, 0, 0, 0, '    ', 7, 0.00, 0.00, 138, 0, 0, 'UM 10/02/12 V1 / ALMACEN DE DROGAS', 'ge-4799.pdf'),
(792, 'GALO-DHLUM', 'GALO-DHLUM', 'Viaje', '4800', '2012-02-10', '2012-02', '2012-06', 'SNT3945', '', 'Local - NL', '3.5 TON SECO', 'HERGRA', 'Liberado', '', '2012-02-10', '2012-02-10', 0.00, 669.00, 0.00, 0.00, 0.00, 0.00, 0.00, 0.00, 74.00, 0.00, 595.00, 95.20, 23.80, 666.40, 669.00, 0.00, 0.00, 0.00, 0.00, 0.00, 0.00, 74.00, 0.00, 595.00, 95.20, 23.80, 666.40, 0, 0, 0, 0, 0, 0, 0, 0, 0, '  Rechazo de 1 pza de ONETOUCH ULTRA TEST STIPS (50) GUIA 6782666866 FAC.198936 ', 4, 0.00, 0.00, 138, 0, 0, 'UM 10/02/12 V2 / SERVICIOS EN PUERTOS Y TERMINALES J&J', 'ge-4800(1).pdf'),
(793, 'GALO-DHLUM', 'GALO-DHLUM', 'Viaje', '4802', '2012-02-10', '2012-02', '2012-06', 'SNT3945', '', 'Local - NL', '3.5 TON SECO', 'HERGRA', 'Liberado', '', '2012-02-10', '2012-02-10', 0.00, 669.00, 0.00, 0.00, 0.00, 0.00, 0.00, 0.00, 74.00, 0.00, 595.00, 95.20, 23.80, 666.40, 669.00, 0.00, 0.00, 0.00, 0.00, 0.00, 0.00, 74.00, 0.00, 595.00, 95.20, 23.80, 666.40, 0, 0, 0, 0, 0, 0, 0, 0, 0, '  ', 6, 0.00, 0.00, 138, 0, 0, 'UM 10/02/12 V4 / FARMACIAS BENAVIDES', 'ge-4802.pdf'),
(794, 'GALO-DHLUM', 'GALO-DHLUM', 'Viaje', '4807', '2012-02-13', '2012-02', '2012-07', 'SNT3945', '', 'Local - NL', '3.5 TON SECO', 'HERGRA', 'Liberado', '', '2012-02-13', '2012-02-13', 0.00, 669.00, 0.00, 0.00, 0.00, 0.00, 0.00, 0.00, 74.00, 0.00, 595.00, 95.20, 23.80, 666.40, 669.00, 0.00, 0.00, 0.00, 0.00, 0.00, 0.00, 74.00, 0.00, 595.00, 95.20, 23.80, 666.40, 0, 0, 0, 0, 0, 0, 0, 0, 0, ' ', 4, 0.00, 0.00, 0, 0, 0, 'UM 13/02/12 V2 / ALMACEN DE DROGAS', 'ge-4807.pdf'),
(795, 'GALO-DHLUM', 'GALO-DHLUM', 'Viaje', '4814', '2012-02-14', '2012-02', '2012-07', 'SNT3945', '', 'Local - NL', '3.5 TON SECO', 'HERGRA', 'Liberado', '', '2012-02-14', '2012-02-14', 0.00, 669.00, 0.00, 0.00, 0.00, 0.00, 0.00, 0.00, 74.00, 0.00, 595.00, 95.20, 23.80, 666.40, 669.00, 0.00, 0.00, 0.00, 0.00, 0.00, 0.00, 74.00, 0.00, 595.00, 95.20, 23.80, 666.40, 0, 0, 0, 0, 0, 0, 0, 0, 0, ' ', 7, 0.00, 0.00, 0, 0, 0, 'UM 14/02/12 V2 / NADRO', 'ge-4814.pdf'),
(796, 'GALO-DHLUM', 'GALO-DHLUM', 'Viaje', '4823', '2012-02-16', '2012-02', '2012-07', 'SNT3945', '', 'Local - NL', '3.5 TON SECO', 'HERGRA', 'Liberado', '', '2012-02-16', '2012-02-16', 0.00, 669.00, 0.00, 0.00, 0.00, 0.00, 0.00, 0.00, 74.00, 0.00, 595.00, 95.20, 23.80, 666.40, 669.00, 0.00, 0.00, 0.00, 0.00, 0.00, 0.00, 74.00, 0.00, 595.00, 95.20, 23.80, 666.40, 0, 0, 0, 0, 0, 0, 0, 0, 0, ' ', 4, 0.00, 0.00, 0, 0, 0, 'UM 16/02/12 V2 / NADRO', 'ge-4823.pdf'),
(797, 'GALO-DHLUM', 'GALO-DHLUM', 'Viaje', '4828', '2012-02-17', '2012-02', '2012-07', 'SNT3945', '', 'Local - NL', '3.5 TON SECO', 'HERGRA', 'Liberado', '', '2012-02-17', '2012-02-17', 0.00, 669.00, 0.00, 0.00, 0.00, 0.00, 0.00, 0.00, 74.00, 0.00, 595.00, 95.20, 23.80, 666.40, 669.00, 0.00, 0.00, 0.00, 0.00, 0.00, 0.00, 74.00, 0.00, 595.00, 95.20, 23.80, 666.40, 0, 0, 0, 0, 0, 0, 0, 0, 0, '   ', 1, 0.00, 0.00, 138, 0, 0, 'UM 17/02/12 V3 / FARMACIAS SIMILARES', 'ge-4828.pdf'),
(798, 'GALO-DHLUM', 'GALO-DHLUM', 'Viaje', '4829', '2012-02-17', '2012-02', '2012-07', 'SNT3945', '', 'Local - NL', '3.5 TON SECO', 'HERGRA', 'Liberado', '', '2012-02-17', '2012-02-17', 0.00, 669.00, 0.00, 0.00, 0.00, 0.00, 0.00, 0.00, 74.00, 0.00, 595.00, 95.20, 23.80, 666.40, 669.00, 0.00, 0.00, 0.00, 0.00, 0.00, 0.00, 74.00, 0.00, 595.00, 95.20, 23.80, 666.40, 0, 0, 0, 0, 0, 0, 0, 0, 0, '  ', 1, 0.00, 0.00, 138, 0, 0, 'UM 17/02/12 V4 / SERVICIOS EN PUERTOS Y TERMINALES J&J', 'ge-4829.pdf'),
(799, 'GALO-DHLUM', 'GALO-DHLUM', 'Viaje', '4856', '2012-02-21', '2012-02', '2012-08', 'SNT3945', '', 'Local - NL', '3.5 TON SECO', 'HERGRA', 'Liberado', '', '2012-02-21', '2012-02-21', 0.00, 669.00, 0.00, 0.00, 0.00, 0.00, 0.00, 0.00, 74.00, 0.00, 595.00, 95.20, 23.80, 666.40, 669.00, 0.00, 0.00, 0.00, 0.00, 0.00, 0.00, 74.00, 0.00, 595.00, 95.20, 23.80, 666.40, 0, 0, 0, 0, 0, 0, 0, 0, 0, ' ', 13, 0.00, 0.00, 0, 0, 0, 'UM 21/02/12 V3 / CASA MARZAM Y NADRO', 'ge-4856.pdf'),
(800, 'GALO-DHLUM', 'GALO-DHLUM', 'Viaje', '4857', '2012-02-21', '2012-02', '2012-08', 'SNT3945', '', 'Local - NL', '3.5 TON SECO', 'HERGRA', 'Liberado', '', '2012-02-21', '2012-02-21', 0.00, 669.00, 0.00, 0.00, 0.00, 0.00, 0.00, 0.00, 74.00, 0.00, 595.00, 95.20, 23.80, 666.40, 669.00, 0.00, 0.00, 0.00, 0.00, 0.00, 0.00, 74.00, 0.00, 595.00, 95.20, 23.80, 666.40, 0, 0, 0, 0, 0, 0, 0, 0, 0, '  ', 4, 0.00, 0.00, 138, 0, 0, 'UM 21/02/12 V4 / FARMACIAS BENAVIDES J&J\r\nHay un rechazo de 5 pzas de ONETOUCH ULTRA TEST STRIPS (50) Codigo 02077101 Lote 3240303\r\ny de 2 p', 'ge-4857.pdf'),
(801, 'GALO-DHLSL', 'GALO-DHLSL', 'Viaje', '4872', '2012-02-22', '2012-02', '2012-08', 'SNT3945', '', 'Durango - Dgo', 'NISSAN SECO', 'HERGRA', 'Liberado', '', '2012-02-24', '2012-02-24', 0.00, 3542.55, 0.00, 0.00, 1474.13, 0.00, 0.00, 367.00, 389.55, 202.13, 4792.00, 766.72, 126.12, 5432.60, 3542.55, 0.00, 0.00, 1474.13, 0.00, 0.00, 367.00, 389.55, 202.13, 4792.00, 766.72, 126.12, 5432.60, 0, 0, 0, 0, 0, 0, 0, 0, 0, '   ', 1, 1.00, 1.00, 1278, 0, 1, 'UN16060-REC / ', 'ge-4872.pdf'),
(802, 'GALO-DHLUM', 'GALO-DHLUM', 'Viaje', '4880', '2012-02-24', '2012-02', '2012-08', 'SNT3945', '', 'Local - NL', '3.5 TON SECO', 'HERGRA', 'Liberado', '', '2012-02-24', '2012-02-24', 0.00, 669.00, 0.00, 0.00, 0.00, 0.00, 0.00, 0.00, 74.00, 0.00, 595.00, 95.20, 23.80, 666.40, 669.00, 0.00, 0.00, 0.00, 0.00, 0.00, 0.00, 74.00, 0.00, 595.00, 95.20, 23.80, 666.40, 0, 0, 0, 0, 0, 0, 0, 0, 0, '    ', 1, 0.00, 0.00, 144, 0, 1, 'UM 24/02/2012 V1 / Almacen de Drogas', 'ge-4880.pdf'),
(803, 'GALO-DHLUM', 'GALO-DHLUM', 'Viaje', '4881', '2012-02-24', '2012-02', '2012-08', 'SNT3945', '', 'Local - NL', '3.5 TON SECO', 'HERGRA', 'Liberado', '', '2012-02-24', '2012-02-24', 0.00, 669.00, 0.00, 0.00, 0.00, 0.00, 0.00, 0.00, 74.00, 0.00, 595.00, 95.20, 23.80, 666.40, 669.00, 0.00, 0.00, 0.00, 0.00, 0.00, 0.00, 74.00, 0.00, 595.00, 95.20, 23.80, 666.40, 0, 0, 0, 0, 0, 0, 0, 0, 0, '    ', 1, 0.00, 0.00, 138, 0, 0, 'UM 24/02/2012 V2 / Puertos y Terminales', 'ge-4881.pdf'),
(804, 'GALO-DHLUM', 'GALO-DHLUM', 'Viaje', '4884', '2012-02-23', '2012-02', '', 'AMT-LOBO', '', 'Local - NL', '3.5 TON SECO', 'AMT', 'Liberado', '', '2012-02-23', '2012-02-24', 0.00, 669.00, 0.00, 0.00, 0.00, 0.00, 0.00, 0.00, 74.00, 0.00, 595.00, 95.20, 23.80, 666.40, 669.00, 0.00, 0.00, 0.00, 0.00, 0.00, 0.00, 74.00, 0.00, 595.00, 95.20, 23.80, 666.40, 0, 0, 0, 0, 0, 0, 0, 0, 0, ' ', 1, 0.00, 0.00, 0, 0, 0, 'UM 23/02/2012 REC / Recolectar una Hielera y llevarla a DHL Cienega a la camara fria.', 'ge-4884.pdf'),
(805, 'GALO-DHLUM', 'GALO-DHLUM', 'Viaje', '4890', '2012-02-27', '2012-02', '2012-09', 'SNT3945', '', 'Local - NL', '3.5 TON SECO', 'HERGRA', 'Liberado', '', '2012-02-27', '2012-02-27', 0.00, 669.00, 0.00, 0.00, 0.00, 0.00, 0.00, 0.00, 74.00, 0.00, 595.00, 95.20, 23.80, 666.40, 669.00, 0.00, 0.00, 0.00, 0.00, 0.00, 0.00, 74.00, 0.00, 595.00, 95.20, 23.80, 666.40, 0, 0, 0, 0, 0, 0, 0, 0, 0, ' ', 2, 0.00, 0.00, 0, 0, 0, 'UM 27/02/2012 V2 / Daltem y Casa Saba', 'ge-4890.pdf'),
(806, 'GALO-DHLUM', 'GALO-DHLUM', 'Viaje', '4908', '2012-02-28', '2012-02', '', 'AMT-LOBO', '', 'Local - NL', '3.5 TON SECO', 'AMT', 'Liberado', '', '2012-02-28', '2012-02-28', 0.00, 669.00, 0.00, 0.00, 0.00, 0.00, 0.00, 0.00, 74.00, 0.00, 595.00, 95.20, 23.80, 666.40, 669.00, 0.00, 0.00, 0.00, 0.00, 0.00, 0.00, 74.00, 0.00, 595.00, 95.20, 23.80, 666.40, 0, 0, 0, 0, 0, 0, 0, 0, 0, '   ', 12, 0.00, 0.00, 138, 0, 0, 'UM 28/02/12 V5 / FARMACOS NACIONALES', 'ge-4908.pdf'),
(807, 'GALO-DHLUM', 'GALO-DHLUM', 'Viaje', '4911', '2012-02-28', '2012-02', '2012-09', 'SNT3945', '', 'Local - NL', '3.5 TON SECO', 'HERGRA', 'Liberado', '', '2012-02-28', '2012-02-28', 0.00, 669.00, 0.00, 0.00, 0.00, 0.00, 0.00, 0.00, 74.00, 0.00, 595.00, 95.20, 23.80, 666.40, 669.00, 0.00, 0.00, 0.00, 0.00, 0.00, 0.00, 74.00, 0.00, 595.00, 95.20, 23.80, 666.40, 0, 0, 0, 0, 0, 0, 0, 0, 0, ' ', 7, 0.00, 0.00, 0, 0, 0, 'UM 28/02/12 V6 / ALMACEN DE DROGAS', 'ge-4911.pdf'),
(808, 'GALO-DHLUM', 'GALO-DHLUM', 'Viaje', '4914', '2012-02-28', '2012-02', '', 'AMT-LOBO', '', 'Local - NL', '3.5 TON SECO', 'AMT', 'Liberado', '', '2012-02-29', '2012-02-28', 0.00, 669.00, 0.00, 0.00, 0.00, 0.00, 0.00, 0.00, 74.00, 0.00, 595.00, 95.20, 23.80, 666.40, 669.00, 0.00, 0.00, 0.00, 0.00, 0.00, 0.00, 74.00, 0.00, 595.00, 95.20, 23.80, 666.40, 0, 0, 0, 0, 0, 0, 0, 0, 0, '  ', 7, 0.00, 0.00, 138, 0, 0, 'UM 29/02/2012 V3 / Resguardo de Hieleras en DHL Cienega.  6789685582, 6789685663, 6789685453', 'ge-4914.pdf'),
(809, 'GALO-DHLUM', 'GALO-DHLUM', 'Viaje', '4916', '2012-02-28', '2012-02', '2012-09', 'SNT3945', '', 'Local - NL', '3.5 TON SECO', 'HERGRA', 'Liberado', '', '2012-02-29', '2012-02-29', 0.00, 669.00, 0.00, 0.00, 0.00, 0.00, 0.00, 0.00, 74.00, 0.00, 595.00, 95.20, 23.80, 666.40, 669.00, 0.00, 0.00, 0.00, 0.00, 0.00, 0.00, 74.00, 0.00, 595.00, 95.20, 23.80, 666.40, 0, 0, 0, 0, 0, 0, 0, 0, 0, '  ', 12, 0.00, 0.00, 138, 0, 0, 'UM 29/02/2012 V2 / Almacen Drogas, Marzam, Casa Saba', 'ge-4916.pdf'),
(810, 'GALO-DHLUM', 'GALO-DHLUM', 'Viaje', '4935', '2012-01-03', '2012-03', '2012-09', 'SNT3945', '', 'Local - NL', '3.5 TON SECO', 'HERGRA', 'Liberado', '', '2012-03-01', '2012-03-01', 0.00, 669.00, 0.00, 0.00, 0.00, 0.00, 0.00, 0.00, 74.00, 0.00, 595.00, 95.20, 23.80, 666.40, 669.00, 0.00, 0.00, 0.00, 0.00, 0.00, 0.00, 74.00, 0.00, 595.00, 95.20, 23.80, 666.40, 0, 0, 0, 0, 0, 0, 0, 0, 0, '       ', 9, 0.00, 0.00, 138, 0, 0, 'UM 01/03/12 V1 / Puertos y Terminales.  Monserrat me pidio entregar el Jueves.  No nos recibieron.   Viaje en Falso', 'ge-4935.pdf'),
(811, 'GALO-DHLSL', 'GALO-DHLSL', 'Viaje', '4948', '2012-03-01', '2012-03', '2012-09', 'SNT3945', '', 'Reynosa - Tamp', 'NISSAN SECO', 'HERGRA', 'Liberado', '', '2012-03-02', '2012-03-02', 0.00, 1243.00, 0.00, 0.00, 363.79, 0.00, 0.00, 367.00, 137.00, 79.79, 1757.00, 281.12, 44.24, 1993.88, 1243.00, 0.00, 0.00, 363.79, 0.00, 0.00, 367.00, 137.00, 79.79, 1757.00, 281.12, 44.24, 1993.88, 0, 0, 0, 0, 0, 0, 0, 0, 0, '  ', 1, 0.00, 0.00, 464, 0, 1, 'UN 16197-REC / UNI6197-REC AXA Seguos Reynosa', 'ge-4948.pdf'),
(812, 'GALO-DHLUM', 'GALO-DHLUM', 'Viaje', '4952', '2012-03-02', '2012-03', '', 'AMT-LOBO', '', 'Local - NL', '3.5 TON SECO', 'AMT', 'Liberado', '', '2012-03-02', '2012-03-05', 0.00, 669.00, 0.00, 0.00, 0.00, 0.00, 0.00, 0.00, 74.00, 0.00, 595.00, 95.20, 23.80, 666.40, 669.00, 0.00, 0.00, 0.00, 0.00, 0.00, 0.00, 74.00, 0.00, 595.00, 95.20, 23.80, 666.40, 0, 0, 0, 0, 0, 0, 0, 0, 0, '  ', 10, 0.00, 0.00, 138, 0, 0, 'UM 02/03/12 V3 / SERVICIOS EN PUERTOS Y TERMINALES', 'ge-4952(1).pdf'),
(813, 'GALO-DHLUM', 'GALO-DHLUM', 'Viaje', '4953', '2012-03-02', '2012-03', '', 'AMT-LOBO', '', 'Local - NL', '3.5 TON SECO', 'AMT', 'Liberado', '', '2012-03-02', '2012-03-05', 0.00, 669.00, 0.00, 0.00, 0.00, 0.00, 0.00, 0.00, 74.00, 0.00, 595.00, 95.20, 23.80, 666.40, 669.00, 0.00, 0.00, 0.00, 0.00, 0.00, 0.00, 74.00, 0.00, 595.00, 95.20, 23.80, 666.40, 0, 0, 0, 0, 0, 0, 0, 0, 0, ' ', 1, 0.00, 0.00, 0, 0, 0, 'UM 02/03/12 V4 / FARMACIAS SIMILARES', 'ge-4953(1).pdf'),
(814, 'GALO-DHLUM', 'GALO-DHLUM', 'Viaje', '4986', '2012-03-08', '2012-03', '2012-10', 'SNT3945', '', 'Local - NL', '3.5 TON SECO', 'HERGRA', 'Liberado', '', '2012-03-08', '2012-03-08', 0.00, 669.00, 0.00, 0.00, 0.00, 0.00, 0.00, 0.00, 74.00, 0.00, 595.00, 95.20, 23.80, 666.40, 669.00, 0.00, 0.00, 0.00, 0.00, 0.00, 0.00, 74.00, 0.00, 595.00, 95.20, 23.80, 666.40, 0, 0, 0, 0, 0, 0, 0, 0, 0, '  ', 25, 0.00, 0.00, 138, 0, 0, 'UM 08/03/12 V1 / Farmacias Benavides.  Cita 8 am.\r\nEn este viaje hay un rechazo de 56 Pzas de MEGION IM 500 mg / 2 ml 1 FCO  1 AMPVT TI Codi', 'ge-4986.pdf'),
(815, 'GALO-DHLSL', 'GALO-DHLSL', 'Viaje', '4995', '2012-03-08', '2012-03', '2012-10', 'SNT3945', '', 'Tampico - Tamp', 'NISSAN SECO', 'HERGRA', 'Liberado', '', '2012-03-12', '2012-03-12', 0.00, 3107.50, 0.00, 0.00, 0.00, 0.00, 0.00, 367.00, 341.50, 40.00, 3093.00, 494.88, 110.64, 3477.24, 3107.50, 0.00, 0.00, 0.00, 0.00, 0.00, 367.00, 341.50, 40.00, 3093.00, 494.88, 110.64, 3477.24, 0, 0, 0, 0, 0, 0, 0, 0, 0, ' ', 1, 0.00, 0.00, 0, 0, 0, 'UNISYS / Guia UN16294-REC UN16295-REC', 'ge-4995.pdf'),
(816, 'GALO-DHLUM', 'GALO-DHLUM', 'Viaje', '4998', '2012-03-09', '2012-03', '', 'AMT-LOBO', '', 'Local - NL', '3.5 TON SECO', 'AMT', 'Liberado', '', '2012-03-09', '2012-03-09', 0.00, 669.00, 0.00, 0.00, 0.00, 0.00, 0.00, 0.00, 74.00, 0.00, 595.00, 95.20, 23.80, 666.40, 669.00, 0.00, 0.00, 0.00, 0.00, 0.00, 0.00, 74.00, 0.00, 595.00, 95.20, 23.80, 666.40, 0, 0, 0, 0, 0, 0, 0, 0, 0, '  ', 4, 0.00, 0.00, 138, 0, 0, 'UM 09/03/12 V2 / ALMACEN DE DROGAS', 'ge-4998.pdf'),
(817, 'GALO-DHLUM', 'GALO-DHLUM', 'Viaje', '4999', '2012-03-09', '2012-03', '', 'AMT-LOBO', '', 'Local - NL', '3.5 TON SECO', 'AMT', 'Liberado', '', '2012-03-09', '2012-03-09', 0.00, 669.00, 0.00, 0.00, 0.00, 0.00, 0.00, 0.00, 74.00, 0.00, 595.00, 95.20, 23.80, 666.40, 669.00, 0.00, 0.00, 0.00, 0.00, 0.00, 0.00, 74.00, 0.00, 595.00, 95.20, 23.80, 666.40, 0, 0, 0, 0, 0, 0, 0, 0, 0, ' ', 1, 0.00, 0.00, 0, 0, 0, 'UM 09/03/12 V3 / SERVICIOS EN PUERTOS Y TERMINALES J&J', 'ge-4999.pdf'),
(818, 'GALO-DHLSL', 'GALO-DHLSL', 'Viaje', '5030', '2012-03-13', '2012-03', '2012-11', 'SNT3945', '', 'Monclova - Coah', 'NISSAN SECO', 'HERGRA', 'Liberado', '', '2012-03-14', '2012-03-14', 0.00, 1440.50, 0.00, 0.00, 0.00, 0.00, 0.00, 0.00, 158.50, 0.00, 1282.00, 205.12, 51.28, 1435.84, 1440.50, 0.00, 0.00, 0.00, 0.00, 0.00, 0.00, 158.50, 0.00, 1282.00, 205.12, 51.28, 1435.84, 0, 0, 0, 0, 0, 0, 0, 0, 0, 'SERVICIO NORTEL//JOHNSON CONTROLS INC SRMS 99466217 \r\nCLIENT: JOHNSON CONTROLS INC\r\nCONTACT:BARDO NAYAT\r\nADDRESS:PLAN DE GUADALUPE; NO 1400 ', 1, 0.00, 0.00, 398, 0, 0, 'SRMS 99466217 / ', 'ge-5030.pdf'),
(819, 'GALO-DHLUM', 'GALO-DHLUM', 'Viaje', '5037', '2012-03-15', '2012-03', '2012-11', 'SNT3945', '', 'Local - NL', '3.5 TON SECO', 'HERGRA', 'Liberado', '', '2012-03-15', '2012-03-15', 0.00, 669.00, 0.00, 0.00, 0.00, 0.00, 0.00, 0.00, 74.00, 0.00, 595.00, 95.20, 23.80, 666.40, 669.00, 0.00, 0.00, 0.00, 0.00, 0.00, 0.00, 74.00, 0.00, 595.00, 95.20, 23.80, 666.40, 0, 0, 0, 0, 0, 0, 0, 0, 0, '   ', 23, 0.00, 0.00, 138, 0, 0, 'UM 15/03/12 V2 / FARMACIAS BENAVIDESHay un rechazo de 120 pzas de  PENVIK 400000U /5ML VT (BIOCHE TI Codigo 6064823 Lote BZ1263 Guia 6789688', 'ge-5037.pdf'),
(820, 'GALO-DHLUM', 'GALO-DHLUM', 'Viaje', '5064', '2012-03-21', '2012-03', '2012-12', 'SNT3945', '', 'Local - NL', '3.5 TON SECO', 'HERGRA', 'Liberado', '', '2012-03-21', '2012-03-21', 0.00, 669.00, 0.00, 0.00, 0.00, 0.00, 0.00, 0.00, 74.00, 0.00, 595.00, 95.20, 23.80, 666.40, 669.00, 0.00, 0.00, 0.00, 0.00, 0.00, 0.00, 74.00, 0.00, 595.00, 95.20, 23.80, 666.40, 0, 0, 0, 0, 0, 0, 0, 0, 0, '  ', 5, 0.00, 0.00, 138, 0, 0, 'UM 21/03/12 V2 / NADRO', 'ge-5064.pdf'),
(821, 'GALO-DHLUM', 'GALO-DHLUM', 'Viaje', '5092', '2012-03-23', '2012-03', '2012-12', 'SNT3945', '', 'Local - NL', '3.5 TON SECO', 'HERGRA', 'Liberado', '', '2012-03-23', '2012-03-23', 0.00, 669.00, 0.00, 0.00, 0.00, 0.00, 0.00, 0.00, 74.00, 0.00, 595.00, 95.20, 23.80, 666.40, 669.00, 0.00, 0.00, 0.00, 0.00, 0.00, 0.00, 74.00, 0.00, 595.00, 95.20, 23.80, 666.40, 0, 0, 0, 0, 0, 0, 0, 0, 0, '      ', 2, 0.00, 0.00, 138, 0, 0, 'UM 23/03/12 V2 / PUERTOS Y TERMINALES y FARMACOS Hay un rechazo de 2 pzas de PENICILINA V POTASICA 400,000 U X 40 (FA) Codigo 6232216 Lote B', 'ge-5092.pdf'),
(822, 'GALO-DHLUM', 'GALO-DHLUM', 'Viaje', '5107', '2012-03-27', '2012-03', '2012-13', 'SNT3945', '', 'Local - NL', '3.5 TON SECO', 'HERGRA', 'Liberado', '', '2012-03-27', '2012-03-27', 0.00, 669.00, 0.00, 0.00, 0.00, 0.00, 0.00, 0.00, 74.00, 0.00, 595.00, 95.20, 23.80, 666.40, 669.00, 0.00, 0.00, 0.00, 0.00, 0.00, 0.00, 74.00, 0.00, 595.00, 95.20, 23.80, 666.40, 0, 0, 0, 0, 0, 0, 0, 0, 0, '   ', 1, 0.00, 0.00, 144, 0, 1, 'UM 27/03/12 V2 / Farmacias Benavides', 'ge-5107.pdf'),
(823, 'GALO-DHLSL', 'GALO-DHLSL', 'Viaje', '5114', '2012-03-27', '2012-03', '2012-13', 'SNT3945', '', 'Toluca y Mex - Mex', 'NISSAN SECO', 'HERGRA', 'Liberado', '', '2012-03-29', '2012-03-29', 0.00, 7100.00, 500.00, 0.00, 811.20, 0.00, 0.00, 0.00, 781.00, 89.20, 7541.00, 1206.56, 252.76, 8494.80, 7100.00, 500.00, 0.00, 811.20, 0.00, 0.00, 0.00, 781.00, 89.20, 7541.00, 1206.56, 252.76, 8494.80, 0, 0, 0, 0, 0, 0, 0, 0, 0, 'Mercedes Benz Toluca. 14 Horas Transito + 1 Hora Comidas (Colchon). 6 Horas a Libramiento Matehuala, 7.5 Horas a Libramiento SLP, 11 hora   ', 4, 0.00, 0.00, 1930, 0, 2, 'ENT-MTY280312 / Toluca TS-LOG: ENT-MTY280312-2 y Mexico:   TE-LOG: ENT-MTY280312', 'ge-5114.pdf'),
(824, 'GALO-DHLUM', 'GALO-DHLUM', 'Viaje', '5115', '2012-03-28', '2012-03', '', 'AMT-LOBO', '', 'Local - NL', '3.5 TON SECO', 'AMT', 'Liberado', '', '2012-03-28', '2012-03-28', 0.00, 669.00, 0.00, 0.00, 0.00, 0.00, 0.00, 0.00, 74.00, 0.00, 595.00, 95.20, 23.80, 666.40, 669.00, 0.00, 0.00, 0.00, 0.00, 0.00, 0.00, 74.00, 0.00, 595.00, 95.20, 23.80, 666.40, 0, 0, 0, 0, 0, 0, 0, 0, 0, '  ', 8, 0.00, 0.00, 138, 0, 0, 'UM 28/03/12 V1 / NADRO 1 Hielera y Casa Saba', 'ge-5115.pdf'),
(825, 'GALO-DHLUM', 'GALO-DHLUM', 'Viaje', '5143', '2012-03-30', '2012-03', '2012-13', 'SNT3945', '', 'Local - NL', '3.5 TON SECO', 'HERGRA', 'Liberado', '', '2012-03-30', '2012-03-30', 0.00, 669.00, 0.00, 0.00, 0.00, 0.00, 0.00, 0.00, 74.00, 0.00, 595.00, 95.20, 23.80, 666.40, 669.00, 0.00, 0.00, 0.00, 0.00, 0.00, 0.00, 74.00, 0.00, 595.00, 95.20, 23.80, 666.40, 0, 0, 0, 0, 0, 0, 0, 0, 0, '   ', 5, 0.00, 0.00, 138, 0, 0, 'UM 30/03/12 V2 / FARMACIAS SIMILARES', 'ge-5143.pdf'),
(826, 'GALO-DHLUM', 'GALO-DHLUM', 'Viaje', '5144', '2012-03-30', '2012-03', '2012-13', 'SNT3945', '', 'Local - NL', '3.5 TON SECO', 'HERGRA', 'Liberado', '', '2012-03-30', '2012-03-30', 0.00, 669.00, 0.00, 0.00, 0.00, 0.00, 0.00, 0.00, 74.00, 0.00, 595.00, 95.20, 23.80, 666.40, 669.00, 0.00, 0.00, 0.00, 0.00, 0.00, 0.00, 74.00, 0.00, 595.00, 95.20, 23.80, 666.40, 0, 0, 0, 0, 0, 0, 0, 0, 0, 'Hay un rechazo en la Guia 8708600213 dela Fac. 205876-001 de 5 PZAS DE ULTRA MINI SILVER +50S +2 USX25 Codigo LALFS10079 Lote LIFI4031201 po', 4, 0.00, 0.00, 138, 0, 0, 'UM 30/03/12 V3 / J&J SERVICIO EN PUERTOS Y TERMINALES ', 'ge-5144.pdf'),
(827, 'GALO-DHLUM', 'GALO-DHLUM', 'Viaje', '5160', '2012-04-02', '2012-04', '2012-14', 'SNT3945', '', 'Local - NL', '3.5 TON SECO', 'AMT', 'Liberado', '', '2012-04-02', '2012-04-02', 0.00, 669.00, 0.00, 0.00, 0.00, 0.00, 0.00, 0.00, 74.00, 0.00, 595.00, 95.20, 23.80, 666.40, 669.00, 0.00, 0.00, 0.00, 0.00, 0.00, 0.00, 74.00, 0.00, 595.00, 95.20, 23.80, 666.40, 0, 0, 0, 0, 0, 0, 0, 0, 0, '  ', 1, 0.00, 0.00, 138, 0, 0, 'UM 02/04/12 V1 / NADRO', 'ge-5160.pdf'),
(828, 'GALO-DHLUM', 'GALO-DHLUM', 'Viaje', '5166', '2012-04-03', '2012-04', '2012-14', 'SNT3945', '', 'Local - NL', '3.5 TON SECO', 'HERGRA', 'Liberado', '', '2012-04-03', '2012-04-03', 0.00, 669.00, 0.00, 0.00, 0.00, 0.00, 0.00, 0.00, 74.00, 0.00, 595.00, 95.20, 23.80, 666.40, 669.00, 0.00, 0.00, 0.00, 0.00, 0.00, 0.00, 74.00, 0.00, 595.00, 95.20, 23.80, 666.40, 0, 0, 0, 0, 0, 0, 0, 0, 0, '  DE LA Guia 8713022570 Fac. 83465789 hay unos rechazos\r\n\r\n5 pzas de SABRIL 500 MG CJA 60 COMPRIMIDOS VT TI Codigo 6064932 Lote 2039  produc', 67, 0.00, 0.00, 138, 0, 0, 'UM 03/04/12 V3 / FARMACIAS BENAVIDES', 'ge-5166.pdf'),
(829, 'GALO-DHLUM', 'GALO-DHLUM', 'Viaje', '5170', '2012-04-04', '2012-04', '2012-14', 'SNT3945', '', 'Local - NL', '3.5 TON SECO', 'HERGRA', 'Liberado', '', '2012-04-04', '2012-04-04', 0.00, 669.00, 0.00, 0.00, 0.00, 0.00, 0.00, 0.00, 74.00, 0.00, 595.00, 95.20, 23.80, 666.40, 669.00, 0.00, 0.00, 0.00, 0.00, 0.00, 0.00, 74.00, 0.00, 595.00, 95.20, 23.80, 666.40, 0, 0, 0, 0, 0, 0, 0, 0, 0, '  ', 3, 0.00, 0.00, 138, 0, 0, 'UM 04/04/12 V1 / NADRO', 'ge-5170.pdf'),
(830, 'GALO-DHLSL', 'GALO-DHLSL', 'Viaje', '5201', '2012-04-11', '2012-04', '2012-15', 'SNT3945', '', 'Cd. Victoria - Tamp', 'NISSAN SECO', 'HERGRA', 'Liberado', '', '2012-04-12', '2012-04-12', 0.00, 2062.00, 0.00, 0.00, 0.00, 367.00, 0.00, 0.00, 267.00, 0.00, 2162.00, 345.92, 86.48, 2421.44, 2062.00, 0.00, 0.00, 0.00, 367.00, 0.00, 0.00, 267.00, 0.00, 2162.00, 345.92, 86.48, 2421.44, 0, 0, 0, 0, 0, 0, 0, 0, 0, '   ', 1, 0.00, 0.00, 624, 0, 1, 'UNISYS / Recoleccion UNISYS  UN16725-REC', 'ge-5201.pdf'),
(831, 'GALO-DHLUM', 'GALO-DHLUM', 'Viaje', '5204', '2012-04-12', '2012-04', '2012-15', 'SNT3945', '', 'Local - NL', '3.5 TON SECO', 'AMT', 'Liberado', '', '2012-04-12', '2012-04-12', 0.00, 669.00, 0.00, 0.00, 0.00, 0.00, 0.00, 0.00, 74.00, 0.00, 595.00, 95.20, 23.80, 666.40, 669.00, 0.00, 0.00, 0.00, 0.00, 0.00, 0.00, 74.00, 0.00, 595.00, 95.20, 23.80, 666.40, 0, 0, 0, 0, 0, 0, 0, 0, 0, '  ', 2, 0.00, 0.00, 138, 0, 0, 'UM 12/04/12 V2 / ALMACEN DE DROGAS', 'ge-5204.pdf'),
(832, 'GALO-DHLUM', 'GALO-DHLUM', 'Viaje', '5215', '2012-04-14', '2012-04', '2012-16', 'SNT3945', '', 'Local - NL', '3.5 TON SECO', 'HERGRA', 'Liberado', '', '2012-04-14', '2012-04-14', 0.00, 669.00, 0.00, 0.00, 0.00, 0.00, 0.00, 0.00, 74.00, 0.00, 595.00, 95.20, 23.80, 666.40, 669.00, 0.00, 0.00, 0.00, 0.00, 0.00, 0.00, 74.00, 0.00, 595.00, 95.20, 23.80, 666.40, 0, 0, 0, 0, 0, 0, 0, 0, 0, '  ', 37, 0.00, 0.00, 138, 0, 0, 'UM 14/04/12 V1 / FARMACIAS BENAVIDES Hay un rechazo de 100 pzas de CEFABIOT INY 750 mg /3 ml x 1 AMP VT Codigo 6204958 Lote BN9471 por baja ', 'ge-5215.pdf'),
(833, 'GALO-DHLUM', 'GALO-DHLUM', 'Viaje', '5221', '2012-04-16', '2012-04', '2012-16', 'SNT3945', '', 'Local - NL', '3.5 TON SECO', 'AMT', 'Liberado', '', '2012-04-16', '2012-04-16', 0.00, 669.00, 0.00, 0.00, 0.00, 0.00, 0.00, 0.00, 74.00, 0.00, 595.00, 95.20, 23.80, 666.40, 669.00, 0.00, 0.00, 0.00, 0.00, 0.00, 0.00, 74.00, 0.00, 595.00, 95.20, 23.80, 666.40, 0, 0, 0, 0, 0, 0, 0, 0, 0, '   PARA EFECTOS DE DHL EL VIAJE LO HIZO RICARDO HERNANDEZ ', 1, 0.00, 0.00, 138, 0, 0, '16/04/12 V3 / ALMACEN DE DROGAS\r\n', 'ge-5221.pdf'),
(834, 'GALO-DHLUM', 'GALO-DHLUM', 'Viaje', '5223', '2012-04-16', '2012-04', '2012-16', 'SNT3945', '', 'Local - NL', '3.5 TON SECO', 'HERGRA', 'Liberado', '', '2012-04-16', '2012-04-16', 0.00, 669.00, 0.00, 0.00, 0.00, 0.00, 0.00, 0.00, 74.00, 0.00, 595.00, 95.20, 23.80, 666.40, 669.00, 0.00, 0.00, 0.00, 0.00, 0.00, 0.00, 74.00, 0.00, 595.00, 95.20, 23.80, 666.40, 0, 0, 0, 0, 0, 0, 0, 0, 0, '  ', 4, 0.00, 0.00, 138, 0, 0, '16/04/12 V5 / FARMACIAS BENAVIDES J&J\r\nHay un rechazo de 4pzas de OTULTRA2 SYSTEM MG LAM Codigo 02127401 Lote Y1201105X  Guia 9619966930 Fac', 'ge-5223.pdf'),
(835, 'GALO-DHLUM', 'GALO-DHLUM', 'Viaje', '5242', '2012-04-20', '2012-04', '2012-16', 'SNT3945', '', 'Local - NL', '3.5 TON SECO', 'HERGRA', 'Liberado', '', '2012-04-20', '2012-04-20', 0.00, 669.00, 0.00, 0.00, 0.00, 0.00, 0.00, 0.00, 74.00, 0.00, 595.00, 95.20, 23.80, 666.40, 669.00, 0.00, 0.00, 0.00, 0.00, 0.00, 0.00, 74.00, 0.00, 595.00, 95.20, 23.80, 666.40, 0, 0, 0, 0, 0, 0, 0, 0, 0, '  ', 6, 0.00, 0.00, 138, 0, 0, 'UM 20/04/12 V1 / SERVICIO EN PUERTOS Y TERMINALES Hay un rechazo de 2 Pzas de ONE TOUCH ULTRA 50 TIRAS Codigo 02077101 Lote 3285002 Guia 869', 'ge-5242.pdf'),
(836, 'GALO-DHLUM', 'GALO-DHLUM', 'Viaje', '5243', '2012-04-20', '2012-04', '2012-16', 'SNT3945', '', 'Local - NL', '3.5 TON SECO', 'AMT', 'Liberado', '', '2012-04-20', '2012-04-20', 0.00, 669.00, 0.00, 0.00, 0.00, 0.00, 0.00, 0.00, 74.00, 0.00, 595.00, 95.20, 23.80, 666.40, 669.00, 0.00, 0.00, 0.00, 0.00, 0.00, 0.00, 74.00, 0.00, 595.00, 95.20, 23.80, 666.40, 0, 0, 0, 0, 0, 0, 0, 0, 0, ' ', 3, 0.00, 0.00, 0, 0, 0, 'UM 20/04/12 V2 / NADRO', 'ge-5243.pdf'),
(837, 'GALO-DHLUM', 'GALO-DHLUM', 'Viaje', '5256', '2012-04-20', '2012-04', '2012-17', 'SNT3945', '', 'Local - NL', '3.5 TON SECO', 'AMT', 'Liberado', '', '2012-04-20', '2012-04-20', 0.00, 669.00, 0.00, 0.00, 0.00, 0.00, 0.00, 0.00, 74.00, 0.00, 595.00, 95.20, 23.80, 666.40, 669.00, 0.00, 0.00, 0.00, 0.00, 0.00, 0.00, 74.00, 0.00, 595.00, 95.20, 23.80, 666.40, 0, 0, 0, 0, 0, 0, 0, 0, 0, ' ', 5, 0.00, 0.00, 0, 0, 0, 'UM 20/04/12 V5 / NADRO', 'ge-5256.pdf'),
(838, 'GALO-DHLUM', 'GALO-DHLUM', 'Viaje', '5268', '2012-04-24', '2012-04', '2012-17', 'SNT3945', '', 'Local - NL', '3.5 TON SECO', 'HERGRA', 'Liberado', '', '2012-04-24', '2012-04-24', 0.00, 669.00, 0.00, 0.00, 0.00, 0.00, 0.00, 0.00, 74.00, 0.00, 595.00, 95.20, 23.80, 666.40, 669.00, 0.00, 0.00, 0.00, 0.00, 0.00, 0.00, 74.00, 0.00, 595.00, 95.20, 23.80, 666.40, 0, 0, 0, 0, 0, 0, 0, 0, 0, '  ', 3, 0.00, 0.00, 138, 0, 0, 'UM 24/04/12 V1 / FARMACIAS SIMILARES', 'ge-5268.pdf'),
(839, 'GALO-DHLSL', 'GALO-DHLSL', 'Viaje', '5287', '2012-04-25', '2012-04', '2012-17', 'SNT3945', '', 'Cd. Victoria - Tamp', 'NISSAN SECO', 'HERGRA', 'Liberado', '', '2012-04-26', '2012-04-26', 0.00, 2062.00, 0.00, 367.00, 0.00, 0.00, 0.00, 0.00, 227.00, 40.00, 2162.00, 345.92, 73.40, 2434.52, 2062.00, 0.00, 367.00, 0.00, 0.00, 0.00, 0.00, 227.00, 40.00, 2162.00, 345.92, 73.40, 2434.52, 0, 0, 0, 0, 0, 0, 0, 0, 0, '    ', 1, 0.00, 0.00, 618, 0, 0, 'ALCATEL / ALCATEL. FOLIO 5-0904569.001', 'ge-5287.pdf'),
(840, 'GALO-DHLUM', 'GALO-DHLUM', 'Viaje', '5290', '2012-04-26', '2012-04', '2012-17', 'SNT3945', '', 'Local - NL', '3.5 TON SECO', 'HERGRA', 'Liberado', '', '2012-04-26', '2012-04-26', 0.00, 669.00, 0.00, 0.00, 0.00, 0.00, 0.00, 0.00, 74.00, 0.00, 595.00, 95.20, 23.80, 666.40, 669.00, 0.00, 0.00, 0.00, 0.00, 0.00, 0.00, 74.00, 0.00, 595.00, 95.20, 23.80, 666.40, 0, 0, 0, 0, 0, 0, 0, 0, 0, '  ', 2, 0.00, 0.00, 138, 0, 0, 'UM 26/04/12 V1 / CASA MARZAM', 'ge-5290.pdf'),
(841, 'GALO-DHLUM', 'GALO-DHLUM', 'Viaje', '5291', '2012-04-26', '2012-04', '2012-17', 'SNT3945', '', 'Local - NL', '3.5 TON SECO', 'HERGRA', 'Liberado', '', '2012-04-26', '2012-04-26', 0.00, 669.00, 0.00, 0.00, 0.00, 0.00, 0.00, 0.00, 74.00, 0.00, 595.00, 95.20, 23.80, 666.40, 669.00, 0.00, 0.00, 0.00, 0.00, 0.00, 0.00, 74.00, 0.00, 595.00, 95.20, 23.80, 666.40, 0, 0, 0, 0, 0, 0, 0, 0, 0, '  ', 2, 0.00, 0.00, 138, 0, 0, 'UM 26/04/12 V2 / FARMACOS NACIONALES J&J', 'ge-5291.pdf'),
(842, 'GALO-DHLUM', 'GALO-DHLUM', 'Viaje', '5302', '2012-04-27', '2012-04', '2012-17', 'SNT3945', '', 'Local - NL', '3.5 TON SECO', 'HERGRA', 'Liberado', '', '2012-04-27', '2012-04-27', 0.00, 669.00, 0.00, 0.00, 0.00, 0.00, 0.00, 0.00, 74.00, 0.00, 595.00, 95.20, 23.80, 666.40, 669.00, 0.00, 0.00, 0.00, 0.00, 0.00, 0.00, 74.00, 0.00, 595.00, 95.20, 23.80, 666.40, 0, 0, 0, 0, 0, 0, 0, 0, 0, '   ', 20, 0.00, 0.00, 138, 0, 0, 'UM 27/04/12 V1 / FARMACIAS BENAVIDES De la Guia 8696817975 Fac. 83500873  hay los siguientes rechazos\r\n\r\nHay un rechazo de 1 pza de LOPRESOR', 'ge-5302.pdf'),
(843, 'GALO-DHLUM', 'GALO-DHLUM', 'Viaje', '5338', '2012-05-02', '2012-05', '2012-18', 'SNT3945', '', 'Local - NL', '3.5 TON SECO', 'HERGRA', 'Liberado', '', '2012-05-02', '2012-05-02', 0.00, 669.00, 0.00, 0.00, 0.00, 0.00, 0.00, 0.00, 74.00, 0.00, 595.00, 95.20, 23.80, 666.40, 669.00, 0.00, 0.00, 0.00, 0.00, 0.00, 0.00, 74.00, 0.00, 595.00, 95.20, 23.80, 666.40, 0, 0, 0, 0, 0, 0, 0, 0, 0, '  ', 6, 0.00, 0.00, 144, 0, 1, 'UM 02/05/12 V1 / ', 'ge-5338.pdf'),
(844, 'GALO-DHLSL', 'GALO-DHLSL', 'Viaje', '5358', '2012-05-03', '2012-05', '2012-18', 'SNT3945', '', 'Monclova - Coah', 'NISSAN SECO', 'HERGRA', 'Liberado', '', '2012-05-04', '2012-05-04', 0.00, 1440.50, 0.00, 0.00, 0.00, 367.00, 0.00, 0.00, 198.50, 0.00, 1609.00, 257.44, 64.36, 1802.08, 1440.50, 0.00, 0.00, 0.00, 367.00, 0.00, 0.00, 198.50, 0.00, 1609.00, 257.44, 64.36, 1802.08, 0, 0, 0, 0, 0, 0, 0, 0, 0, '        ', 1, 0.00, 0.00, 452, 0, 0, ' Avaya / Anaya\r\nRED UNO -ICA DANIEL AHMSA\r\nORDEN 30085169', 'ge-5358.pdf'),
(845, 'GALO-DHLUM', 'GALO-DHLUM', 'Viaje', '5382', '2012-05-09', '2012-05', '2012-19', 'AMT-LOBO', '', 'Local - NL', '3.5 TON SECO', 'AMT', 'Liberado', '', '2012-05-09', '2012-05-09', 0.00, 669.00, 0.00, 0.00, 0.00, 0.00, 0.00, 0.00, 74.00, 0.00, 595.00, 95.20, 23.80, 666.40, 669.00, 0.00, 0.00, 0.00, 0.00, 0.00, 0.00, 74.00, 0.00, 595.00, 95.20, 23.80, 666.40, 0, 0, 0, 0, 0, 0, 0, 0, 0, '  ', 5, 0.00, 0.00, 138, 0, 0, 'UM 09/05/12 V2 / ALMACEN DE DROGAS', 'ge-5382.pdf'),
(846, 'GALO-DHLUM', 'GALO-DHLUM', 'Viaje', '5397', '2012-05-11', '2012-05', '2012-19', 'SNT3945', '', 'Local - NL', '3.5 TON SECO', 'AMT', 'Liberado', '', '0000-00-00', '2012-05-11', 0.00, 669.00, 0.00, 0.00, 0.00, 0.00, 0.00, 0.00, 74.00, 0.00, 595.00, 95.20, 23.80, 666.40, 669.00, 0.00, 0.00, 0.00, 0.00, 0.00, 0.00, 74.00, 0.00, 595.00, 95.20, 23.80, 666.40, 0, 0, 0, 0, 0, 0, 0, 0, 0, '    ', 6, 0.00, 0.00, 138, 0, 0, 'UM 11/05/12 V2 / CASA MARZAM', 'ge-5397.pdf'),
(847, 'GALO-DHLUM', 'GALO-DHLUM', 'Viaje', '5412', '2012-05-15', '2012-05', '2012-20', 'SNT3945', '', 'Local - NL', '3.5 TON SECO', 'HERGRA', 'Liberado', '', '0000-00-00', '2012-05-15', 0.00, 669.00, 0.00, 0.00, 0.00, 0.00, 0.00, 0.00, 74.00, 0.00, 595.00, 95.20, 23.80, 666.40, 669.00, 0.00, 0.00, 0.00, 0.00, 0.00, 0.00, 74.00, 0.00, 595.00, 95.20, 23.80, 666.40, 0, 0, 0, 0, 0, 0, 0, 0, 0, '  ', 5, 0.00, 0.00, 138, 0, 0, 'UM 15/05/12 V2 / FARMACIAS SIMILARES Y NADRO', 'ge-5412.pdf'),
(848, 'GALO-DHLUM', 'GALO-DHLUM', 'Viaje', '5428', '2012-05-16', '2012-05', '2012-20', 'SNT3945', '', 'Local - NL', '3.5 TON SECO', 'HERGRA', 'Liberado', '', '0000-00-00', '2012-05-16', 0.00, 669.00, 0.00, 0.00, 0.00, 0.00, 0.00, 0.00, 74.00, 0.00, 595.00, 95.20, 23.80, 666.40, 669.00, 0.00, 0.00, 0.00, 0.00, 0.00, 0.00, 74.00, 0.00, 595.00, 95.20, 23.80, 666.40, 0, 0, 0, 0, 0, 0, 0, 0, 0, ' Hay un rechazo de 3 pzas de ONETOUCH ULTRA TEST STRIPS (50) Codigo 02077101 Lote 3296980 corrugado daÃ±ado \r\nY 2 pzas de ONETOUCH ULTRA TES', 3, 0.00, 0.00, 138, 0, 0, 'UM 16/05/12 V1 / FARMACIAS BENAVIDES', 'ge-5428.pdf'),
(849, 'GALO-DHLUM', 'GALO-DHLUM', 'Viaje', '5434', '2012-05-17', '2012-05', '2012-20', 'SNT3945', '', 'Local - NL', '3.5 TON SECO', 'HERGRA', 'Liberado', '', '2012-05-17', '2012-05-17', 0.00, 669.00, 0.00, 0.00, 0.00, 0.00, 0.00, 0.00, 74.00, 0.00, 595.00, 95.20, 23.80, 666.40, 669.00, 0.00, 0.00, 0.00, 0.00, 0.00, 0.00, 74.00, 0.00, 595.00, 95.20, 23.80, 666.40, 0, 0, 0, 0, 0, 0, 0, 0, 0, '   ', 5, 0.00, 0.00, 138, 0, 0, 'UM 17/05/12 V2 / CASA MARZAM', 'ge-5434(1).pdf'),
(850, 'GALO-DHLUM', 'GALO-DHLUM', 'Viaje', '5441', '2012-05-18', '2012-05', '2012-20', 'AMT-LOBO', '', 'Local - NL', '3.5 TON SECO', 'AMT', 'Liberado', '', '2012-05-18', '2012-05-18', 0.00, 669.00, 0.00, 0.00, 0.00, 0.00, 0.00, 0.00, 74.00, 0.00, 595.00, 95.20, 23.80, 666.40, 669.00, 0.00, 0.00, 0.00, 0.00, 0.00, 0.00, 74.00, 0.00, 595.00, 95.20, 23.80, 666.40, 0, 0, 0, 0, 0, 0, 0, 0, 0, '  ', 3, 0.00, 0.00, 138, 0, 0, 'UM 18/05/12 V3 / FARMACIAS SIMILARES', 'ge-5441.pdf'),
(851, 'GALO-DHLUM', 'GALO-DHLUM', 'Viaje', '5442', '2012-05-18', '2012-05', '2012-20', 'SNT3945', '', 'Local - NL', '3.5 TON SECO', 'HERGRA', 'Liberado', '', '0000-00-00', '2012-05-18', 0.00, 669.00, 0.00, 0.00, 0.00, 0.00, 0.00, 0.00, 74.00, 0.00, 595.00, 95.20, 23.80, 666.40, 669.00, 0.00, 0.00, 0.00, 0.00, 0.00, 0.00, 74.00, 0.00, 595.00, 95.20, 23.80, 666.40, 0, 0, 0, 0, 0, 0, 0, 0, 0, '   ', 4, 0.00, 0.00, 138, 0, 0, 'UM 18/05/12 V4 / NADRO Y CASA MARZAM', 'ge-5442.pdf'),
(852, 'GALO-DHLUM', 'GALO-DHLUM', 'Viaje', '5470', '2012-05-22', '2012-05', '2012-21', 'SNT3945', '', 'Local - NL', '3.5 TON SECO', 'HERGRA', 'Liberado', '', '0000-00-00', '2012-05-22', 0.00, 669.00, 0.00, 0.00, 0.00, 0.00, 0.00, 0.00, 74.00, 0.00, 595.00, 95.20, 23.80, 666.40, 669.00, 0.00, 0.00, 0.00, 0.00, 0.00, 0.00, 74.00, 0.00, 595.00, 95.20, 23.80, 666.40, 0, 0, 0, 0, 0, 0, 0, 0, 0, '     ', 2, 0.00, 0.00, 138, 0, 0, 'UM 22/05/12 V1 / CASA MARZAM,CASA SABA', 'ge-5470.pdf'),
(853, 'GALO-DHLUM', 'GALO-DHLUM', 'Viaje', '5474', '2012-05-23', '2012-05', '2012-21', 'SNT3945', '', 'Local - NL', '3.5 TON SECO', 'HERGRA', 'Liberado', '', '2012-05-23', '2012-05-23', 0.00, 669.00, 0.00, 0.00, 0.00, 0.00, 0.00, 0.00, 74.00, 0.00, 595.00, 95.20, 23.80, 666.40, 669.00, 0.00, 0.00, 0.00, 0.00, 0.00, 0.00, 74.00, 0.00, 595.00, 95.20, 23.80, 666.40, 0, 0, 0, 0, 0, 0, 0, 0, 0, '  ', 5, 0.00, 0.00, 138, 0, 0, 'UM 23/05/12 V1 / FARMACIAS BENAVIDES', 'ge-5474.pdf'),
(854, 'GALO-DHLUM', 'GALO-DHLUM', 'Viaje', '5519', '2012-05-24', '2012-05', '2012-21', 'AMT-LOBO', '', 'Local - NL', '3.5 TON SECO', 'AMT', 'Liberado', '', '2012-05-24', '2012-05-24', 0.00, 669.00, 0.00, 0.00, 0.00, 0.00, 0.00, 0.00, 74.00, 0.00, 595.00, 95.20, 23.80, 666.40, 669.00, 0.00, 0.00, 0.00, 0.00, 0.00, 0.00, 74.00, 0.00, 595.00, 95.20, 23.80, 666.40, 0, 0, 0, 0, 0, 0, 0, 0, 0, '  ', 4, 0.00, 0.00, 138, 0, 0, 'UM 24/05/12 V2 / CASA SABA', 'ge-5519.pdf'),
(855, 'GALO-DHLUM', 'GALO-DHLUM', 'Viaje', '5524', '2012-05-25', '2012-05', '2012-21', 'SNT3945', '', 'Local - NL', '3.5 TON SECO', 'HERGRA', 'Liberado', '', '2012-05-25', '2012-05-25', 0.00, 669.00, 0.00, 0.00, 0.00, 0.00, 0.00, 0.00, 74.00, 0.00, 595.00, 95.20, 23.80, 666.40, 669.00, 0.00, 0.00, 0.00, 0.00, 0.00, 0.00, 74.00, 0.00, 595.00, 95.20, 23.80, 666.40, 0, 0, 0, 0, 0, 0, 0, 0, 0, ' Hay un rechazo de 1 pza de ONETOUCH ULTRA TEST STRIPS (25) FOLIO 02116001 LOTE 3295214 DE LA GUIA 6491450825 FAC. 212980 POR CORRUGADO SECU', 2, 0.00, 0.00, 138, 0, 0, 'UM 25/05/12 V1 / SERVICIO EN PUERTOS Y TERMINALES', 'ge-5524.pdf'),
(856, 'GALO-DHLUM', 'GALO-DHLUM', 'Viaje', '5531', '2012-05-24', '2012-05', '2012-22', 'SNT3945', '', 'Local - NL', '3.5 TON SECO', 'HERGRA', 'Liberado', '', '0000-00-00', '2012-05-25', 0.00, 669.00, 0.00, 0.00, 0.00, 0.00, 0.00, 0.00, 74.00, 0.00, 595.00, 95.20, 23.80, 666.40, 669.00, 0.00, 0.00, 0.00, 0.00, 0.00, 0.00, 74.00, 0.00, 595.00, 95.20, 23.80, 666.40, 0, 0, 0, 0, 0, 0, 0, 0, 0, '      ', 3, 0.00, 0.00, 138, 0, 0, '25/05/12 V3 / ALMACEN DE DROGAS', 'ge-5531.pdf');
INSERT INTO `viajes` (`vje_folio_yo_id`, `vje_cliente_princ`, `vje_empresa_id`, `vje_tipo_ingreso`, `vje_folio_cliente`, `vje_fecha_viaje`, `vje_aaaa-mm`, `vje_sem_nomina`, `vje_placas_id`, `vje_xf`, `vje_destino_id`, `vje_tipo_vehiculo_id`, `vje_operador_id`, `vje_status`, `vje_status_xf`, `vje_fecha_evidencias`, `vje_fecha_liberacion`, `vje_precio_unitario`, `vje_flete`, `vje_maniobras`, `vje_estadias`, `vje_autopistas`, `vje_pago_repartos`, `vje_cargos`, `vje_otros`, `vje_comisiones_flete`, `vje_comisiones`, `vje_subtotal`, `vje_iva`, `vje_retencion`, `vje_total`, `vje_pt_flete`, `vje_pt_maniobras`, `vje_pt_estadias`, `vje_pt_autopistas`, `vje_pt_repartos`, `vje_pt_cargos`, `vje_pt_otros`, `vje_pt_comisiones_flete`, `vje_pt_comisiones`, `vje_pt_subtotal`, `vje_pt_iva`, `vje_pt_ret_iva`, `vje_pt_total`, `vje_pt_flete_calc`, `vje_pt_maniobras_calc`, `vje_pt_estadias_calc`, `vje_pt_autopistas_calc`, `vje_pt_repartos_calc`, `vje_pt_cargos_calc`, `vje_pt_otros_calc`, `vje_pt_comisiones_flete_calc`, `vje_pt_comisiones_calc`, `vje_comentarios_pago`, `vje_cajas`, `vje_toneladas`, `vje_m3`, `vje_kms`, `vje_facturas`, `vje_repartos`, `vje_comentarios`, `vje_documento`) VALUES
(857, 'GALO-DHLUM', 'GALO-DHLUM', 'Viaje', '5543', '2012-05-26', '2012-05', '2012-22', 'SNT3945', '', 'Local - NL', '3.5 TON SECO', 'HERGRA', 'Liberado', '', '2012-05-26', '2012-05-26', 0.00, 669.00, 0.00, 0.00, 0.00, 0.00, 0.00, 0.00, 74.00, 0.00, 595.00, 95.20, 23.80, 666.40, 669.00, 0.00, 0.00, 0.00, 0.00, 0.00, 0.00, 74.00, 0.00, 595.00, 95.20, 23.80, 666.40, 0, 0, 0, 0, 0, 0, 0, 0, 0, ' ', 7, 0.00, 0.00, 0, 0, 0, 'UM 26/05/12 V1 / FARMACOS NACIONALESFARMACIAS SIMILARES', 'ge-5543.pdf'),
(858, 'GALO-DHLUM', 'GALO-DHLUM', 'Viaje', '5548', '2012-05-26', '2012-05', '2012-22', 'SNT3945', '', 'Local - NL', '3.5 TON SECO', 'HERGRA', 'Liberado', '', '0000-00-00', '2012-05-26', 0.00, 669.00, 0.00, 0.00, 0.00, 0.00, 0.00, 0.00, 74.00, 0.00, 595.00, 95.20, 23.80, 666.40, 669.00, 0.00, 0.00, 0.00, 0.00, 0.00, 0.00, 74.00, 0.00, 595.00, 95.20, 23.80, 666.40, 0, 0, 0, 0, 0, 0, 0, 0, 0, '  ', 7, 0.00, 0.00, 138, 0, 0, 'UM 28/05/12 V1 / Farmacos Nacionales Sandoz y J&J', NULL),
(859, 'GALO-DHLSL', 'GALO-DHLSL', 'Viaje', '5560', '2012-05-29', '2012-05', '2012-22', 'AMT-LOBO', '', 'Reynosa - Tamp', 'NISSAN SECO', 'AMT', 'Liberado', '', '0000-00-00', '2012-05-29', 0.00, 1243.00, 0.00, 0.00, 0.00, 367.00, 0.00, 0.00, 177.00, 0.00, 1610.00, 257.60, 64.40, 1803.20, 0.00, 0.00, 0.00, 0.00, 0.00, 0.00, 0.00, 0.00, 0.00, 0.00, 0.00, 0.00, 0.00, 1, 1, 1, 1, 1, 1, 1, 0, 0, ' ', 1, 0.00, 0.00, 458, 0, 0, '5560 / Recolecion Don Miguel en Reynosa.  AXA Seguros', NULL),
(860, 'GALO-DHLUM', 'GALO-DHLUM', 'Viaje', '5572', '2012-05-30', '2012-05', '2012-22', 'SNT3945', '', 'Local - NL', '3.5 TON SECO', 'HERGRA', 'Liberado', '', '0000-00-00', '2012-05-30', 0.00, 669.00, 0.00, 0.00, 0.00, 0.00, 0.00, 0.00, 74.00, 0.00, 595.00, 95.20, 23.80, 666.40, 0.00, 0.00, 0.00, 0.00, 0.00, 0.00, 0.00, 0.00, 0.00, 0.00, 0.00, 0.00, 0.00, 1, 1, 1, 1, 1, 1, 1, 0, 0, '  ', 3, 0.00, 0.00, 138, 0, 0, '5572 / ALMACEN DE DROGAS', NULL),
(861, 'AMLD', 'AMLD', 'Servicio', '2012-01 a 2012-03', '2012-03-20', '2012-04', '', 'SERVADM', '', NULL, NULL, NULL, 'Liberado', '', '2012-03-20', '2012-03-20', 0.00, 0.00, NULL, NULL, NULL, NULL, NULL, 36206.90, 0.00, 0.00, 36206.90, 5793.10, NULL, 42000.00, NULL, NULL, NULL, NULL, NULL, NULL, NULL, 0.00, 0.00, NULL, NULL, NULL, NULL, 0, 0, 0, 0, 0, 0, 0, 0, 0, '', 0, NULL, 0.00, NULL, NULL, NULL, 'Servicios Administrativos 2012-01 a 2012-03', NULL),
(862, 'AMLD', 'AMLD', 'Servicio', '2012-04 y 2012-05', '2012-05-20', '2012-05', '', 'SERVADM', '', NULL, NULL, NULL, 'Liberado', '', '2012-05-20', '2012-05-20', 0.00, 0.00, NULL, NULL, NULL, NULL, NULL, 15948.25, 0.00, 0.00, 15948.25, 2551.72, NULL, 18499.97, NULL, NULL, NULL, NULL, NULL, NULL, NULL, 0.00, 0.00, NULL, NULL, NULL, NULL, 0, 0, 0, 0, 0, 0, 0, 0, 0, '', 0, NULL, 0.00, NULL, NULL, NULL, 'Servicios Administrativos 2012-04 y 2012-05 y Bonificacion 2012-01 a 2012-03', NULL),
(863, 'AMLD', 'AMLD', 'Producto', 'MOBYEQOF', '2012-05-25', '2012-05', '', 'SERVADM', '', NULL, NULL, NULL, 'Liberado', '', '2012-05-25', '2012-05-25', 0.00, 0.00, NULL, NULL, NULL, NULL, NULL, 5172.41, 0.00, 0.00, 5172.41, 827.59, NULL, 6000.00, NULL, NULL, NULL, NULL, NULL, NULL, NULL, 0.00, 0.00, NULL, NULL, NULL, NULL, 0, 0, 0, 0, 0, 0, 0, 0, 0, '', 0, NULL, 0.00, NULL, NULL, NULL, 'Mobiliario y Equipo de Oficina', NULL),
(864, 'GALOEXPRESS', 'GALOEXPRESS', 'Producto', 'MOBYEQOF', '2012-05-25', '2012-05', '', 'SERVADM', '', NULL, NULL, NULL, 'Liberado', '', '2012-05-25', '2012-05-25', 0.00, 0.00, NULL, NULL, NULL, NULL, NULL, 17241.38, 0.00, 0.00, 17241.38, 2758.62, NULL, 20000.00, NULL, NULL, NULL, NULL, NULL, NULL, NULL, 0.00, 0.00, NULL, NULL, NULL, NULL, 0, 0, 0, 0, 0, 0, 0, 0, 0, '', 0, NULL, 0.00, NULL, NULL, NULL, 'Mobiliario y Equipo de Oficina', NULL),
(865, 'GML', 'GML', 'Producto', 'MOBYEQOF', '2012-05-25', '2012-05', '', 'SERVADM', '', NULL, NULL, NULL, 'Liberado', '', '2012-05-25', '2012-05-25', 0.00, 0.00, NULL, NULL, NULL, NULL, NULL, 5172.41, 0.00, 0.00, 5172.41, 827.59, NULL, 6000.00, NULL, NULL, NULL, NULL, NULL, NULL, NULL, 0.00, 0.00, NULL, NULL, NULL, NULL, 0, 0, 0, 0, 0, 0, 0, 0, 0, '', 0, NULL, 0.00, NULL, NULL, NULL, 'Mobiliario y Equipo de Oficina', NULL),
(866, 'MANCERA', 'MANCERA', 'Servicio', 'PENOLES', '2012-05-21', '2012-05', '', 'SERVADM', '', NULL, NULL, NULL, 'Liberado', '', '2012-05-21', '2012-05-21', 0.00, 0.00, NULL, NULL, NULL, NULL, NULL, 40000.00, 0.00, 0.00, 40000.00, 6400.00, NULL, 46400.00, NULL, NULL, NULL, NULL, NULL, NULL, NULL, 0.00, 0.00, NULL, NULL, NULL, NULL, 0, 0, 0, 0, 0, 0, 0, 0, 0, '', 0, NULL, 0.00, NULL, NULL, NULL, 'Servcios de Consultoria, Preparacion y revision y presentacion Taller de Logistica Penoles', NULL),
(867, 'GALO-GALO-DHLUM', 'GALO-DHLUM', 'Viaje', '5605', '2012-06-02', '2012-06', '2012-23', 'AMT-LOBO', '', 'Local - NL', '3.5 TON SECO', 'AMT', 'Liberado', '', '0000-00-00', '2012-06-02', 0.00, 669.00, 0.00, 0.00, 0.00, 0.00, 0.00, 0.00, 74.00, 0.00, 595.00, 95.20, 23.80, 666.40, 0.00, 0.00, 0.00, 0.00, 0.00, 0.00, 0.00, 0.00, 0.00, 0.00, 0.00, 0.00, 0.00, 1, 1, 1, 1, 1, 1, 1, 1, 1, ' ', 2, 0.00, 0.00, 138, 0, 0, '5605 / Farmacias Similares.', NULL),
(868, 'GALO-GALO-DHLUM', 'GALO-DHLUM', 'Viaje', '5610', '2012-06-04', '2012-06', '2012-23', 'SNT3945', '', 'Local - NL', '3.5 TON SECO', 'HERGRA', 'Liberado', '', '0000-00-00', '2012-06-04', 0.00, 669.00, 0.00, 0.00, 0.00, 0.00, 0.00, 0.00, 74.00, 0.00, 595.00, 95.20, 23.80, 666.40, 0.00, 0.00, 0.00, 0.00, 0.00, 0.00, 0.00, 0.00, 0.00, 0.00, 0.00, 0.00, 0.00, 1, 1, 1, 1, 1, 1, 1, 1, 1, ' ', 10, 0.00, 0.00, 138, 0, 0, '5610 / ALMACEN DE DROGAS Y CASA MARZAM', NULL),
(869, 'GALO-GALO-DHLUM', 'GALO-DHLUM', 'Viaje', '5615', '2012-06-04', '2012-06', '', 'AMT-LOBO', '', 'Local - NL', '3.5 TON SECO', 'AMT', 'Liberado', '', '0000-00-00', '2012-06-04', 0.00, 669.00, 0.00, 0.00, 0.00, 0.00, 0.00, 0.00, 74.00, 0.00, 595.00, 95.20, 23.80, 666.40, 0.00, 0.00, 0.00, 0.00, 0.00, 0.00, 0.00, 0.00, 0.00, 0.00, 0.00, 0.00, 0.00, 1, 1, 1, 1, 1, 1, 1, 1, 1, ' ', 2, 0.00, 0.00, 138, 0, 0, '5615 / CASA SABA', NULL),
(870, 'GALO-GALO-DHLUM', 'GALO-DHLUM', 'Viaje', '5629', '2012-06-06', '2012-06', '2012-23', 'SNT3945', '', 'Local - NL', '3.5 TON SECO', 'HERGRA', 'Liberado', '', '0000-00-00', '2012-06-06', 0.00, 669.00, 0.00, 0.00, 0.00, 0.00, 0.00, 0.00, 74.00, 0.00, 595.00, 95.20, 23.80, 666.40, 0.00, 0.00, 0.00, 0.00, 0.00, 0.00, 0.00, 0.00, 0.00, 0.00, 0.00, 0.00, 0.00, 1, 1, 1, 1, 1, 1, 1, 1, 1, ' ', 4, 0.00, 0.00, 138, 0, 0, '5629 / NADRO,ALMACEN DE DROGAS', NULL),
(871, 'GALO-GALO-DHLUM', 'GALO-DHLUM', 'Viaje', '5641', '2012-06-07', '2012-06', '2012-23', 'SNT3945', '', 'Local - NL', '3.5 TON SECO', 'HERGRA', 'Liberado', '', '0000-00-00', '2012-06-07', 0.00, 669.00, 0.00, 0.00, 0.00, 0.00, 0.00, 0.00, 74.00, 0.00, 595.00, 95.20, 23.80, 666.40, 0.00, 0.00, 0.00, 0.00, 0.00, 0.00, 0.00, 0.00, 0.00, 0.00, 0.00, 0.00, 0.00, 1, 1, 1, 1, 1, 1, 1, 1, 1, ' ', 1, 0.00, 0.00, 138, 0, 0, '5641 / DALTEM PROVEE NORTE  1 HIELERA', NULL),
(872, 'GALO-GALO-DHLUM', 'GALO-DHLUM', 'Viaje', '5652', '2012-06-08', '2012-06', '2012-23', 'SNT3945', '', 'Local - NL', '3.5 TON SECO', 'HERGRA', 'Liberado', '', '0000-00-00', '2012-06-08', 0.00, 669.00, 0.00, 0.00, 0.00, 0.00, 0.00, 0.00, 74.00, 0.00, 595.00, 95.20, 23.80, 666.40, 0.00, 0.00, 0.00, 0.00, 0.00, 0.00, 0.00, 0.00, 0.00, 0.00, 0.00, 0.00, 0.00, 1, 1, 1, 1, 1, 1, 1, 1, 1, '    ', 3, 0.00, 0.00, 138, 0, 0, '5652 / NADRO, ALMACEN DE DROGAS / EVIDENCIAS: 9833863325', ''),
(873, 'GALO-GALO-DHLUM', 'GALO-DHLUM', 'Viaje', '5683', '2012-06-12', '2012-06', '2012-24', 'SNT3945', '', 'Local - NL', '3.5 TON SECO', 'HERGRA', 'Liberado', '', '0000-00-00', '2012-06-12', 0.00, 669.00, 0.00, 0.00, 0.00, 0.00, 0.00, 0.00, 74.00, 0.00, 595.00, 95.20, 23.80, 666.40, 0.00, 0.00, 0.00, 0.00, 0.00, 0.00, 0.00, 0.00, 0.00, 0.00, 0.00, 0.00, 0.00, 1, 1, 1, 1, 1, 1, 1, 1, 1, '  ', 2, 0.00, 0.00, 138, 0, 0, '5683 / ALMACEN DE DROGAS / EVIDENCIAS: 9833863885', ''),
(874, 'GALO-GALO-DHLUM', 'GALO-DHLUM', 'Viaje', '5690', '2012-06-12', '2012-06', '2012-24', 'SNT3945', '', 'Local - NL', '3.5 TON SECO', 'HERGRA', 'Liberado', '', '0000-00-00', '2012-06-12', 0.00, 669.00, 0.00, 0.00, 0.00, 0.00, 0.00, 0.00, 74.00, 0.00, 595.00, 95.20, 23.80, 666.40, 0.00, 0.00, 0.00, 0.00, 0.00, 0.00, 0.00, 0.00, 0.00, 0.00, 0.00, 0.00, 0.00, 1, 1, 1, 1, 1, 1, 1, 1, 1, '   ', 2, 0.00, 0.00, 138, 0, 0, '5690 / DALTEM PROVEE  1 HIELERAALMACEN DE DROGAS 1 HIELERA / EVIDENCIAS : 9833863885', ''),
(875, 'AMLD', 'AMLD', 'Servicio', '2012-06', '2012-06-13', '2012-06', '', 'SERVADM', '', NULL, NULL, NULL, 'Liberado', '', '2012-06-13', '2012-06-13', 0.00, 0.00, NULL, NULL, NULL, NULL, NULL, 10431.03, 0.00, 0.00, 10431.03, 1668.96, NULL, 12099.99, NULL, NULL, NULL, NULL, NULL, NULL, NULL, 0.00, 0.00, NULL, NULL, NULL, NULL, 0, 0, 0, 0, 0, 0, 0, 0, 0, '', 0, NULL, 0.00, NULL, NULL, NULL, 'Servicios Administrativos 2012-06', NULL),
(876, 'GALO-PORTEO', 'GALO-PORTEO', 'Viaje', '5694', '2012-06-01', '2012-06', '', 'AMT-LOBO', '', 'Linares - NL', 'TORTON SECO', 'AMT', 'CANCELADO', '', '0000-00-00', '2012-06-13', 0.00, 3250.00, 1145.96, 0.00, 0.00, 0.00, 0.00, 0.00, 357.00, -0.04, 4039.00, 646.24, 115.72, 4569.52, 0.00, 0.00, 0.00, 0.00, 0.00, 0.00, 0.00, 0.00, 0.00, 0.00, 0.00, 0.00, 0.00, 1, 1, 1, 1, 1, 1, 1, 1, 1, '  ', 1145, 0.00, 0.00, 290, 0, 1, '5694 / CZ Devolucion Prestamo', ''),
(877, 'GALO-PORTEO', 'GALO-PORTEO', 'Viaje', '5696', '2012-06-01', '2012-06', '', 'AMT-LOBO', '', 'Cd. Victoria - Tamp', 'TORTON SECO', 'AMT', 'CANCELADO', '', '0000-00-00', '0000-00-00', 0.00, 4350.00, 853.50, 256.00, 0.00, 0.00, 0.00, 0.00, 478.00, 27.50, 4954.00, 792.64, 154.88, 5591.76, 0.00, 0.00, 0.00, 0.00, 0.00, 0.00, 0.00, 0.00, 0.00, 0.00, 0.00, 0.00, 0.00, 1, 1, 1, 1, 1, 1, 1, 1, 1, ' ', 853, 0.00, 0.00, 618, 0, 0, '5696 / CZ DEVOLUCION PRESTAMO', ''),
(878, 'GALO-GALO-DHLUM', 'GALO-DHLUM', 'Viaje', '5704', '2012-06-14', '2012-06', '2012-24', 'SNT3945', '', 'Local - NL', '3.5 TON SECO', 'HERGRA', 'Liberado', '', '0000-00-00', '2012-06-14', 0.00, 669.00, 0.00, 0.00, 0.00, 0.00, 0.00, 0.00, 74.00, 0.00, 595.00, 95.20, 23.80, 666.40, 0.00, 0.00, 0.00, 0.00, 0.00, 0.00, 0.00, 0.00, 0.00, 0.00, 0.00, 0.00, 0.00, 1, 1, 1, 1, 1, 1, 1, 1, 1, ' HAY UN RECHAZO DE LA GUIA 3179563085 FAC.83576329 DE 2 PIEZAS DE SERVICEF 250mgSUSX100ml VT (BIO TI Codigo 6064826 Lote BR5537 POR CORRUGAD', 6, 0.00, 0.00, 138, 0, 0, '5704 / NADRO  / EVIDENCIAS : 9833864961', ''),
(879, 'GALO-GALO-DHLUM', 'GALO-DHLUM', 'Viaje', '5710', '2012-06-15', '2012-06', '2012-24', 'AMT-LOBO', '', 'Local - NL', '3.5 TON SECO', 'AMT', 'Liberado', '', '0000-00-00', '2012-06-15', 0.00, 669.00, 0.00, 0.00, 0.00, 0.00, 0.00, 0.00, 74.00, 0.00, 595.00, 95.20, 23.80, 666.40, 0.00, 0.00, 0.00, 0.00, 0.00, 0.00, 0.00, 0.00, 0.00, 0.00, 0.00, 0.00, 0.00, 1, 1, 1, 1, 1, 1, 1, 1, 1, '   De la Guia 3179563240 Fac. 83576413 hay un rechazo de 1 pza de LEVOFLOXACINO TABS 500 MG X7 ( FA ) LOC  Codigo 6255596 Lote CH5354R por c', 4, 0.00, 0.00, 138, 0, 0, '5710 / SERVICIO EN PUERTOS Y TERMINALES / EVIDENCIAS: 9833865510', ''),
(880, 'GALO-GALO-DHLUM', 'GALO-DHLUM', 'Viaje', '5742', '2012-06-19', '2012-06', '2012-25', 'SNT3945', '', 'Local - NL', '3.5 TON SECO', 'HERGRA', 'Liberado', '', '0000-00-00', '2012-06-19', 0.00, 669.00, 0.00, 0.00, 0.00, 0.00, 0.00, 0.00, 74.00, 0.00, 595.00, 95.20, 23.80, 666.40, 0.00, 0.00, 0.00, 0.00, 0.00, 0.00, 0.00, 0.00, 0.00, 0.00, 0.00, 0.00, 0.00, 1, 1, 1, 1, 1, 1, 1, 1, 1, '  / EVIDENCIAS: 5226717812  ', 5, 0.00, 0.00, 138, 0, 0, '5742 / FARMACIAS BENAVIDES\r\nDe la Guia 5195160585 Fac 215753 hay un rechazo de 2 piezas de ONETOUCH ULTRA TEST STRIPS (25) Codigo 02116001 L', ''),
(881, 'GALO-GALO-DHLUM', 'GALO-DHLUM', 'Viaje', '5766', '2012-06-21', '2012-06', '2012-25', 'AMT-LOBO', '', 'Local - NL', '3.5 TON SECO', 'AMT', 'Liberado', '', '0000-00-00', '2012-06-21', 0.00, 669.00, 0.00, 0.00, 0.00, 0.00, 0.00, 0.00, 74.00, 0.00, 595.00, 95.20, 23.80, 666.40, 0.00, 0.00, 0.00, 0.00, 0.00, 0.00, 0.00, 0.00, 0.00, 0.00, 0.00, 0.00, 0.00, 1, 1, 1, 1, 1, 1, 1, 1, 1, '  ', 1, 0.00, 0.00, 138, 0, 0, '5766 / ALMACEN DE DROGAS / EVIDENCIAS: 5226723213', ''),
(882, 'GALO-GALO-DHLUM', 'GALO-DHLUM', 'Viaje', '5784', '2012-06-22', '2012-06', '2012-25', 'SNT3945', '', 'Local - NL', '3.5 TON SECO', 'HERGRA', 'Liberado', '', '0000-00-00', '2012-06-22', 0.00, 669.00, 0.00, 0.00, 0.00, 0.00, 0.00, 0.00, 74.00, 0.00, 595.00, 95.20, 23.80, 666.40, 0.00, 0.00, 0.00, 0.00, 0.00, 0.00, 0.00, 0.00, 0.00, 0.00, 0.00, 0.00, 0.00, 1, 1, 1, 1, 1, 1, 1, 1, 1, '    ', 1, 0.00, 0.00, 138, 0, 0, '5784 / FARMACOS NACIONALES 1 HIELERA / EVIDENCIAS: 9833869124', ''),
(883, 'GALO-GALO-DHLUM', 'GALO-DHLUM', 'Viaje', '5802', '2012-06-26', '2012-06', '2012-26', 'SNT3945', '', 'Local - NL', '3.5 TON SECO', 'HERGRA', 'Liberado', '', '0000-00-00', '2012-06-26', 0.00, 669.00, 0.00, 0.00, 0.00, 0.00, 0.00, 0.00, 74.00, 0.00, 595.00, 95.20, 23.80, 666.40, 0.00, 0.00, 0.00, 0.00, 0.00, 0.00, 0.00, 0.00, 0.00, 0.00, 0.00, 0.00, 0.00, 1, 1, 1, 1, 1, 1, 1, 1, 1, '   ', 1, 0.00, 0.00, 138, 0, 0, '5802 / NADRO,S.A. / EVIDENCIAS: 9094101240', ''),
(884, 'GALO-GALO-DHLUM', 'GALO-DHLUM', 'Viaje', '5826', '2012-06-27', '2012-06', '2012-26', 'SNT3945', '', 'Local - NL', '3.5 TON SECO', 'HERGRA', 'Liberado', '', '0000-00-00', '2012-06-27', 0.00, 669.00, 0.00, 0.00, 0.00, 0.00, 0.00, 0.00, 74.00, 0.00, 595.00, 95.20, 23.80, 666.40, 0.00, 0.00, 0.00, 0.00, 0.00, 0.00, 0.00, 0.00, 0.00, 0.00, 0.00, 0.00, 0.00, 1, 1, 1, 1, 1, 1, 1, 1, 1, '   ', 10, 0.00, 0.00, 138, 0, 0, '5826 / FARMACIAS BENAVIDES / EVIDENCIAS: 9094105871', ''),
(885, 'GALO-GALO-DHLUM', 'GALO-DHLUM', 'Viaje', '5829', '2012-06-28', '2012-06', '2012-26', 'SNT3945', '', 'Local - NL', '3.5 TON SECO', 'HERGRA', 'Liberado', '', '0000-00-00', '2012-06-28', 0.00, 669.00, 0.00, 0.00, 0.00, 0.00, 0.00, 0.00, 74.00, 0.00, 595.00, 95.20, 23.80, 666.40, 0.00, 0.00, 0.00, 0.00, 0.00, 0.00, 0.00, 0.00, 0.00, 0.00, 0.00, 0.00, 0.00, 1, 1, 1, 1, 1, 1, 1, 1, 1, '  ', 1, 0.00, 0.00, 138, 0, 0, '5829 / FARMACOS NACIONALES / EVIDENCIAS: 9094108936', ''),
(886, 'GALO-GALO-DHLUM', 'GALO-DHLUM', 'Viaje', '5831', '2012-06-28', '2012-06', '2012-26', 'SNT3945', '', 'Local - NL', '3.5 TON SECO', 'HERGRA', 'Liberado', '', '0000-00-00', '2012-06-28', 0.00, 669.00, 0.00, 0.00, 0.00, 0.00, 0.00, 0.00, 74.00, 0.00, 595.00, 95.20, 23.80, 666.40, 0.00, 0.00, 0.00, 0.00, 0.00, 0.00, 0.00, 0.00, 0.00, 0.00, 0.00, 0.00, 0.00, 1, 1, 1, 1, 1, 1, 1, 1, 1, ' / EVIDENCIAS: 9094108936   ', 10, 0.00, 0.00, 138, 0, 0, '5831 / FARMACIAS BENAVIDES De la Guia 5195164763 Fac. 217271 hay un rechazo de 4 pzas de KIT OT ULTRA MINI VERDE Codigo 02183901 Lote R12051', ''),
(887, 'GALO-GALO-DHLUM', 'GALO-DHLUM', 'Viaje', '5837', '2012-06-29', '2012-06', '2012-26', 'SNT3945', '', 'Local - NL', '3.5 TON SECO', 'HERGRA', 'Liberado', '', '0000-00-00', '2012-06-29', 0.00, 669.00, 0.00, 0.00, 0.00, 0.00, 0.00, 0.00, 74.00, 0.00, 595.00, 95.20, 23.80, 666.40, 0.00, 0.00, 0.00, 0.00, 0.00, 0.00, 0.00, 0.00, 0.00, 0.00, 0.00, 0.00, 0.00, 1, 1, 1, 1, 1, 1, 1, 1, 1, '  ', 5, 0.00, 0.00, 138, 0, 0, '5837 / FARMACIAS SIMILARES, SERVICIO EN PUERTOS / EVIDENCIAS: 9094108936', ''),
(888, 'GALO-GALO-DHLUM', 'GALO-DHLUM', 'Viaje', '5859', '2012-06-30', '2012-06', '2012-27', 'SNT3945', '', 'Local - NL', '3.5 TON SECO', 'HERGRA', 'Liberado', '', '0000-00-00', '2012-06-30', 0.00, 669.00, 0.00, 0.00, 0.00, 0.00, 0.00, 0.00, 74.00, 0.00, 595.00, 95.20, 23.80, 666.40, 0.00, 0.00, 0.00, 0.00, 0.00, 0.00, 0.00, 0.00, 0.00, 0.00, 0.00, 0.00, 0.00, 1, 1, 1, 1, 1, 1, 1, 1, 1, '    ', 2, 0.00, 0.00, 138, 0, 0, '5859 / FARMACOS NACIONALES / EVIDENCIAS: 9094113722', ''),
(889, 'GALO-GALO-DHLUM', 'GALO-DHLUM', 'Viaje', '5860', '2012-06-30', '2012-06', '2012-27', 'AMT-LOBO', '', 'Local - NL', '3.5 TON SECO', 'AMT', 'Liberado', '', '0000-00-00', '2012-06-30', 0.00, 669.00, 0.00, 0.00, 0.00, 0.00, 0.00, 0.00, 74.00, 0.00, 595.00, 95.20, 23.80, 666.40, 0.00, 0.00, 0.00, 0.00, 0.00, 0.00, 0.00, 0.00, 0.00, 0.00, 0.00, 0.00, 0.00, 1, 1, 1, 1, 1, 1, 1, 1, 1, '    ', 1, 0.00, 0.00, 138, 0, 0, '5860 / FARMACIAS DE SIMILARES\r\n/ EVIDENCIAS: 9094113722', ''),
(890, 'GALO-GALO-DHLUM', 'GALO-DHLUM', 'Viaje', '5870', '2012-07-02', '2012-06', '2012-27', 'SNT3945', '', 'Local - NL', '3.5 TON SECO', 'HERGRA', 'Liberado', '', '0000-00-00', '2012-07-02', 0.00, 669.00, 0.00, 0.00, 0.00, 0.00, 0.00, 0.00, 74.00, 0.00, 595.00, 95.20, 23.80, 666.40, 0.00, 0.00, 0.00, 0.00, 0.00, 0.00, 0.00, 0.00, 0.00, 0.00, 0.00, 0.00, 0.00, 1, 1, 1, 1, 1, 1, 1, 1, 1, '       ', 1, 0.00, 0.00, 138, 0, 0, '5870 / CASA MARZAM\r\n/ EVIDENCIAS: 9094113722', ''),
(891, 'GALO-GALO-DHLUM', 'GALO-DHLUM', 'Viaje', '5882', '2012-07-03', '2012-07', '2012-27', 'SNT3945', '', 'Local - NL', '3.5 TON SECO', 'HERGRA', 'Liberado', '', '0000-00-00', '2012-07-03', 0.00, 669.00, 0.00, 0.00, 0.00, 0.00, 0.00, 0.00, 74.00, 0.00, 595.00, 95.20, 23.80, 666.40, 0.00, 0.00, 0.00, 0.00, 0.00, 0.00, 0.00, 0.00, 0.00, 0.00, 0.00, 0.00, 0.00, 1, 1, 1, 1, 1, 1, 1, 1, 1, '  ', 3, 0.00, 0.00, 138, 0, 0, '5882 / ALMACEN DE DROGAS / EVIDENCIAS: 9094116124', ''),
(892, 'GALO-GALO-DHLUM', 'GALO-DHLUM', 'Viaje', '5901', '2012-07-05', '2012-07', '2012-27', 'SNT3945', '', 'Local - NL', '3.5 TON SECO', 'HERGRA', 'Liberado', '', '0000-00-00', '2012-07-05', 0.00, 669.00, 0.00, 0.00, 0.00, 0.00, 0.00, 0.00, 74.00, 0.00, 595.00, 95.20, 23.80, 666.40, 0.00, 0.00, 0.00, 0.00, 0.00, 0.00, 0.00, 0.00, 0.00, 0.00, 0.00, 0.00, 0.00, 1, 1, 1, 1, 1, 1, 1, 1, 1, '   / EVIDENCIAS: 5347047252\r\nDEL RECHAZO / EVIDENCIAS: 5347047241 ', 7, 0.00, 0.00, 138, 0, 0, '5901 / FARMACIAS BENAVIDESDe la Guia 9016041591 Fac. 83607919 hay un rechazo de 1 caja con 60 pzas de HIGROTONBLOK 50/12,5 mg X28 TAB VT REL', ''),
(893, 'GALO-GALO-DHLUM', 'GALO-DHLUM', 'Viaje', '5911', '2012-07-06', '2012-07', '2012-27', 'SNT3945', '', 'Local - NL', '3.5 TON SECO', 'HERGRA', 'Liberado', '', '0000-00-00', '2012-07-06', 0.00, 669.00, 0.00, 0.00, 0.00, 0.00, 0.00, 0.00, 74.00, 0.00, 595.00, 95.20, 23.80, 666.40, 0.00, 0.00, 0.00, 0.00, 0.00, 0.00, 0.00, 0.00, 0.00, 0.00, 0.00, 0.00, 0.00, 1, 1, 1, 1, 1, 1, 1, 1, 1, '  ', 1, 0.00, 0.00, 138, 0, 0, '5911 / SERVICIO EN PUERTOS Y TERMINALES / EVIDENCIAS: 5347047252', ''),
(894, 'GALO-GALO-DHLUM', 'GALO-DHLUM', 'Viaje', '5914', '2012-07-07', '2012-07', '2012-27', 'SNT3945', '', 'Local - NL', '3.5 TON SECO', 'HERGRA', 'Liberado', '', '0000-00-00', '2012-07-07', 0.00, 669.00, 0.00, 0.00, 0.00, 0.00, 0.00, 0.00, 74.00, 0.00, 595.00, 95.20, 23.80, 666.40, 0.00, 0.00, 0.00, 0.00, 0.00, 0.00, 0.00, 0.00, 0.00, 0.00, 0.00, 0.00, 0.00, 1, 1, 1, 1, 1, 1, 1, 1, 1, ' / EVIDENCIAS: 9094125806   ', 20, 0.00, 0.00, 138, 0, 0, '5914 / FARMACIAS BENAVIDES En la Guia 9016042243  de la Fac.83612675 hay dos rechazos de\r\n3 pzas de LOPRESOR-R 95mg 20 TAB VT RE LOC SDZ  Co', ''),
(895, 'GALO-GALO-DHLUM', 'GALO-DHLUM', 'Viaje', '5916', '2012-07-09', '2012-07', '2012-28', 'SNT3945', '', 'Local - NL', '3.5 TON SECO', 'HERGRA', 'Liberado', '', '0000-00-00', '2012-07-09', 0.00, 669.00, 0.00, 0.00, 0.00, 0.00, 0.00, 0.00, 74.00, 0.00, 595.00, 95.20, 23.80, 666.40, 0.00, 0.00, 0.00, 0.00, 0.00, 0.00, 0.00, 0.00, 0.00, 0.00, 0.00, 0.00, 0.00, 1, 1, 1, 1, 1, 1, 1, 1, 1, '   ', 3, 0.00, 0.00, 138, 0, 0, '5916 / FARMACOS NACIONALES / EVIDENCIAS: 9094125806', ''),
(896, 'GALO-GALO-DHLSL', 'GALO-DHLSL', 'Viaje', '5941', '2012-07-11', '2012-07', '2012-28', 'SNT3945', '', 'Torreon - Coah', 'NISSAN SECO', 'HERGRA', 'Liberado', '', '0000-00-00', '0000-00-00', 0.00, 1988.80, 0.00, 367.00, 762.93, 0.00, 0.00, 0.00, 218.80, 123.93, 2776.00, 444.16, 70.80, 3149.36, 0.00, 0.00, 0.00, 0.00, 0.00, 0.00, 0.00, 0.00, 0.00, 0.00, 0.00, 0.00, 0.00, 1, 1, 1, 1, 1, 1, 1, 1, 1, '      ', 0, 0.00, 0.00, 728, 0, 1, '5941 / AXA SEeguros HSPITAL ANGELES TORREON\r\nGUIA UN17869-REC UN17870-ENT', ''),
(897, 'GALO-GALO-DHLUM', 'GALO-DHLUM', 'Viaje', '5948', '2012-07-12', '2012-07', '2012-28', 'SNT3945', '', 'Local - NL', '3.5 TON SECO', 'HERGRA', 'Liberado', '', '0000-00-00', '2012-07-12', 0.00, 669.00, 0.00, 0.00, 0.00, 0.00, 0.00, 0.00, 74.00, 0.00, 595.00, 95.20, 23.80, 666.40, 0.00, 0.00, 0.00, 0.00, 0.00, 0.00, 0.00, 0.00, 0.00, 0.00, 0.00, 0.00, 0.00, 1, 1, 1, 1, 1, 1, 1, 1, 1, '   ', 5, 0.00, 0.00, 138, 0, 0, '5948 / FARMACOS NACIONALES / EVIDENCIAS: 9094133580', ''),
(898, 'GALO-GALO-DHLUM', 'GALO-DHLUM', 'Viaje', '5962', '2012-07-13', '2012-07', '2012-28', 'SNT3945', '', 'Local - NL', '3.5 TON SECO', 'HERGRA', 'Liberado', '', '0000-00-00', '2012-07-13', 0.00, 669.00, 0.00, 0.00, 0.00, 0.00, 0.00, 0.00, 74.00, 0.00, 595.00, 95.20, 23.80, 666.40, 0.00, 0.00, 0.00, 0.00, 0.00, 0.00, 0.00, 0.00, 0.00, 0.00, 0.00, 0.00, 0.00, 1, 1, 1, 1, 1, 1, 1, 1, 1, '  / EVIDENCIAS: 9094133580', 4, 0.00, 0.00, 138, 0, 0, '5962 / FARMACIAS SIMILARES Y SERVICIO EN PUERTOS Y TERMINALES', ''),
(899, 'GALO-DHLUM', 'GALO-DHLUM', 'Viaje', '5970', '2012-07-16', '2012-07', '2012-29', 'AMT-LOBO', '', 'Local - NL', '3.5 TON SECO', 'AMT', 'Liberado', '', '0000-00-00', '2012-07-16', 0.00, 669.00, 0.00, 0.00, 0.00, 0.00, 0.00, 0.00, 74.00, 0.00, 595.00, 95.20, 23.80, 666.40, 0.00, 0.00, 0.00, 0.00, 0.00, 0.00, 0.00, 0.00, 0.00, 0.00, 0.00, 0.00, 0.00, 1, 1, 1, 1, 1, 1, 1, 0, 0, '   ', 1, 0.00, 0.00, 138, 0, 0, '5970 / CASA MARZAM /EVIDENCIAS: 5347051360', ''),
(900, 'GALO-GALO-DHLSL', 'GALO-DHLSL', 'Viaje', '6030', '2012-07-25', '2012-07', '2012-30', 'SNT3945', '', 'Reynosa - Tamp', 'NISSAN SECO', 'HERGRA', 'Liberado', '', '0000-00-00', '2012-07-26', 0.00, 1243.00, 0.00, 0.00, 363.78, 0.00, 0.00, 367.00, 137.00, 79.78, 1757.00, 281.12, 44.24, 1993.88, 0.00, 0.00, 0.00, 0.00, 0.00, 0.00, 0.00, 0.00, 0.00, 0.00, 0.00, 0.00, 0.00, 1, 1, 1, 1, 1, 1, 1, 1, 1, '   ', 1, 0.00, 0.00, 458, 0, 0, '6030 / ', ''),
(901, 'AMLD', 'AMLD', 'Servicio', '2012-07', '2012-07-25', '2012-07', '', 'SERVADM', '', NULL, NULL, NULL, 'Liberado', '', '2012-07-25', '2012-07-25', 0.00, 0.00, NULL, NULL, NULL, NULL, NULL, 10431.03, 0.00, 0.00, 10431.03, 1668.96, NULL, 12099.99, NULL, NULL, NULL, NULL, NULL, NULL, NULL, 0.00, 0.00, NULL, NULL, NULL, NULL, 0, 0, 0, 0, 0, 0, 0, 0, 0, '', 0, NULL, 0.00, NULL, NULL, NULL, 'Servicios Administrativos 2012-07', NULL),
(902, 'GALO-DHLUM', 'GALO-DHLUM', 'Viaje', '5351', '2012-05-03', '2012-08', '', 'AMT-LOBO', '', 'Local - NL', '3.5 TON SECO', 'AMT', 'Liberado', '', '0000-00-00', '2012-05-03', 0.00, 669.00, 0.00, 0.00, 0.00, 0.00, 0.00, 0.00, 74.00, 0.00, 595.00, 95.20, 23.80, 666.40, 0.00, 0.00, 0.00, 0.00, 0.00, 0.00, 0.00, 0.00, 0.00, 0.00, 0.00, 0.00, 0.00, 1, 0, 0, 0, 0, 0, 0, 0, 0, '  ', 1, 0.00, 0.00, 138, 0, 0, 'UM 03/05/12 V1', NULL),
(903, 'AMLD', 'AMLD', 'Servicio', 'Serv Adm 2012-08', '2012-09-11', '2012-09', '', 'SERVADM', '', NULL, NULL, NULL, 'Liberado', '', '2012-09-11', '2012-09-11', 0.00, 0.00, NULL, NULL, NULL, NULL, NULL, 9482.76, 0.00, 0.00, 9482.76, 1517.24, NULL, 11000.00, NULL, NULL, NULL, NULL, NULL, NULL, NULL, 0.00, 0.00, NULL, NULL, NULL, NULL, 0, 0, 0, 0, 0, 0, 0, 0, 0, '', 0, NULL, 0.00, NULL, NULL, NULL, 'Servicios Administrativos 2012-08', NULL),
(904, 'AMLD', 'AMLD', 'Servicio', '2012-08 Comp', '2012-10-15', '2012-10', '', 'SERVADM', '', NULL, NULL, NULL, 'Liberado', '', '2012-10-15', '2012-10-15', 0.00, 0.00, NULL, NULL, NULL, NULL, NULL, 948.28, 0.00, 0.00, 948.28, 151.72, NULL, 1100.00, NULL, NULL, NULL, NULL, NULL, NULL, NULL, 0.00, 0.00, NULL, NULL, NULL, NULL, 0, 0, 0, 0, 0, 0, 0, 0, 0, '', 0, NULL, 0.00, NULL, NULL, NULL, 'Complemento Serv Adm 2012-08', NULL),
(905, 'AMLD', 'AMLD', 'Servicio', '2012-09', '2012-10-15', '2012-10', '', 'SERVADM', '', NULL, NULL, NULL, 'Liberado', '', '2012-10-15', '2012-10-15', 0.00, 0.00, NULL, NULL, NULL, NULL, NULL, 10431.03, 0.00, 0.00, 10431.03, 1668.96, NULL, 12099.99, NULL, NULL, NULL, NULL, NULL, NULL, NULL, 0.00, 0.00, NULL, NULL, NULL, NULL, 0, 0, 0, 0, 0, 0, 0, 0, 0, '', 0, NULL, 0.00, NULL, NULL, NULL, 'Servicios Administrativos 2012-09', NULL),
(906, 'AMLD', 'AMLD', 'Servicio', '2012-10', '2012-10-15', '2012-10', '', 'SERVADM', '', NULL, NULL, NULL, 'Liberado', '', '2012-10-15', '2012-10-15', 0.00, 0.00, NULL, NULL, NULL, NULL, NULL, 10431.03, 0.00, 0.00, 10431.03, 1668.96, NULL, 12099.99, NULL, NULL, NULL, NULL, NULL, NULL, NULL, 0.00, 0.00, NULL, NULL, NULL, NULL, 0, 0, 0, 0, 0, 0, 0, 0, 0, '', 0, NULL, 0.00, NULL, NULL, NULL, 'Servicios Administrativos 2012-10', NULL),
(907, 'GALO-GALO-PORTE', 'GALO-PORTEO', 'Viaje', '6983', '2012-11-29', '2012-11', '', 'AMT-LOBO', 'NG', 'Local - NL', '3.5 TON FRIO', 'AMT', 'Liberado', '', '0000-00-00', '0000-00-00', 0.00, 800.00, 0.00, 0.00, 0.00, 200.00, 0.00, 0.00, 110.00, 0.00, 890.00, 142.40, 35.60, 996.80, 0.00, 0.00, 0.00, 0.00, 0.00, 0.00, 0.00, 0.00, 0.00, 0.00, 0.00, 0.00, 0.00, 1, 1, 1, 1, 1, 1, 1, 1, 1, ' ', 1, 0.00, 0.00, 138, 0, 0, '6983 / ', ''),
(908, 'GALO-GALO-PORTE', 'GALO-PORTEO', 'Viaje', '6984', '2012-11-29', '2012-11', '', 'AMT-LOBO', 'NG', 'Local - NL', '3.5 TON FRIO', 'AMT', 'Liberado', '', '0000-00-00', '0000-00-00', 0.00, 800.00, 0.00, 0.00, 0.00, 200.00, 0.00, 0.00, 110.00, 0.00, 890.00, 142.40, 35.60, 996.80, 0.00, 0.00, 0.00, 0.00, 0.00, 0.00, 0.00, 0.00, 0.00, 0.00, 0.00, 0.00, 0.00, 1, 1, 1, 1, 1, 1, 1, 1, 1, ' ', 1, 0.00, 0.00, 138, 0, 0, '6984 / ', ''),
(909, 'GALO-GALO-PORTE', 'GALO-PORTEO', 'Viaje', '6985', '2012-11-29', '2012-11', '', 'AMT-LOBO', 'NG', 'Local - NL', 'TRAILER SECO', 'AMT', 'Liberado', '', '0000-00-00', '0000-00-00', 0.00, 2300.00, 0.00, 0.00, 0.00, 0.00, 0.00, 0.00, 253.00, 0.00, 2047.00, 327.52, 81.88, 2292.64, 0.00, 0.00, 0.00, 0.00, 0.00, 0.00, 0.00, 0.00, 0.00, 0.00, 0.00, 0.00, 0.00, 1, 1, 1, 1, 1, 1, 1, 1, 1, ' ', 1, 0.00, 0.00, 138, 0, 0, '6985 / ', ''),
(910, 'GALO-GALO-PORTE', 'GALO-PORTEO', 'Viaje', '6986', '2012-11-29', '2012-11', '', 'AMT-LOBO', 'NG', 'Local - NL', 'TRAILER FRIO', 'AMT', 'Liberado', '', '0000-00-00', '0000-00-00', 0.00, 2875.00, 0.00, 0.00, 0.00, 0.00, 0.00, 0.00, 316.00, 0.00, 2559.00, 409.44, 102.36, 2866.08, 0.00, 0.00, 0.00, 0.00, 0.00, 0.00, 0.00, 0.00, 0.00, 0.00, 0.00, 0.00, 0.00, 1, 1, 1, 1, 1, 1, 1, 1, 1, ' ', 1, 0.00, 0.00, 138, 0, 0, '6986 / ', ''),
(911, 'GALO-GALO-PORTE', 'GALO-PORTEO', 'Viaje', '6987', '2012-11-29', '2012-11', '', 'AMT-LOBO', 'NG', 'Local - NL', 'TORTON SECO', 'AMT', 'Liberado', '', '0000-00-00', '0000-00-00', 0.00, 1500.00, 0.00, 0.00, 0.00, 200.00, 0.00, 0.00, 187.00, 0.00, 1513.00, 242.08, 60.52, 1694.56, 0.00, 0.00, 0.00, 0.00, 0.00, 0.00, 0.00, 0.00, 0.00, 0.00, 0.00, 0.00, 0.00, 1, 1, 1, 1, 1, 1, 1, 1, 1, ' ', 1, 0.00, 0.00, 138, 0, 0, '6987 / ', ''),
(912, 'GALO-GALO-PORTE', 'GALO-PORTEO', 'Viaje', '6988', '2012-11-29', '2012-11', '', 'AMT-LOBO', 'NG', 'Local - NL', 'TORTON SECO', 'AMT', 'Liberado', '', '0000-00-00', '0000-00-00', 0.00, 1500.00, 0.00, 0.00, 0.00, 200.00, 0.00, 0.00, 187.00, 0.00, 1513.00, 242.08, 60.52, 1694.56, 0.00, 0.00, 0.00, 0.00, 0.00, 0.00, 0.00, 0.00, 0.00, 0.00, 0.00, 0.00, 0.00, 1, 1, 1, 1, 1, 1, 1, 1, 1, ' ', 1, 0.00, 0.00, 138, 0, 0, '6988 / ', ''),
(913, 'GALO-GALO-PORTE', 'GALO-PORTEO', 'Viaje', '6989', '2012-11-29', '2012-11', '', 'AMT-LOBO', 'NG', 'Local - NL', 'TORTON SECO', 'AMT', 'Liberado', '', '0000-00-00', '0000-00-00', 0.00, 1500.00, 0.00, 0.00, 0.00, 200.00, 0.00, 0.00, 187.00, 0.00, 1513.00, 242.08, 60.52, 1694.56, 0.00, 0.00, 0.00, 0.00, 0.00, 0.00, 0.00, 0.00, 0.00, 0.00, 0.00, 0.00, 0.00, 1, 1, 1, 1, 1, 1, 1, 1, 1, ' ', 1, 0.00, 0.00, 138, 0, 0, '6989 / ', ''),
(914, 'GALO-GALO-PORTE', 'GALO-PORTEO', 'Viaje', '6990', '2012-11-29', '2012-11', '', 'AMT-LOBO', 'NG', 'Local - NL', 'TORTON SECO', 'AMT', 'Liberado', '', '0000-00-00', '0000-00-00', 0.00, 1500.00, 0.00, 0.00, 0.00, 200.00, 0.00, 0.00, 187.00, 0.00, 1513.00, 242.08, 60.52, 1694.56, 0.00, 0.00, 0.00, 0.00, 0.00, 0.00, 0.00, 0.00, 0.00, 0.00, 0.00, 0.00, 0.00, 1, 1, 1, 1, 1, 1, 1, 1, 1, ' ', 1, 0.00, 0.00, 138, 0, 0, '6990 / ', ''),
(915, 'GALO-GALO-PORTE', 'GALO-PORTEO', 'Viaje', '6991', '2012-11-29', '2012-11', '', 'AMT-LOBO', 'NG', 'Local - NL', 'TORTON SECO', 'AMT', 'Liberado', '', '0000-00-00', '2012-11-29', 0.00, 1500.00, 0.00, 0.00, 0.00, 200.00, 0.00, 0.00, 187.00, 0.00, 1513.00, 242.08, 60.52, 1694.56, 0.00, 0.00, 0.00, 0.00, 0.00, 0.00, 0.00, 0.00, 0.00, 0.00, 0.00, 0.00, 0.00, 1, 1, 1, 1, 1, 1, 1, 1, 1, '  ', 1, 0.00, 0.00, 138, 0, 0, '6991 / ', ''),
(916, 'GALO-GALO-PORTE', 'GALO-PORTEO', 'Viaje', '6992', '2012-11-29', '2012-11', '', 'AMT-LOBO', 'NG', 'Local - NL', 'TORTON SECO', 'AMT', 'Liberado', '', '0000-00-00', '2012-11-29', 0.00, 1500.00, 0.00, 0.00, 0.00, 200.00, 0.00, 0.00, 187.00, 0.00, 1513.00, 242.08, 60.52, 1694.56, 0.00, 0.00, 0.00, 0.00, 0.00, 0.00, 0.00, 0.00, 0.00, 0.00, 0.00, 0.00, 0.00, 1, 1, 1, 1, 1, 1, 1, 1, 1, '  ', 1, 0.00, 0.00, 138, 0, 0, '6992 / ', '');

-- --------------------------------------------------------

--
-- Table structure for table `yo`
--

CREATE TABLE IF NOT EXISTS `yo` (
  `yo_linea_id` varchar(20) NOT NULL DEFAULT '',
  `yo_razon_social` varchar(50) DEFAULT NULL,
  `yo_domicilio` varchar(50) DEFAULT NULL,
  `yo_num_exterior` int(10) DEFAULT '0',
  `yo_num_interior` int(10) DEFAULT '0',
  `yo_domicilio_1` varchar(50) DEFAULT NULL,
  `yo_ciudad` varchar(30) DEFAULT NULL,
  `yo_estado` varchar(40) DEFAULT NULL,
  `yo_cp` int(5) DEFAULT NULL,
  `yo_telefono` varchar(12) DEFAULT NULL,
  `yo_email` varchar(50) DEFAULT NULL,
  `yo_rfc` varchar(20) DEFAULT NULL,
  `yo_banco` varchar(20) DEFAULT NULL,
  `yo_cuenta_bancaria` varchar(20) DEFAULT NULL,
  `yo_cuenta_clabe` varchar(20) DEFAULT NULL,
  `yo_consecutivo_vje` int(8) DEFAULT NULL,
  `yo_consecutivo_fact` int(6) NOT NULL,
  `yo_serie_fact` varchar(25) NOT NULL,
  `yo_precio_gaslp` decimal(10,2) NOT NULL,
  `yo_precio_diesel` decimal(10,2) NOT NULL,
  `yo_precio_magna` decimal(10,2) NOT NULL,
  `yo_logotipo` varchar(60) NOT NULL,
  `yo_header` varchar(60) NOT NULL,
  `yo_footer` varchar(60) NOT NULL,
  `yo_home` varchar(100) NOT NULL COMMENT 'Link pagina INICIO',
  `yo_viajesiguiente` int(6) NOT NULL,
  `yo_facturasiguiente` int(6) NOT NULL,
  PRIMARY KEY (`yo_linea_id`)
) ENGINE=InnoDB DEFAULT CHARSET=latin1;

--
-- Dumping data for table `yo`
--

INSERT INTO `yo` (`yo_linea_id`, `yo_razon_social`, `yo_domicilio`, `yo_num_exterior`, `yo_num_interior`, `yo_domicilio_1`, `yo_ciudad`, `yo_estado`, `yo_cp`, `yo_telefono`, `yo_email`, `yo_rfc`, `yo_banco`, `yo_cuenta_bancaria`, `yo_cuenta_clabe`, `yo_consecutivo_vje`, `yo_consecutivo_fact`, `yo_serie_fact`, `yo_precio_gaslp`, `yo_precio_diesel`, `yo_precio_magna`, `yo_logotipo`, `yo_header`, `yo_footer`, `yo_home`, `yo_viajesiguiente`, `yo_facturasiguiente`) VALUES
('MOTA', 'Alfonso Juan Montesinos Tamayo', 'Rafael Sancio', 106, 0, 'Residencial Chipinque', 'San Pedro Garza Garcia', 'Nuevo León', 66297, '81 8647-1990', NULL, 'MOTA-690208-ND6', 'BBVA Bancomer', '0100056294', 'XXXXXXXXXXX010005629', 917, 0, '', 5.50, 10.36, 10.00, 'logotipo_Alfonso_Montesinos.jpg', 'Header_Sistema_Galo_AMT.jpg', 'foot1.jpg', 'http://alfonsomontesinos.com.mx/galo/galo-pagoslist.php?psearch=solicitado', 9999, 9999);

--
-- Constraints for dumped tables
--

--
-- Constraints for table `facturas`
--
ALTER TABLE `facturas`
  ADD CONSTRAINT `facturas_ibfk_1` FOREIGN KEY (`fac_empresa_id`) REFERENCES `sub_cliente` (`cli_cliente_id`);

--
-- Constraints for table `operadores`
--
ALTER TABLE `operadores`
  ADD CONSTRAINT `operadores_ibfk_2` FOREIGN KEY (`op_transportista_id`) REFERENCES `transportistas` (`tr_transportista_id`) ON UPDATE CASCADE;

--
-- Constraints for table `pagos`
--
ALTER TABLE `pagos`
  ADD CONSTRAINT `pagos_ibfk_1` FOREIGN KEY (`pag_tipo_id`) REFERENCES `tipo pagos` (`tip_tipo_id`);

--
-- Constraints for table `sub_cliente`
--
ALTER TABLE `sub_cliente`
  ADD CONSTRAINT `sub_cliente_ibfk_1` FOREIGN KEY (`cli_empresa_id`) REFERENCES `cliente` (`ori_empresa_id`) ON UPDATE CASCADE;

--
-- Constraints for table `unidades`
--
ALTER TABLE `unidades`
  ADD CONSTRAINT `unidades_ibfk_1` FOREIGN KEY (`uni_tipo_vehiculo_id`) REFERENCES `tipo_vehiculo` (`veh_tipo_vehiculo_id`),
  ADD CONSTRAINT `unidades_ibfk_3` FOREIGN KEY (`uni_transportista_id`) REFERENCES `transportistas` (`tr_transportista_id`) ON UPDATE CASCADE;

--
-- Constraints for table `viajes`
--
ALTER TABLE `viajes`
  ADD CONSTRAINT `viajes_ibfk_3` FOREIGN KEY (`vje_tipo_vehiculo_id`) REFERENCES `tipo_vehiculo` (`veh_tipo_vehiculo_id`),
  ADD CONSTRAINT `viajes_ibfk_4` FOREIGN KEY (`vje_operador_id`) REFERENCES `operadores` (`op_operador_id`),
  ADD CONSTRAINT `viajes_ibfk_5` FOREIGN KEY (`vje_placas_id`) REFERENCES `unidades` (`uni_placa_id`) ON UPDATE CASCADE;

